V/SmartFaceService - 3rd party pause( 2822): onReceive [android.intent.action.ACTIVITY_STATE/org.sigrok.pulseview/resume]
D/UsbSupplicant(14109): found interesting device UsbDevice[mName=/dev/bus/usb/002/008,mVendorId=2341,mProductId=14465,mClass=255,mSubclass=255,mProtocol=255,mInterfaces=[Landroid.os.Parcelable;@423a17d8]
D/ApplicationPolicy( 2822): isUsbDevicePermittedForPackage vendorId: 2341, productId: 14465, package: org.sigrok.pulseview
D/ApplicationPolicy( 2822): getDevices for package: org.sigrok.pulseview
D/ApplicationPolicy( 2822): getUsbDevicesforDefaultAccessAsUser for package: org.sigrok.pulseview, container: 0, userId: 0
D/UsbSettingsManager( 2822): hasPermission++
D/UsbSettingsManager( 2822): hasPermission: UsbDevice[mName=/dev/bus/usb/002/008,mVendorId=2341,mProductId=14465,mClass=255,mSubclass=255,mProtocol=255,mInterfaces=[Landroid.os.Parcelable;@444c2a60]for null
D/UsbSettingsManager( 2822): requestPermission:/dev/bus/usb/002/008 ,pi PendingIntent{43019b00: PendingIntentRecord{4506e388 org.sigrok.pulseview broadcastIntent}}
D/UsbSettingsManager( 2822): Request Permission for Device vendorId: 2341, productId: 14465, package: org.sigrok.pulseview
V/ApplicationPolicy( 2822): isApplicationStateBlocked userId 0 pkgname com.android.systemui
D/UsbSettingsManager( 2822): hasPermission++
D/UsbSettingsManager( 2822): hasPermission: UsbDevice[mName=/dev/bus/usb/002/008,mVendorId=2341,mProductId=14465,mClass=255,mSubclass=255,mProtocol=255,mInterfaces=[Landroid.os.Parcelable;@4419e1c8]for null
D/UsbSettingsManager( 2822): requestPermission:/dev/bus/usb/002/008 hasn't permissions, request it
D/UsbSettingsManager( 2822): requestPermissionDialog: for org.sigrok.pulseview
D/UsbSettingsManager( 2822): requestPermissionDialog: startActivityAsUser UsbPermissionActivity org.sigrok.pulseview intent Intent { flg=0x10000000 cmp=com.android.systemui/.usb.UsbPermissionActivity (has extras) } mUserUserHandle{0}
D/CustomFrequencyManagerService( 2822): releaseDVFSLockLocked : Getting Lock type frm List : DVFS_MIN_LIMIT frequency : 1800000 uid : 1000 pid : 2822 tag : ACTIVITY_RESUME_BOOSTER@4
D/CustomFrequencyManagerService( 2822): acquireDVFSLockLocked : type : DVFS_MIN_LIMIT frequency : 1800000 uid : 1000 pid : 2822 pkgName : ACTIVITY_RESUME_BOOSTER@4
W/ActivityManager( 2822): mDVFSHelper.acquire()
I/SQLiteSecureOpenHelper( 3992): getWritableDatabase(pwd)
I/SQLiteSecureOpenHelper( 3992): getDatabaseLocked(b,b,pwd)...
D/Activity(14109): setTransGradationMode to true
D/PhoneStatusBar( 3041): setSemiTransparentMode=true, mTransparentMode=false, mSemiTransparentMode=true, mMultiWindowMode=false
D/StatusBarManagerService( 2822): semi p:14109,o:t
I/SurfaceFlinger( 2289): id=4952 createSurf (2560x1438),1 flag=4, TurfaceView
D/KeyguardUpdateMonitor( 3041): sendKeyguardVisibilityChanged(true)
D/KeyguardUpdateMonitor( 3041): handleKeyguardVisibilityChanged(1) V/SmartFaceService - 3rd party pause( 2822): onReceive [android.intent.action.ACTIVITY_STATE/org.sigrok.pulseview/pause]
I/SurfaceFlinger( 2289): id=4953 createSurf (1600x2560),1 flag=4, QulseViewAc
D/KeyguardUpdateMonitor( 3041): sendKeyguardVisibilityChanged(true)
D/KeyguardUpdateMonitor( 3041): handleKeyguardVisibilityChanged(1)
D/mali_winsys(14109): new_window_surface returns 0x3000
D/CustomFrequencyManagerService( 2822): releaseDVFSLockLocked : Getting Lock type frm List : DVFS_MIN_LIMIT frequency : 1700000 uid : 10020 pid : 8194 tag : com.sec.android.app.launcher@1
D/KeyguardUpdateMonitor( 3041): sendKeyguardVisibilityChanged(true)
D/KeyguardUpdateMonitor( 3041): handleKeyguardVisibilityChanged(1)
D/KeyguardUpdateMonitor( 3041): sendKeyguardVisibilityChanged(true)
D/KeyguardUpdateMonitor( 3041): handleKeyguardVisibilityChanged(1)
D/KeyguardUpdateMonitor( 3041): sendKeyguardVisibilityChanged(true)
D/KeyguardUpdateMonitor( 3041): handleKeyguardVisibilityChanged(1)
I/PersonaManager( 3041): getPersonaService() name persona_policy
D/KeyguardUpdateMonitor( 3041): sendKeyguardVisibilityChanged(true)
D/UsbPermissionActivity( 3041): onCreate ++ V/SmartFaceService - 3rd party pause( 2822): onReceive [android.intent.action.ACTIVITY_STATE/com.android.systemui/create]
D/KeyguardUpdateMonitor( 3041): sendKeyguardVisibilityChanged(true)
D/KeyguardUpdateMonitor( 3041): sendKeyguardVisibilityChanged(true)
D/UsbPermissionActivity( 3041): onCreate--
D/StatusBarManagerService( 2822): semi p:3041,o:f
D/KeyguardUpdateMonitor( 3041): handleKeyguardVisibilityChanged(1)
D/KeyguardUpdateMonitor( 3041): sendKeyguardVisibilityChanged(true)
I/SurfaceFlinger( 2289): id=4954 createSurf (1x1),1 flag=4, VsbPermissi
I/SpenGestureManager( 2822): setFocusWindow21075
D/KeyguardUpdateMonitor( 3041): sendKeyguardVisibilityChanged(true)
D/STATUSBAR-StatusBarManagerService( 2822): manageDisableList what=0x0 pkg=WindowManager.LayoutParams
D/KeyguardUpdateMonitor( 3041): sendKeyguardVisibilityChanged(true)
D/PointerIcon( 2822): setMouseIconStyle1 pointerType: 1001iconType:101 flag:0
D/PointerIcon( 2822): setMouseCustomIcon IconType is same.101
D/PointerIcon( 2822): setHoveringSpenIconStyle1 pointerType: 10001iconType:1 flag:0
D/PointerIcon( 2822): setHoveringSpenCustomIcon IconType is same.1
D/mali_winsys( 3041): new_window_surface returns 0x3000
D/KeyguardUpdateMonitor( 3041): sendKeyguardVisibilityChanged(true)
D/KeyguardUpdateMonitor( 3041): handleKeyguardVisibilityChanged(1)
D/KeyguardUpdateMonitor( 3041): handleKeyguardVisibilityChanged(1)
D/PhoneStatusBar( 3041): setSemiTransparentMode=false, mTransparentMode=false, mSemiTransparentMode=false, mMultiWindowMode=false
D/KeyguardUpdateMonitor( 3041): handleKeyguardVisibilityChanged(1)
D/KeyguardUpdateMonitor( 3041): handleKeyguardVisibilityChanged(1)
D/KeyguardUpdateMonitor( 3041): sendKeyguardVisibilityChanged(true)
D/KeyguardUpdateMonitor( 3041): sendKeyguardVisibilityChanged(true)
D/CustomFrequencyManagerService( 2822): releaseDVFSLockLocked : Getting Lock type frm List : DVFS_MIN_LIMIT frequency : 1900000 uid : 10020 pid : 8194 tag : LAUNCHER_APP_BOOSTER_CPU@2914
D/KeyguardUpdateMonitor( 3041): sendKeyguardVisibilityChanged(true)
D/KeyguardUpdateMonitor( 3041): sendKeyguardVisibilityChanged(true)
D/KeyguardUpdateMonitor( 3041): handleKeyguardVisibilityChanged(1)
D/KeyguardUpdateMonitor( 3041): handleKeyguardVisibilityChanged(1)
D/KeyguardUpdateMonitor( 3041): sendKeyguardVisibilityChanged(true)
D/KeyguardUpdateMonitor( 3041): handleKeyguardVisibilityChanged(1)
D/KeyguardUpdateMonitor( 3041): handleKeyguardVisibilityChanged(1)
D/KeyguardUpdateMonitor( 3041): handleKeyguardVisibilityChanged(1)
D/KeyguardUpdateMonitor( 3041): handleKeyguardVisibilityChanged(1)
D/KeyguardUpdateMonitor( 3041): handleKeyguardVisibilityChanged(1)
D/KeyguardUpdateMonitor( 3041): sendKeyguardVisibilityChanged(true)
D/KeyguardUpdateMonitor( 3041): handleKeyguardVisibilityChanged(1)
D/KeyguardUpdateMonitor( 3041): sendKeyguardVisibilityChanged(true)
D/KeyguardUpdateMonitor( 3041): handleKeyguardVisibilityChanged(1)
D/KeyguardUpdateMonitor( 3041): sendKeyguardVisibilityChanged(true)
D/KeyguardUpdateMonitor( 3041): handleKeyguardVisibilityChanged(1)
D/SensorService( 2822): -0.1 0.2 10.0
D/hwcutils( 2289): MppFactory::MppFactory()
D/ ( 2289): virtual LibMpp* MppFactory::CreateMpp(int, int, int, int)(6)
D/libexynosgscaler( 2289): LibMpp::LibMpp()
D/libexynosgscaler( 2289): virtual CGscaler::~CGscaler()
D/libexynosgscaler( 2289): virtual LibMpp::~LibMpp()
D/ ( 2289): virtual MppFactory::~MppFactory()
D/CustomFrequencyManagerService( 2822): releaseDVFSLockLocked : Getting Lock type frm List : DVFS_MIN_LIMIT frequency : 1800000 uid : 1000 pid : 2822 tag : ACTIVITY_RESUME_BOOSTER@4
W/ActivityManager( 2822): mDVFSHelper.release()
D/KeyguardUpdateMonitor( 3041): sendKeyguardVisibilityChanged(true)
D/Launcher.HomeView( 8194): onStop
D/KeyguardUpdateMonitor( 3041): handleKeyguardVisibilityChanged(1)
I/SurfaceFlinger( 2289): id=4949 Removed Mauncher (15/28)
I/SurfaceFlinger( 2289): id=4949 Removed Mauncher (-2/28)
D/CustomFrequencyManagerService( 2822): acquireDVFSLockLocked : type : DVFS_MIN_LIMIT frequency : 1800000 uid : 1000 pid : 2822 pkgName : ACTIVITY_RESUME_BOOSTER@8
D/KeyguardUpdateMonitor( 3041): sendKeyguardVisibilityChanged(true)
D/KeyguardUpdateMonitor( 3041): handleKeyguardVisibilityChanged(1)
D/Launcher( 8194): onTrimMemory. Level: 20
D/KeyguardUpdateMonitor( 3041): sendKeyguardVisibilityChanged(true)
D/KeyguardUpdateMonitor( 3041): handleKeyguardVisibilityChanged(1)
D/CustomFrequencyManagerService( 2822): releaseDVFSLockLocked : Getting Lock type frm List : DVFS_MIN_LIMIT frequency : 1800000 uid : 1000 pid : 2822 tag : ACTIVITY_RESUME_BOOSTER@8
I/display ( 2289): [DYNAMIC_RECOMP] HWC_2_GLES by low FPS(0)
D/AmoledAdjustTimer( 2822): prevTemp = 215, currTemp = 215, prevStep = 4, currStep = 4
D/SSRMv2:SIOP( 2822): SIOP:: AP = 300, Delta = 50
I/display ( 2289): [DYNAMIC_RECOMP] GLES_2_HWC by high FPS(60)
I/display ( 2289): [DYNAMIC_RECOMP] HWC_2_GLES by low FPS(0)
D/InputReader( 2822): Input event: value=1
I/InputReader( 2822): Touch event's action is 0x0 (deviceType=0) [pCnt=1, s=0.15457 ] when=428382156680000
I/InputDispatcher( 2822): Delivering touch to: action: 0x4, toolType: 1
I/InputDispatcher( 2822): Delivering touch to: action: 0x4, toolType: 1
I/InputDispatcher( 2822): Delivering touch to: action: 0x0, toolType: 1
D/InputReader( 2822): Input event: value=0
I/InputReader( 2822): Touch event's action is 0x1 (deviceType=0) [pCnt=1, s=] when=428382244976000
I/InputDispatcher( 2822): Delivering touch to: action: 0x1, toolType: 1
D/UsbPermissionActivity( 3041): onClick++
D/UsbPermissionActivity( 3041): onClick: mPermissionGranted true V/SmartFaceService - 3rd party pause( 2822): onReceive [android.intent.action.ACTIVITY_STATE/com.android.systemui/pause]
I/SQLiteSecureOpenHelper( 3992): getWritableDatabase(pwd)
I/SQLiteSecureOpenHelper( 3992): getDatabaseLocked(b,b,pwd)...
D/CustomFrequencyManagerService( 2822): acquireDVFSLockLocked : type : DVFS_MIN_LIMIT frequency : 1800000 uid : 1000 pid : 2822 pkgName : ACTIVITY_RESUME_BOOSTER@4
W/ActivityManager( 2822): mDVFSHelper.acquire()
D/KeyguardUpdateMonitor( 3041): sendKeyguardVisibilityChanged(true)
I/SpenGestureManager( 2822): setFocusWindow21070
D/KeyguardUpdateMonitor( 3041): sendKeyguardVisibilityChanged(true)
D/PointerIcon( 2822): setMouseIconStyle1 pointerType: 1001iconType:101 flag:0
D/PointerIcon( 2822): setMouseCustomIcon IconType is same.101
D/PointerIcon( 2822): setHoveringSpenIconStyle1 pointerType: 10001iconType:1 flag:0
D/PointerIcon( 2822): setHoveringSpenCustomIcon IconType is same.1
D/STATUSBAR-StatusBarManagerService( 2822): manageDisableList what=0x0 pkg=WindowManager.LayoutParams
D/KeyguardUpdateMonitor( 3041): handleKeyguardVisibilityChanged(1)
D/KeyguardUpdateMonitor( 3041): handleKeyguardVisibilityChanged(1) V/SmartFaceService - 3rd party pause( 2822): onReceive [android.intent.action.ACTIVITY_STATE/org.sigrok.pulseview/resume]
D/StatusBarManagerService( 2822): semi p:14109,o:t
D/Activity(14109): setTransGradationMode to true
D/KeyguardUpdateMonitor( 3041): sendKeyguardVisibilityChanged(true)
W/ContextImpl( 2822): Calling a method in the system process without a qualified user: android.app.ContextImpl.sendBroadcast:1496 com.android.server.InputMethodManagerService$4.run:2689 java.lang.Thread.run:841
D/KeyguardUpdateMonitor( 3041): sendKeyguardVisibilityChanged(true)
D/KeyguardUpdateMonitor( 3041): sendKeyguardVisibilityChanged(true)
D/PhoneStatusBar( 3041): setSemiTransparentMode=true, mTransparentMode=false, mSemiTransparentMode=true, mMultiWindowMode=false
D/KeyguardUpdateMonitor( 3041): handleKeyguardVisibilityChanged(1)
D/KeyguardUpdateMonitor( 3041): handleKeyguardVisibilityChanged(1)
D/KeyguardUpdateMonitor( 3041): handleKeyguardVisibilityChanged(1)
D/UsbPermissionActivity( 3041): onDestroy: mPermissionGranted true
D/UsbPermissionActivity( 3041): onDestroy: before grantDevicePermission
D/UsbPermissionActivity( 3041): onDestroy: after grantDevicePermission
D/UsbSettingsManager( 2822): grantDevicePermission: UsbDevice[mName=/dev/bus/usb/002/008,mVendorId=2341,mProductId=14465,mClass=255,mSubclass=255,mProtocol=255,mInterfaces=[Landroid.os.Parcelable;@4323b7b0] for 10207
D/UsbSettingsManager( 2822): grantDevicePermission: mDevicePermissionMap put UsbDevice[mName=/dev/bus/usb/002/008,mVendorId=2341,mProductId=14465,mClass=255,mSubclass=255,mProtocol=255,mInterfaces=[Landroid.os.Parcelable;@4323b7b0] for {}
D/UsbPermissionActivity( 3041): onDestroy--
D/UsbSupplicant(14109): permission granted for device UsbDevice[mName=/dev/bus/usb/002/008,mVendorId=2341,mProductId=14465,mClass=255,mSubclass=255,mProtocol=255,mInterfaces=[Landroid.os.Parcelable;@423b3388]
D/KeyguardUpdateMonitor( 3041): sendKeyguardVisibilityChanged(true)
I/wpa_supplicant( 8301): nl80211: Received scan results (32 BSSes)
I/wpa_supplicant( 8301): wlan0: Setting scan request: 32 sec 0 usec
D/KeyguardUpdateMonitor( 3041): handleKeyguardVisibilityChanged(1)
I/wpa_supplicant( 8301): wlan0: CTRL-EVENT-NO-CONNECTION
I/wpa_supplicant( 8301): wlan0: Setting scan request: 32 sec 0 usec
D/WifiP2pService( 2822): InactiveState{ what=147461 }
D/WifiP2pService( 2822): P2pEnabledState{ what=147461 }
D/WifiP2pService( 2822): DefaultState{ what=147461 }
D/Tethering( 2822): interfaceLinkStateChanged wlan0, true
D/Tethering( 2822): interfaceStatusChanged wlan0, true
I/display ( 2289): [DYNAMIC_RECOMP] GLES_2_HWC by high FPS(39)
D/hwcutils( 2289): MppFactory::MppFactory()
D/ ( 2289): virtual LibMpp* MppFactory::CreateMpp(int, int, int, int)(6)
D/libexynosgscaler( 2289): LibMpp::LibMpp()
D/libexynosgscaler( 2289): virtual CGscaler::~CGscaler()
D/libexynosgscaler( 2289): virtual LibMpp::~LibMpp()
D/ ( 2289): virtual MppFactory::~MppFactory()
D/CustomFrequencyManagerService( 2822): releaseDVFSLockLocked : Getting Lock type frm List : DVFS_MIN_LIMIT frequency : 1800000 uid : 1000 pid : 2822 tag : ACTIVITY_RESUME_BOOSTER@4
W/ActivityManager( 2822): mDVFSHelper.release()
D/CustomFrequencyManagerService( 2822): acquireDVFSLockLocked : type : DVFS_MIN_LIMIT frequency : 1800000 uid : 1000 pid : 2822 pkgName : ACTIVITY_RESUME_BOOSTER@8
D/KeyguardUpdateMonitor( 3041): sendKeyguardVisibilityChanged(true)
D/KeyguardUpdateMonitor( 3041): handleKeyguardVisibilityChanged(1)
I/SurfaceFlinger( 2289): id=4954 Removed VsbPermissi (24/27)
I/SurfaceFlinger( 2289): id=4954 Removed VsbPermissi (-2/27)
D/KeyguardUpdateMonitor( 3041): sendKeyguardVisibilityChanged(true)
D/KeyguardUpdateMonitor( 3041): handleKeyguardVisibilityChanged(1)
D/CustomFrequencyManagerService( 2822): releaseDVFSLockLocked : Getting Lock type frm List : DVFS_MIN_LIMIT frequency : 1800000 uid : 1000 pid : 2822 tag : ACTIVITY_RESUME_BOOSTER@8
I/display ( 2289): [DYNAMIC_RECOMP] HWC_2_GLES by low FPS(0)
D/SensorService( 2822): -0.1 0.1 10.1
I/ActivityManager( 2822): Killing 6748:com.hancom.androidpc.appwidget/u0a60 (adj 15): empty #44
I/ActivityManager( 2822): Killing 7095:com.android.mms/u0a47 (adj 15): empty #45
D/BatteryService( 2822): level:25, scale:100, status:3, health:2, present:true, voltage: 3668, temperature: 229, technology: Li-ion, AC powered:false, USB powered:false, Wireless powered:false, icon:17303560, invalid charger:0, online:1, current avg:-948, charge type:0, power sharing:false
D/BatteryService( 2822): Sending ACTION_BATTERY_CHANGED.
D/KeyguardUpdateMonitor( 3041): received broadcast android.intent.action.BATTERY_CHANGED
D/KeyguardUpdateMonitor( 3041): handleBatteryUpdate
D/Brightness( 3804): mIntentReceiver.onReceive: action=android.intent.action.BATTERY_CHANGED, intent=Intent { act=android.intent.action.BATTERY_CHANGED flg=0x60000010 (has extras) }
D/STATUSBAR-PhoneStatusBar( 3041): mBrightnessEnablebySettings = true mBrightnessEnablebyBattery = true mBrightnessEnablebyDisableFlag = true mPmsBrightnessEnablebySettings = true
D/MainActivityBaseUi.java( 3804): in brightness disabled on critical battery low
D/STATUSBAR-IconMerger( 3041): checkOverflow(1200), More:false, Req:false Child:3
D/BatteryMeterView( 3041): ACTION_BATTERY_CHANGED : level:25 status:3 health:2
E/Watchdog( 2822): !@Sync 14256
V/AlarmManager( 2822): waitForAlarm result :8
V/AlarmManager( 2822): ClockReceiver onReceive() ACTION_TIME_TICK
D/KeyguardUpdateMonitor( 3041): received broadcast android.intent.action.TIME_TICK
D/KeyguardUpdateMonitor( 3041): handleTimeUpdate
D/STATUSBAR-IconMerger( 3041): checkOverflow(1200), More:false, Req:false Child:3
D/briefing( 5277): [Briefing]>>> BS:181 [0:0] action : androidintentactionTIME_TICK
D/briefing( 5277): [Briefing]>>> B:39 [0:0] action : actionTIME_TICK
D/briefing( 5277): [Briefing]>>> B:52 [0:0] settings CT : androidappReceiverRestrictedContext@422790b8
D/briefing( 5277): [Briefing]>>> UIM:132 [0:0] setContext
D/briefing( 5277): [Briefing]>>> UIM:299 [0:0] isUpdateWidget -> false
D/accuweather( 4542): [AccuTab_Magagine]>>> WCS:171 [0:0] action : androidintentactionTIME_TICK
D/accuweather( 4542): [AccuTab_Magagine]>>> WC:29 [0:0] action : actionTIME_TICK
D/accuweather( 4542): [AccuTab_Magagine]>>> WC:37 [0:0] weather widget id size = 1
D/accuweather( 4542): [AccuTab_Magagine]>>> UIMK:218 [0:0] action:actionTIME_TICK
E/accuweather( 4542): [AccuTab_Magagine]>>> UIMK:1183 [0:0] time : 07:45
E/accuweather( 4542): [AccuTab_Magagine]>>> U:3651 [0:0] This method is only running Activity
D/dalvikvm( 8194): GC_CONCURRENT freed 566K, 36% free 152446K/236320K, paused 6ms+19ms, total 93ms
D/SensorService( 2822): -0.0 0.2 10.0
D/InputReader( 2822): Input event: value=1
I/InputDispatcher( 2822): Delivering key to: action: 0x0 (0)
W/SamsungWindowManager( 2822): voice stream active = false, record thread active = false
I/AudioService( 2822): setRingerMode is called by pid: 14109, uid=10207
I/AudioService( 2822): Ringer mode : vibrate
V/Vibrator( 2822): Called vibrateCall() API - PUID: 1000, PackageName: android, type: 12
V/VibratorService( 2822): Called vibrateCall()!
D/VibratorService( 2822): ImmVibe vibratorOff()
V/VibratorService( 2822): vibrateImmVibe - package: android, type: 12, magnitude: 10000
D/VolumePanel( 2822): change volume by MSG_VOLUME_CHANGED
D/VolumePanel( 2822): onVolumeChanged(streamType: 2, flags: 17)
D/KeyguardUpdateMonitor( 3041): received broadcast android.media.RINGER_MODE_CHANGED
D/KeyguardUpdateMonitor( 3041): handleRingerModeChange(1)
I/AudioService( 2822): getStreamVolume 2 index 10
D/ExtSeekBar( 2822): setProgress = 0
D/ExtSeekBar( 2822): setProgress = 0, fromUser = false, isEnableChangeColor() = false
D/ExtSeekBar( 2822): updateDrawable this.mThumb = android.graphics.drawable.StateListDrawable@4335c3e8, msetDrawable = android.graphics.drawable.LayerDrawable@4312bf20, mOffsetThumb = 36
D/ExtSeekBar( 2822): updateDrawable getProgress() = 0, getMax() = 15GeneralUtil.isTablet() = true
D/ProgressBar( 2822): setProgressDrawable drawableHeight = 14
I/AudioService( 2822): getStreamVolume 2 index 10
I/AudioService( 2822): getStreamVolume 3 index 60
D/ExtSeekBar( 2822): setProgress = 6
D/ExtSeekBar( 2822): setProgress = 6, fromUser = false, isEnableChangeColor() = false
D/ExtSeekBar( 2822): updateDrawable this.mThumb = android.graphics.drawable.StateListDrawable@43165918, msetDrawable = android.graphics.drawable.LayerDrawable@44024b40, mOffsetThumb = 36
D/ExtSeekBar( 2822): updateDrawable getProgress() = 6, getMax() = 15GeneralUtil.isTablet() = true
D/ProgressBar( 2822): setProgressDrawable drawableHeight = 14
D/VolumePanel( 2822): addOtherVolumes stream : 3
I/AudioService( 2822): getStreamVolume 5 index 70
D/ExtSeekBar( 2822): setProgress = 0
D/ExtSeekBar( 2822): setProgress = 0, fromUser = false, isEnableChangeColor() = false
D/ExtSeekBar( 2822): updateDrawable this.mThumb = android.graphics.drawable.StateListDrawable@4251f9f8, msetDrawable = android.graphics.drawable.LayerDrawable@42d45f28, mOffsetThumb = 36
D/ExtSeekBar( 2822): updateDrawable getProgress() = 0, getMax() = 15GeneralUtil.isTablet() = true
D/ProgressBar( 2822): setProgressDrawable drawableHeight = 14
D/VolumePanel( 2822): addOtherVolumes stream : 5
I/AudioService( 2822): getStreamVolume 1 index 110
D/ExtSeekBar( 2822): setProgress = 0
D/ExtSeekBar( 2822): setProgress = 0, fromUser = false, isEnableChangeColor() = false
D/ExtSeekBar( 2822): updateDrawable this.mThumb = android.graphics.drawable.StateListDrawable@4323bf58, msetDrawable = android.graphics.drawable.LayerDrawable@430e3d88, mOffsetThumb = 36
D/ExtSeekBar( 2822): updateDrawable getProgress() = 0, getMax() = 15GeneralUtil.isTablet() = true
D/ProgressBar( 2822): setProgressDrawable drawableHeight = 14
D/VolumePanel( 2822): addOtherVolumes stream : STREAM_SYSTEM
I/AudioService( 2822): getStreamVolume 2 index 10
D/VolumePanel( 2822): onShowVolumeChanged(streamType: 2, flags: 17), index: 0
D/RingtoneManager( 2822): getActualDefaultRingtoneUri type :1
D/RingtoneManager( 2822): checkDefaultRingtoneProperUri : InternalMediaAudio uriString not null type:1
D/ExtSeekBar( 2822): setProgress = 0
D/ExtSeekBar( 2822): setProgress = 0, fromUser = false, isEnableChangeColor() = false
D/ExtSeekBar( 2822): updateDrawable this.mThumb = android.graphics.drawable.StateListDrawable@4335c3e8, msetDrawable = android.graphics.drawable.LayerDrawable@4312bf20, mOffsetThumb = 36
D/ExtSeekBar( 2822): updateDrawable getProgress() = 0, getMax() = 15GeneralUtil.isTablet() = true
I/AudioService( 2822): getStreamVolume 2 index 10
D/ProgressBar( 2822): setProgressDrawable drawableHeight = 14
D/VolumePanel( 2822): onShowVolumeChanged: setSeekbarSlidingAnimation(false)
D/VolumePanel( 2822): setSeekbarSlidingAnimation(): Call sc.seekbarView.setSlidingAnimation: enable = false
D/VolumePanel( 2822): setSeekbarSlidingAnimation(): Call sc.seekbarView.setSlidingAnimation: enable = false
D/VolumePanel( 2822): setSeekbarSlidingAnimation(): Call sc.seekbarView.setSlidingAnimation: enable = false
D/VolumePanel( 2822): setSeekbarSlidingAnimation(): Call sc.seekbarView.setSlidingAnimation: enable = false
D/VolumePanel( 2822): mCoverManager.getCoverState() : true
D/VolumePanel( 2822): onShowVolumeChanged: Cover is opened
D/STATUSBAR-IconMerger( 3041): checkOverflow(1200), More:false, Req:false Child:3
D/BackupManagerService( 2822): Now staging backup of com.android.providers.settings
D/VolumePanel( 2822): mCoverManager.getCoverState() : true
D/VolumePanel( 2822): call resetTimeout
D/VolumePanel( 2822): onProgressChanged progress : 0
D/VolumePanel( 2822): mCoverManager.getCoverState() : true
D/VolumePanel( 2822): call resetTimeout
D/VolumePanel( 2822): onProgressChanged progress : 0
D/VolumePanel( 2822): mCoverManager.getCoverState() : true
D/VolumePanel( 2822): call resetTimeout
D/VolumePanel( 2822): onProgressChanged progress : 0
D/VolumePanel( 2822): mCoverManager.getCoverState() : true
D/VolumePanel( 2822): call resetTimeout
D/VolumePanel( 2822): onProgressChanged progress : 0
D/VolumePanel( 2822): mCoverManager.getCoverState() : true
D/VolumePanel( 2822): call resetTimeout
D/VolumePanel( 2822): onProgressChanged progress : 0
D/VolumePanel( 2822): mCoverManager.getCoverState() : true
D/VolumePanel( 2822): call resetTimeout
D/VolumePanel( 2822): onProgressChanged progress : 6
D/VolumePanel( 2822): mCoverManager.getCoverState() : true
D/VolumePanel( 2822): call resetTimeout
D/VolumePanel( 2822): onProgressChanged progress : 6
D/VolumePanel( 2822): mCoverManager.getCoverState() : true
D/VolumePanel( 2822): call resetTimeout
D/VolumePanel( 2822): onProgressChanged progress : 6
D/VolumePanel( 2822): mCoverManager.getCoverState() : true
D/VolumePanel( 2822): call resetTimeout
D/VolumePanel( 2822): onProgressChanged progress : 6
D/VolumePanel( 2822): mCoverManager.getCoverState() : true
D/VolumePanel( 2822): call resetTimeout
D/VolumePanel( 2822): onProgressChanged progress : 0
D/VolumePanel( 2822): mCoverManager.getCoverState() : true
D/VolumePanel( 2822): call resetTimeout
D/VolumePanel( 2822): onProgressChanged progress : 0
D/VolumePanel( 2822): mCoverManager.getCoverState() : true
D/VolumePanel( 2822): call resetTimeout
D/VolumePanel( 2822): onProgressChanged progress : 0
D/VolumePanel( 2822): mCoverManager.getCoverState() : true
D/VolumePanel( 2822): call resetTimeout
D/VolumePanel( 2822): onProgressChanged progress : 0
D/VolumePanel( 2822): mCoverManager.getCoverState() : true
D/VolumePanel( 2822): call resetTimeout
D/VolumePanel( 2822): onProgressChanged progress : 0
D/VolumePanel( 2822): mCoverManager.getCoverState() : true
D/VolumePanel( 2822): call resetTimeout
D/VolumePanel( 2822): onProgressChanged progress : 0
D/VolumePanel( 2822): mCoverManager.getCoverState() : true
D/VolumePanel( 2822): call resetTimeout
D/VolumePanel( 2822): onProgressChanged progress : 0
D/VolumePanel( 2822): mCoverManager.getCoverState() : true
D/VolumePanel( 2822): call resetTimeout
D/VolumePanel( 2822): onProgressChanged progress : 0
D/VolumePanel( 2822): mCoverManager.getCoverState() : true
D/VolumePanel( 2822): call resetTimeout
I/SurfaceFlinger( 2289): id=4955 createSurf (1x1),1 flag=4, Wolume cont
D/KeyguardUpdateMonitor( 3041): sendKeyguardVisibilityChanged(true)
D/KeyguardUpdateMonitor( 3041): handleKeyguardVisibilityChanged(1)
D/KeyguardUpdateMonitor( 3041): sendKeyguardVisibilityChanged(true)
D/KeyguardUpdateMonitor( 3041): handleKeyguardVisibilityChanged(1)
D/KeyguardUpdateMonitor( 3041): sendKeyguardVisibilityChanged(true)
D/KeyguardUpdateMonitor( 3041): handleKeyguardVisibilityChanged(1)
D/VolumePanel( 2822): change mode by MSG_RINGER_MODE_CHANGED
I/AudioService( 2822): getStreamVolume 2 index 10
D/ExtSeekBar( 2822): setProgress = 0
D/ExtSeekBar( 2822): setProgress = 0, fromUser = false, isEnableChangeColor() = false
D/ExtSeekBar( 2822): updateDrawable this.mThumb = android.graphics.drawable.StateListDrawable@4335c3e8, msetDrawable = android.graphics.drawable.LayerDrawable@4312bf20, mOffsetThumb = 36
D/ExtSeekBar( 2822): updateDrawable getProgress() = 0, getMax() = 15GeneralUtil.isTablet() = true
D/ProgressBar( 2822): setProgressDrawable drawableHeight = 14
I/AudioService( 2822): getStreamVolume 3 index 60
D/ExtSeekBar( 2822): setProgress = 6
D/ExtSeekBar( 2822): setProgress = 6, fromUser = false, isEnableChangeColor() = false
D/ExtSeekBar( 2822): updateDrawable this.mThumb = android.graphics.drawable.StateListDrawable@43165918, msetDrawable = android.graphics.drawable.LayerDrawable@44024b40, mOffsetThumb = 36
D/ExtSeekBar( 2822): updateDrawable getProgress() = 6, getMax() = 15GeneralUtil.isTablet() = true
D/ProgressBar( 2822): setProgressDrawable drawableHeight = 14
I/AudioService( 2822): getStreamVolume 5 index 70
D/ExtSeekBar( 2822): setProgress = 0
D/ExtSeekBar( 2822): setProgress = 0, fromUser = false, isEnableChangeColor() = false
D/ExtSeekBar( 2822): updateDrawable this.mThumb = android.graphics.drawable.StateListDrawable@4251f9f8, msetDrawable = android.graphics.drawable.LayerDrawable@42d45f28, mOffsetThumb = 36
D/ExtSeekBar( 2822): updateDrawable getProgress() = 0, getMax() = 15GeneralUtil.isTablet() = true
D/ProgressBar( 2822): setProgressDrawable drawableHeight = 14
I/AudioService( 2822): getStreamVolume 1 index 110
D/ExtSeekBar( 2822): setProgress = 0
D/ExtSeekBar( 2822): setProgress = 0, fromUser = false, isEnableChangeColor() = false
D/ExtSeekBar( 2822): updateDrawable this.mThumb = android.graphics.drawable.StateListDrawable@4323bf58, msetDrawable = android.graphics.drawable.LayerDrawable@430e3d88, mOffsetThumb = 36
D/ExtSeekBar( 2822): updateDrawable getProgress() = 0, getMax() = 15GeneralUtil.isTablet() = true
D/ProgressBar( 2822): setProgressDrawable drawableHeight = 14
D/VolumePanel( 2822): onProgressChanged progress : 0
D/VolumePanel( 2822): mCoverManager.getCoverState() : true
D/VolumePanel( 2822): call resetTimeout
D/VolumePanel( 2822): onProgressChanged progress : 6
D/VolumePanel( 2822): mCoverManager.getCoverState() : true
D/VolumePanel( 2822): call resetTimeout
D/VolumePanel( 2822): onProgressChanged progress : 0
D/VolumePanel( 2822): mCoverManager.getCoverState() : true
D/VolumePanel( 2822): call resetTimeout
D/VolumePanel( 2822): onProgressChanged progress : 0
D/VolumePanel( 2822): mCoverManager.getCoverState() : true
D/VolumePanel( 2822): call resetTimeout
D/KeyguardUpdateMonitor( 3041): sendKeyguardVisibilityChanged(true)
D/KeyguardUpdateMonitor( 3041): handleKeyguardVisibilityChanged(1)
D/KeyguardUpdateMonitor( 3041): sendKeyguardVisibilityChanged(true)
D/KeyguardUpdateMonitor( 3041): handleKeyguardVisibilityChanged(1)
D/InputReader( 2822): Input event: value=0
I/InputDispatcher( 2822): Delivering key to: action: 0x1 (0)
D/VolumePanel( 2822): change volume by MSG_VOLUME_CHANGED
D/VolumePanel( 2822): onVolumeChanged(streamType: 2, flags: 4)
D/VolumePanel( 2822): onVolumeChanged: Call setSeekbarSlidingAnimation(true)
D/VolumePanel( 2822): setSeekbarSlidingAnimation(): Call sc.seekbarView.setSlidingAnimation: enable = true
D/VolumePanel( 2822): setSeekbarSlidingAnimation(): Call sc.seekbarView.setSlidingAnimation: enable = true
D/VolumePanel( 2822): setSeekbarSlidingAnimation(): Call sc.seekbarView.setSlidingAnimation: enable = true
D/VolumePanel( 2822): setSeekbarSlidingAnimation(): Call sc.seekbarView.setSlidingAnimation: enable = true
D/VolumePanel( 2822): VolumePanel onVolumeChanged call onPlaySound
V/AudioPolicyManagerBase( 2293): getOutput() device 2, stream 2, samplingRate 0, format 0, channelMask 3, flags 0
V/AudioPolicyManagerBase( 2293): getOutputsForDevice device 0002 -> 0002
V/AudioPolicyManagerBase( 2293): getOutput() returns output 2
V/AudioPolicyManagerBase( 2293): getOutput() device 2, stream 2, samplingRate 0, format 0, channelMask 3, flags 0
V/AudioPolicyManagerBase( 2293): getOutputsForDevice device 0002 -> 0002
V/AudioPolicyManagerBase( 2293): getOutput() returns output 2
V/AudioPolicyManagerBase( 2293): getOutput() device 2, stream 2, samplingRate 44100, format 1, channelMask 3, flags 4
V/AudioPolicyManagerBase( 2293): getOutputsForDevice device 0002 -> 0002
V/AudioPolicyManagerBase( 2293): getOutput() returns output 2
D/AudioFlinger( 2293): Creating track with bufferSize 24864 bytes, frameCount 6216, mFrameSize 4
V/LvOutput( 2293): initCheck: 0
V/LvOutput( 2293): attachEffects: attach processing to output 2, stream 2, session 1979, mode 0
V/LvOutput( 2293): attachEffects: no output processing needs to be attached to this stream
V/LvOutput( 2293): LvOutput::setAllProcessorEnabled(false) mOutputs.size(0)
V/AudioPolicyManagerBase( 2293): startOutput() output 2, stream 2, session 1979
V/AudioPolicyManagerBase( 2293): changeRefCount() stream 2, count 1
V/AudioPolicyManagerBase( 2293): getNewDevice() selected device 2
V/AudioPolicyManagerBase( 2293): setOutputDevice() output 2 device 0002 force 0 delayMs 0
V/AudioPolicyManagerBase( 2293): setOutputDevice() prevDevice (0002)
V/AudioPolicyManagerBase( 2293): setOutputDevice() setting same device 0002 or null device for output 2
D/VolumePanel( 2822): mCoverManager.getCoverState() : true
D/VolumePanel( 2822): call resetTimeout
I/AudioService( 2822): getStreamVolume 2 index 10
E/AudioResampler( 2293): Unsupported sample format, 1 bits, 2 channels
D/AudioResampler( 2293): AudioResamplerOrder1::resample common!!!!!
D/AudioResampler( 2293): new common resampler(44100 -> 48000, 2, 2)
D/SoundAliveResampler( 2293): [SoundAliveResampler] Init+++
V/AudioPolicyManagerBase( 2293): releaseOutput() 2
I/AudioHardwareTinyALSA( 2293): AudioStreamOutALSA::write setDevice
D/AudioHardwareTinyALSA( 2293): OutALSA::setDevice: mode = 0, newDevice=0x2, currentDevice=0x2 ,force= 0
D/AudioHardwareTinyALSA( 2293): OutALSA::setDevice: mDevice 0x2, newDevice = 0x2
D/AudioHardwareTinyALSA( 2293): setOutputVolume
D/TinyUCM ( 2293): setModifier Normal, en=1
I/AudioHardwareTinyALSA( 2293): OutALSA::setDevice: mHandle NULL mode[0], Device[00000002] nDevice:3
I/AudioHardwareTinyALSA( 2293): Open:+ mDefaults->direction=0 device=3
D/AudioHardwareTinyALSA( 2293): Channel: 2, Samplerate: 48000, Format: 0, Period Size: 960, Period Count: 4
I/AudioHardwareTinyALSA( 2293): Open:- mDefaults->direction=0 device=3 mHandle: b8e0d058
D/AudioHardwareTinyALSA( 2293): setPcmInterface: Stream=0x1, iSamplerate=16000++
D/AudioHardwareTinyALSA( 2293): setPcmInterface--
D/VolumePanel( 2822): stop play sound by MSG_STOP_SOUNDS
I/display ( 2289): [DYNAMIC_RECOMP] GLES_2_HWC by high FPS(9)
D/SensorService( 2822): -0.0 0.2 10.0
I/display ( 2289): [DYNAMIC_RECOMP] HWC_2_GLES by low FPS(0)
I/AudioFlinger( 2293): sleepTime is reduced to minimum forcely
I/AudioFlinger( 2293): sleepTime is reduced to minimum forcely
I/AudioFlinger( 2293): sleepTime is reduced to minimum forcely
I/AudioFlinger( 2293): sleepTime is reduced to minimum forcely
D/STATUSBAR-NetworkController( 3041): onSignalStrengthsChanged signalStrength=SignalStrength: 17 -1 -1 -1 -1 -1 -1 99 2147483647 2147483647 2147483647 -1 2147483647 gsm|lte 0x4 level=4
D/STATUSBAR-NetworkController( 3041): Nothing, mRoamingIconId = 0
I/AudioFlinger( 2293): sleepTime is reduced to minimum forcely
V/LvOutput( 2293): initCheck: 0
V/LvOutput( 2293): detachEffects: detach processing for output 2, stream 2, session 1979
V/LvOutput( 2293): detachEffects: no output processing was attached to this stream
V/AudioPolicyManagerBase( 2293): stopOutput() output 2, stream 2, session 1979
V/AudioPolicyManagerBase( 2293): changeRefCount() stream 2, count 0
V/AudioPolicyManagerBase( 2293): getNewDevice() selected device 0
V/AudioPolicyManagerBase( 2293): setOutputDevice() output 2 device 0000 force 0 delayMs 160
V/AudioPolicyManagerBase( 2293): setOutputDevice() prevDevice (0002)
V/AudioPolicyManagerBase( 2293): setOutputDevice() setting same device 0000 or null device for output 2
I/AudioFlinger( 2293): sleepTime is reduced to minimum forcely
I/AudioFlinger( 2293): sleepTime is reduced to minimum forcely
I/AudioFlinger( 2293): sleepTime is reduced to minimum forcely
I/AudioFlinger( 2293): sleepTime is reduced to minimum forcely
I/AudioFlinger( 2293): sleepTime is reduced to minimum forcely
D/AmoledAdjustTimer( 2822): prevTemp = 215, currTemp = 229, prevStep = 4, currStep = 4
D/SSRMv2:SIOP( 2822): SIOP:: AP = 260, Delta = -40
D/VolumePanel( 2822): dismiss by MSG_TIMEOUT
D/KeyguardUpdateMonitor( 3041): sendKeyguardVisibilityChanged(true)
D/KeyguardUpdateMonitor( 3041): handleKeyguardVisibilityChanged(1)
D/VolumePanel( 2822): ******* onDismiss *******
D/VolumePanel( 2822): onDismiss: setSeekbarSlidingAnimation(false)
D/VolumePanel( 2822): setSeekbarSlidingAnimation(): Call sc.seekbarView.setSlidingAnimation: enable = false
D/VolumePanel( 2822): setSeekbarSlidingAnimation(): Call sc.seekbarView.setSlidingAnimation: enable = false
D/VolumePanel( 2822): setSeekbarSlidingAnimation(): Call sc.seekbarView.setSlidingAnimation: enable = false
D/VolumePanel( 2822): setSeekbarSlidingAnimation(): Call sc.seekbarView.setSlidingAnimation: enable = false
D/SensorService( 2822): -0.0 0.2 10.0
I/display ( 2289): [DYNAMIC_RECOMP] GLES_2_HWC by high FPS(59)
D/KeyguardUpdateMonitor( 3041): sendKeyguardVisibilityChanged(true)
D/KeyguardUpdateMonitor( 3041): handleKeyguardVisibilityChanged(1)
I/SurfaceFlinger( 2289): id=4955 Removed Wolume cont (27/27)
I/SurfaceFlinger( 2289): id=4955 Removed Wolume cont (-2/27)
D/KeyguardUpdateMonitor( 3041): sendKeyguardVisibilityChanged(true)
D/KeyguardUpdateMonitor( 3041): handleKeyguardVisibilityChanged(1)
I/display ( 2289): [DYNAMIC_RECOMP] HWC_2_GLES by low FPS(0)
D/AudioHardwareTinyALSA( 2293): standby waiting for out autolock
D/AudioHardwareTinyALSA( 2293): Entering AudioStreamOutALSA standby mode nStreamOutputType:0
D/AudioHardwareTinyALSA( 2293): AudioStreamOutALSA::standby - close()
I/AudioHardwareTinyALSA( 2293): Close mHandle:b8e0d058
D/SensorService( 2822): -0.0 0.2 10.1
D/SensorService( 2822): -0.0 0.2 10.0
D/InputReader( 2822): Input event: value=1
I/InputReader( 2822): Touch event's action is 0x0 (deviceType=0) [pCnt=1, s=0.15458 ] when=428398869768000
I/InputDispatcher( 2822): Delivering touch to: action: 0x4, toolType: 1
I/InputDispatcher( 2822): Delivering touch to: action: 0x0, toolType: 1
D/InputReader( 2822): Input event: value=0
I/InputReader( 2822): Touch event's action is 0x1 (deviceType=0) [pCnt=1, s=] when=428398993304000
I/InputDispatcher( 2822): Delivering touch to: action: 0x1, toolType: 1
D/InputReader( 2822): Input event: value=1
I/InputReader( 2822): Touch event's action is 0x0 (deviceType=0) [pCnt=1, s=0.15459 ] when=428399448963000
I/InputDispatcher( 2822): Delivering touch to: action: 0x4, toolType: 1
I/InputDispatcher( 2822): Delivering touch to: action: 0x4, toolType: 1
I/InputDispatcher( 2822): Delivering touch to: action: 0x0, toolType: 1
D/InputReader( 2822): Input event: value=0
I/InputReader( 2822): Touch event's action is 0x1 (deviceType=0) [pCnt=1, s=] when=428399527782000
I/InputDispatcher( 2822): Delivering touch to: action: 0x1, toolType: 1
W/ResourceType(14109): Invalid package identifier when getting bag for resource number 0xffffffff
W/ResourceType(14109): Invalid package identifier when getting bag for resource number 0xffffffff
W/ResourceType(14109): Invalid package identifier when getting bag for resource number 0xffffffff
W/ResourceType(14109): Invalid package identifier when getting bag for resource number 0xffffffff
D/AbsListView(14109): Get MotionRecognitionManager
D/MotionRecognitionService( 2822): ssp status : false
W/ResourceType(14109): Invalid package identifier when getting bag for resource number 0xffffffff
W/ResourceType(14109): Invalid package identifier when getting bag for resource number 0xffffffff
W/ResourceType(14109): Invalid package identifier when getting bag for resource number 0xffffffff
W/ResourceType(14109): Invalid package identifier when getting bag for resource number 0xffffffff
I/SpenGestureManager( 2822): setFocusWindow0
D/STATUSBAR-StatusBarManagerService( 2822): manageDisableList what=0x0 pkg=WindowManager.LayoutParams
D/PointerIcon( 2822): setMouseIconStyle1 pointerType: 1001iconType:101 flag:0
D/PointerIcon( 2822): setMouseCustomIcon IconType is same.101
D/PointerIcon( 2822): setHoveringSpenIconStyle1 pointerType: 10001iconType:1 flag:0
D/PointerIcon( 2822): setHoveringSpenCustomIcon IconType is same.1
W/ResourceType(14109): Invalid package identifier when getting bag for resource number 0xffffffff
W/ResourceType(14109): Invalid package identifier when getting bag for resource number 0xffffffff
W/ResourceType(14109): Invalid package identifier when getting bag for resource number 0xffffffff
W/ResourceType(14109): Invalid package identifier when getting bag for resource number 0xffffffff
I/SurfaceFlinger( 2289): id=4956 createSurf (1x1),1 flag=4, QopupWindow
D/KeyguardUpdateMonitor( 3041): sendKeyguardVisibilityChanged(true)
D/KeyguardUpdateMonitor( 3041): handleKeyguardVisibilityChanged(1)
D/KeyguardUpdateMonitor( 3041): sendKeyguardVisibilityChanged(true)
D/KeyguardUpdateMonitor( 3041): handleKeyguardVisibilityChanged(1)
D/mali_winsys(14109): new_window_surface returns 0x3000
W/ResourceType(14109): Invalid package identifier when getting bag for resource number 0xffffffff
W/ResourceType(14109): Invalid package identifier when getting bag for resource number 0xffffffff
W/ResourceType(14109): Invalid package identifier when getting bag for resource number 0xffffffff
W/ResourceType(14109): Invalid package identifier when getting bag for resource number 0xffffffff
D/KeyguardUpdateMonitor( 3041): sendKeyguardVisibilityChanged(true)
D/KeyguardUpdateMonitor( 3041): handleKeyguardVisibilityChanged(1)
D/KeyguardUpdateMonitor( 3041): sendKeyguardVisibilityChanged(true)
D/KeyguardUpdateMonitor( 3041): handleKeyguardVisibilityChanged(1)
I/display ( 2289): [DYNAMIC_RECOMP] GLES_2_HWC by high FPS(23)
D/hwcutils( 2289): MppFactory::MppFactory()
D/ ( 2289): virtual LibMpp* MppFactory::CreateMpp(int, int, int, int)(6)
D/libexynosgscaler( 2289): LibMpp::LibMpp()
D/libexynosgscaler( 2289): virtual CGscaler::~CGscaler()
D/libexynosgscaler( 2289): virtual LibMpp::~LibMpp()
D/ ( 2289): virtual MppFactory::~MppFactory()
D/KeyguardUpdateMonitor( 3041): sendKeyguardVisibilityChanged(true)
D/KeyguardUpdateMonitor( 3041): handleKeyguardVisibilityChanged(1)
I/display ( 2289): [DYNAMIC_RECOMP] HWC_2_GLES by low FPS(0)
D/InputReader( 2822): Input event: value=1
I/InputReader( 2822): Touch event's action is 0x0 (deviceType=0) [pCnt=1, s=0.15460 ] when=428400791600000
I/InputDispatcher( 2822): Delivering touch to: action: 0x4, toolType: 1
I/InputDispatcher( 2822): Delivering touch to: action: 0x4, toolType: 1
I/InputDispatcher( 2822): Delivering touch to: action: 0x0, toolType: 1
D/AbsListView(14109): onDetachedFromWindow
D/PowerManagerService( 2822): [api] userActivityFromNative : 10 (event: 2 flags: 0) eventTime = 428400791
I/SpenGestureManager( 2822): setFocusWindow21065
D/KeyguardUpdateMonitor( 3041): sendKeyguardVisibilityChanged(true)
D/KeyguardUpdateMonitor( 3041): handleKeyguardVisibilityChanged(1)
D/PointerIcon( 2822): setMouseIconStyle1 pointerType: 1001iconType:101 flag:0
D/PointerIcon( 2822): setMouseCustomIcon IconType is same.101
D/PointerIcon( 2822): setHoveringSpenIconStyle1 pointerType: 10001iconType:1 flag:0
D/PointerIcon( 2822): setHoveringSpenCustomIcon IconType is same.1
D/STATUSBAR-StatusBarManagerService( 2822): manageDisableList what=0x0 pkg=WindowManager.LayoutParams
W/InputEventReceiver(14109): Attempted to finish an input event but the input event receiver has already been disposed.
W/InputEventReceiver(14109): Attempted to finish an input event but the input event receiver has already been disposed.
E/ViewRootImpl(14109): sendUserActionEvent() mView == null
W/ViewRootImpl(14109): Dropping event due to root view being removed: MotionEvent { action=ACTION_MOVE, id[0]=0, x[0]=-99.0, y[0]=865.0, toolType[0]=TOOL_TYPE_FINGER, buttonState=0, metaState=0, flags=0x0, edgeFlags=0x0, pointerCount=1, historySize=0, eventTime=428400802, downTime=428400791, deviceId=4, source=0x1002 }
W/InputMethodManagerService( 2822): Window already focused, ignoring focus gain of: com.android.internal.view.IInputMethodClient$Stub$Proxy@431e63c0 attribute=null, token = android.os.BinderProxy@46f56c28
D/InputReader( 2822): Input event: value=0
I/InputReader( 2822): Touch event's action is 0x1 (deviceType=0) [pCnt=1, s=] when=428400869642000
D/KeyguardUpdateMonitor( 3041): sendKeyguardVisibilityChanged(true)
D/KeyguardUpdateMonitor( 3041): handleKeyguardVisibilityChanged(1)
I/SurfaceFlinger( 2289): id=4956 Removed QopupWindow (21/27)
I/SurfaceFlinger( 2289): id=4956 Removed QopupWindow (-2/27)
D/KeyguardUpdateMonitor( 3041): sendKeyguardVisibilityChanged(true)
D/KeyguardUpdateMonitor( 3041): handleKeyguardVisibilityChanged(1)
D/AmoledAdjustTimer( 2822): prevTemp = 229, currTemp = 229, prevStep = 4, currStep = 4
D/SensorService( 2822): -0.0 0.2 10.0
I/display ( 2289): [DYNAMIC_RECOMP] GLES_2_HWC by high FPS(38)
I/display ( 2289): [DYNAMIC_RECOMP] HWC_2_GLES by low FPS(0)
D/SSRMv2:SIOP( 2822): SIOP:: AP = 250, Delta = -10
D/InputReader( 2822): Input event: value=1
I/InputReader( 2822): Touch event's action is 0x0 (deviceType=0) [pCnt=1, s=0.15461 1.15462 ] when=428402520202000
I/InputReader( 2822): Touch event's action (MT) is 0x105 (deviceType=0) [pCnt=2, s=0.15461 1.15462 ] when=428402520202000
I/InputDispatcher( 2822): Delivering touch to: action: 0x4, toolType: 1
I/InputDispatcher( 2822): Delivering touch to: action: 0x4, toolType: 1
I/InputDispatcher( 2822): Delivering touch to: action: 0x0, toolType: 1
I/InputDispatcher( 2822): Delivering touch to: action: 0x105, toolType: 1
I/InputReader( 2822): Touch event's action (MT) is 0x106 (deviceType=0) [pCnt=2, s=0.15461 ] when=428402814925000
I/InputDispatcher( 2822): Delivering touch to: action: 0x106, toolType: 1
D/InputReader( 2822): Input event: value=0
I/InputReader( 2822): Touch event's action is 0x1 (deviceType=0) [pCnt=1, s=] when=428402835684000
I/InputDispatcher( 2822): Delivering touch to: action: 0x1, toolType: 1
D/InputReader( 2822): Input event: value=1
I/InputReader( 2822): Touch event's action is 0x0 (deviceType=0) [pCnt=1, s=0.15463 ] when=428403667310000
I/InputDispatcher( 2822): Delivering touch to: action: 0x4, toolType: 1
I/InputDispatcher( 2822): Delivering touch to: action: 0x4, toolType: 1
I/InputDispatcher( 2822): Delivering touch to: action: 0x0, toolType: 1
I/InputReader( 2822): Touch event's action (MT) is 0x105 (deviceType=0) [pCnt=2, s=0.15463 1.15464 ] when=428403690736000
I/InputDispatcher( 2822): Delivering touch to: action: 0x105, toolType: 1
D/InputReader( 2822): Input event: value=0
I/InputReader( 2822): Touch event's action (MT) is 0x6 (deviceType=0) [pCnt=2, s=] when=428404030792000
I/InputReader( 2822): Touch event's action is 0x1 (deviceType=0) [pCnt=1, s=] when=428404030792000
I/InputDispatcher( 2822): Delivering touch to: action: 0x6, toolType: 1
I/InputDispatcher( 2822): Delivering touch to: action: 0x1, toolType: 1
D/SensorService( 2822): -0.0 0.2 10.0
D/SensorService( 2822): 0.0 0.2 10.1
D/BtGatt.btif( 4958): btif_gattc_upstreams_evt: Event 4096
D/BtGatt.GattService( 4958): onScanResult() - address=C4:B3:20:5B:4B:0F, rssi=-101
D/BluetoothAdapter( 4929): onScanResult() - Device=C4:B3:20:5B:4B:0F RSSI=-101
W/QuickConnect[1.1][2] ( 4929): BleHelper.getSConnectDataFromBLE - can not resolve length info
D/InputReader( 2822): Input event: value=1
I/InputReader( 2822): Touch event's action is 0x0 (deviceType=0) [pCnt=1, s=0.15465 ] when=428410013194000
I/InputDispatcher( 2822): Delivering touch to: action: 0x0, toolType: 1
D/STATUSBAR-PhoneStatusBar( 3041): makeExpandedVisible
D/STATUSBAR-QuickSettingPanel( 3041): setSingleLine:true
D/STATUSBAR-QuickSettingPanel( 3041): updateButtonInfo mButtonWidth : 266 mColumnNumber:6 orien: 1
D/STATUSBAR-PhoneStatusBar( 3041): Mini Controller text scroll : ON
V/Vibrator( 2822): Called cancel() API - PUID: 1000, PackageName: android
W/Vibrator( 2822): Vibrator.cancel()
I/AudioService( 2822): getStreamVolume 2 index 10 E/SmartFaceService - 3rd party pause( 2822): onReceive, ACTION_STATUS_BAR_ANIMATING: true
D/VibratorService( 2822): ImmVibe vibratorOff()
D/LightsService( 2822): [api] [SvcLED] turnOff:: id = 4 (uid: 10016 pid: 3041)
D/LightsService( 2822): [SvcLED] setSvcLedStateLocked:: SvcLEDState : 0x0 -> 0x0 | SvcLED(id=4) set Off
D/LightsService( 2822): [SvcLED] Lux failed to be updated in 700ms. -> handleForcedSvcLEDTasK
D/LightsService( 2822): [SvcLED] setSvcLedLightLocked :: Current SvcLED(id=4) maintains its priority right
D/KeyguardUpdateMonitor( 3041): sendKeyguardVisibilityChanged(true)
D/WindowManager( 2822): onSwipeFromTop mIsKidsLauncherEnabled = false
D/FactoryTest( 2822): User mode
D/BarController.StatusBar( 2822): Not showing transient bar, bar already visible
D/BarController.NavigationBar( 2822): Not showing transient bar, bar doesn't exist
D/BarController.CocktailBar( 2822): Not showing transient bar, bar doesn't exist
I/SpenGestureManager( 2822): setFocusWindow181000
D/KeyguardUpdateMonitor( 3041): sendKeyguardVisibilityChanged(true)
D/STATUSBAR-StatusBarManagerService( 2822): manageDisableList what=0x0 pkg=WindowManager.LayoutParams
D/KeyguardUpdateMonitor( 3041): sendKeyguardVisibilityChanged(true)
D/PointerIcon( 2822): setMouseIconStyle1 pointerType: 1001iconType:101 flag:0
D/PointerIcon( 2822): setMouseCustomIcon IconType is same.101
D/PointerIcon( 2822): setHoveringSpenIconStyle1 pointerType: 10001iconType:1 flag:0
D/PointerIcon( 2822): setHoveringSpenCustomIcon IconType is same.1
D/mali_winsys( 3041): new_window_surface returns 0x3000
D/TwSeekBarSplit( 3041): TwSeekbarSplit: current progress = 5
D/TwSeekBarSplit( 3041): TwSeekbarSplit: max progress = 10
D/TwSeekBarSplit( 3041): TwSeekbarSplit: half vlaue = 5
D/SensorService( 2822): 0.0 0.3 10.0
D/KeyguardUpdateMonitor( 3041): handleKeyguardVisibilityChanged(1)
D/KeyguardUpdateMonitor( 3041): handleKeyguardVisibilityChanged(1)
D/KeyguardUpdateMonitor( 3041): handleKeyguardVisibilityChanged(1)
D/InputReader( 2822): Input event: value=0
I/InputReader( 2822): Touch event's action is 0x1 (deviceType=0) [pCnt=1, s=] when=428410239352000
I/InputDispatcher( 2822): Delivering touch to: action: 0x1, toolType: 1
V/PanelView( 3041): animationTick called with dtms=0; nothing to do (h=729.0814 v=2678.2312)
V/PanelView( 3041): animationTick called with dtms=-2; nothing to do (h=729.0814 v=2678.2312)
I/display ( 2289): [DYNAMIC_RECOMP] GLES_2_HWC by high FPS(36)
D/SmartBondingService( 2822): SmartBondingReceiver: onReceive action=com.android.systemui.statusbar.EXPANDED E/SmartFaceService - 3rd party pause( 2822): onReceive, ACTION_STATUS_BAR_EXPANDED: true
D/SSRMv2:TSP:AirViewOnOff( 2822): SettingsAirViewInfo:: 000000000
I/SELinux (16555): Function: selinux_android_load_priority [0], There is no sepolicy file.
I/SELinux (16555):
D/PhoneStatusBarView( 3041): onPanelFullyOpened in EXPAND_NOTI_ACTION
D/KeyguardUpdateMonitor( 3041): sendKeyguardVisibilityChanged(true)
I/SELinux (16555): Function: selinux_android_load_priority , spota verifySig and checkHash pass. priority version is VE=SEPF_SM-T705_4.4.2_0040
I/SELinux (16555):
I/SELinux (16555):
I/SELinux (16555): selinux_android_seapp_context_reload: seapp_contexts file is loaded from /data/security/spota/seapp_contexts
E/SELinux (16555): [DEBUG] seapp_context_lookup: seinfoCategory = platform
E/dalvikvm(16555): >>>>> Normal User
E/dalvikvm(16555): >>>>> com.sec.yosemite.tab [ userId:0 | appId:1000 ]
D/KeyguardUpdateMonitor( 3041): handleKeyguardVisibilityChanged(1)
E/SELinux (16555): [DEBUG] seapp_context_lookup: seinfoCategory = platform
I/MultiWindowTrayInfo( 8169): getAppCnt
I/MultiWindowTrayInfo( 8169): getAppCnt
I/MultiWindowTrayInfo( 8169): getAppCnt
I/MultiWindowTrayInfo( 8169): getAppCnt
I/MultiWindowTrayInfo( 8169): getAppCnt
I/MultiWindowTrayInfo( 8169): getAppCnt
I/MultiWindowTrayInfo( 8169): makeInstancebadgeForGridView
I/MultiWindowTrayInfo( 8169): getAppCnt
I/MultiWindowTrayInfo( 8169): makeInstancebadgeForGridView
I/MultiWindowTrayInfo( 8169): makeInstancebadgeForGridView
I/MultiWindowTrayInfo( 8169): makeInstancebadgeForGridView
