E/dalvikvm(16876): >>>>> com.sec.android.app.sns3 [ userId:0 | appId:10037 ]
E/SELinux (16876): [DEBUG] seapp_context_lookup: seinfoCategory = samsung
D/dalvikvm(16876): GC_CONCURRENT freed 3000K, 36% free 7042K/10984K, paused 1ms+1ms, total 13ms
D/dalvikvm(16876): WAIT_FOR_CONCURRENT_GC blocked 11ms
W/ActivityManager( 2822): Permission Denial: getCurrentUser() from pid=16876, uid=10037 requires android.permission.INTERACT_ACROSS_USERS
I/ActivityManager( 2822): Killing 6857:com.samsung.helphub/1000 (adj 15): empty #44
D/checkbox( 6734): TwCheckBox.onDetachedToWindow()
D/checkbox( 6734): TwCheckBox.onDetachedToWindow()
D/checkbox( 6734): TwCheckBox.onDetachedToWindow()
D/checkbox( 6734): TwCheckBox.onDetachedToWindow()
D/checkbox( 6734): TwCheckBox.onDetachedToWindow()
D/AbsListView( 6734): onDetachedFromWindow
D/InputReader( 2822): Input event: value=1
I/InputReader( 2822): Touch event's action is 0x0 (deviceType=0) [pCnt=1, s=0.15479 ] when=428593103583000
I/InputDispatcher( 2822): Delivering touch to: action: 0x4, toolType: 1
I/InputDispatcher( 2822): Delivering touch to: action: 0x0, toolType: 1
D/SensorService( 2822): 0.1 0.3 9.0
D/InputReader( 2822): Input event: value=0
I/InputReader( 2822): Touch event's action is 0x1 (deviceType=0) [pCnt=1, s=] when=428593192096000
I/InputDispatcher( 2822): Delivering touch to: action: 0x1, toolType: 1
D/dalvikvm( 6734): GC_FOR_ALLOC freed 1066K, 21% free 11349K/14232K, paused 26ms, total 26ms
D/AbsListView( 6734): Get MotionRecognitionManager
W/Settings( 6734): Setting bugreport_in_power_menu has moved from android.provider.Settings.Secure to android.provider.Settings.Global.
I/CryptfsEE( 2279): Device is not encrypted, aborting
W/Settings( 6734): Setting bugreport_in_power_menu has moved from android.provider.Settings.System to android.provider.Settings.Global
D/checkbox( 6734): setButtonDrawable(Drawable d) mButtonBgHasBeenSet=false
D/checkbox( 6734): This is not checkbox or checkbox with ADVANCED_VI_EFFECTS disabled
D/checkbox( 6734): setChecked(1) checked=false, mCheckBoxAnimationEnabled=false, mIsAttached=false
D/checkbox( 6734): checkMarkDrawable=null, checkRectangleDrawable=null, enabled=false
D/checkbox( 6734): setChecked(2) checked=false, animate=false, mCheckBoxAnimationEnabled=false, mIsAttached=false
D/checkbox( 6734): TwCheckBox.onAttachedToWindow()
D/checkbox( 6734): setButtonDrawable(Drawable d) mButtonBgHasBeenSet=false
D/checkbox( 6734): This is not checkbox or checkbox with ADVANCED_VI_EFFECTS disabled
D/checkbox( 6734): setChecked(1) checked=false, mCheckBoxAnimationEnabled=false, mIsAttached=false
D/checkbox( 6734): checkMarkDrawable=null, checkRectangleDrawable=null, enabled=false
D/checkbox( 6734): setChecked(2) checked=false, animate=false, mCheckBoxAnimationEnabled=false, mIsAttached=false
D/checkbox( 6734): TwCheckBox.onAttachedToWindow()
D/checkbox( 6734): setButtonDrawable(Drawable d) mButtonBgHasBeenSet=false
D/checkbox( 6734): This is not checkbox or checkbox with ADVANCED_VI_EFFECTS disabled
D/checkbox( 6734): setChecked(1) checked=false, mCheckBoxAnimationEnabled=false, mIsAttached=false
D/checkbox( 6734): checkMarkDrawable=null, checkRectangleDrawable=null, enabled=false
D/checkbox( 6734): setChecked(2) checked=false, animate=false, mCheckBoxAnimationEnabled=false, mIsAttached=false
D/checkbox( 6734): TwCheckBox.onAttachedToWindow()
D/checkbox( 6734): setButtonDrawable(Drawable d) mButtonBgHasBeenSet=false
D/checkbox( 6734): This is not checkbox or checkbox with ADVANCED_VI_EFFECTS disabled
D/checkbox( 6734): setChecked(1) checked=false, mCheckBoxAnimationEnabled=false, mIsAttached=false
D/checkbox( 6734): checkMarkDrawable=null, checkRectangleDrawable=null, enabled=false
D/checkbox( 6734): setChecked(2) checked=false, animate=false, mCheckBoxAnimationEnabled=false, mIsAttached=false
D/checkbox( 6734): TwCheckBox.onAttachedToWindow()
D/checkbox( 6734): setButtonDrawable(Drawable d) mButtonBgHasBeenSet=false
D/checkbox( 6734): This is not checkbox or checkbox with ADVANCED_VI_EFFECTS disabled
D/checkbox( 6734): setChecked(1) checked=false, mCheckBoxAnimationEnabled=false, mIsAttached=false
D/checkbox( 6734): checkMarkDrawable=null, checkRectangleDrawable=null, enabled=false
D/checkbox( 6734): setChecked(2) checked=false, animate=false, mCheckBoxAnimationEnabled=false, mIsAttached=false
D/checkbox( 6734): TwCheckBox.onAttachedToWindow()
D/checkbox( 6734): setButtonDrawable(Drawable d) mButtonBgHasBeenSet=false
D/checkbox( 6734): This is not checkbox or checkbox with ADVANCED_VI_EFFECTS disabled
D/checkbox( 6734): setChecked(1) checked=false, mCheckBoxAnimationEnabled=false, mIsAttached=false
D/checkbox( 6734): checkMarkDrawable=null, checkRectangleDrawable=null, enabled=false
D/checkbox( 6734): setChecked(2) checked=false, animate=false, mCheckBoxAnimationEnabled=false, mIsAttached=false
D/checkbox( 6734): TwCheckBox.onAttachedToWindow()
D/AbsListView( 6734): onDetachedFromWindow
D/AccountMenu( 6734): AccountMenu - Finish unregisterReceiver
E/Watchdog( 2822): !@Sync 14263
D/BatteryService( 2822): level:25, scale:100, status:3, health:2, present:true, voltage: 3828, temperature: 244, technology: Li-ion, AC powered:false, USB powered:true, Wireless powered:false, icon:17303560, invalid charger:0, online:4, current avg:47, charge type:1, power sharing:false
D/BatteryService( 2822): Sending ACTION_BATTERY_CHANGED.
D/KeyguardUpdateMonitor( 3041): received broadcast android.intent.action.BATTERY_CHANGED
D/KeyguardUpdateMonitor( 3041): handleBatteryUpdate
D/Brightness( 3804): mIntentReceiver.onReceive: action=android.intent.action.BATTERY_CHANGED, intent=Intent { act=android.intent.action.BATTERY_CHANGED flg=0x60000010 (has extras) }
D/MainActivityBaseUi.java( 3804): in brightness disabled on critical battery low
D/STATUSBAR-PhoneStatusBar( 3041): mBrightnessEnablebySettings = true mBrightnessEnablebyBattery = true mBrightnessEnablebyDisableFlag = true mPmsBrightnessEnablebySettings = true
D/BatteryMeterView( 3041): ACTION_BATTERY_CHANGED : level:25 status:3 health:2
D/STATUSBAR-IconMerger( 3041): checkOverflow(1200), More:false, Req:false Child:2
D/InputReader( 2822): Input event: value=1
I/InputReader( 2822): Touch event's action is 0x0 (deviceType=0) [pCnt=1, s=0.15480 ] when=428595789147000
I/InputDispatcher( 2822): Delivering touch to: action: 0x4, toolType: 1
I/InputDispatcher( 2822): Delivering touch to: action: 0x0, toolType: 1
D/InputReader( 2822): Input event: value=0
I/InputReader( 2822): Touch event's action is 0x1 (deviceType=0) [pCnt=1, s=] when=428595913243000
I/InputDispatcher( 2822): Delivering touch to: action: 0x1, toolType: 1
D/dalvikvm( 6734): GC_FOR_ALLOC freed 493K, 20% free 11499K/14312K, paused 19ms, total 19ms
D/dalvikvm( 6734): GC_FOR_ALLOC freed 245K, 22% free 11428K/14480K, paused 17ms, total 17ms
I/SpenGestureManager( 2822): setFocusWindow0
D/PointerIcon( 2822): setMouseIconStyle1 pointerType: 1001iconType:101 flag:0
D/PointerIcon( 2822): setMouseCustomIcon IconType is same.101
D/PointerIcon( 2822): setHoveringSpenIconStyle1 pointerType: 10001iconType:1 flag:0
D/PointerIcon( 2822): setHoveringSpenCustomIcon IconType is same.1
I/SurfaceFlinger( 2289): id=4978 createSurf (1x1),1 flag=4, Tettings
D/KeyguardUpdateMonitor( 3041): sendKeyguardVisibilityChanged(true)
D/KeyguardUpdateMonitor( 3041): handleKeyguardVisibilityChanged(1)
D/KeyguardUpdateMonitor( 3041): sendKeyguardVisibilityChanged(true)
D/KeyguardUpdateMonitor( 3041): handleKeyguardVisibilityChanged(1)
D/mali_winsys( 6734): new_window_surface returns 0x3000
D/KeyguardUpdateMonitor( 3041): sendKeyguardVisibilityChanged(true)
D/KeyguardUpdateMonitor( 3041): handleKeyguardVisibilityChanged(1)
D/KeyguardUpdateMonitor( 3041): sendKeyguardVisibilityChanged(true)
D/KeyguardUpdateMonitor( 3041): handleKeyguardVisibilityChanged(1)
D/hwcutils( 2289): MppFactory::MppFactory()
D/ ( 2289): virtual LibMpp* MppFactory::CreateMpp(int, int, int, int)(6)
D/libexynosgscaler( 2289): LibMpp::LibMpp()
D/SensorService( 2822): -0.0 0.3 9.8
D/libexynosgscaler( 2289): virtual CGscaler::~CGscaler()
D/libexynosgscaler( 2289): virtual LibMpp::~LibMpp()
D/ ( 2289): virtual MppFactory::~MppFactory()
D/KeyguardUpdateMonitor( 3041): sendKeyguardVisibilityChanged(true)
D/KeyguardUpdateMonitor( 3041): handleKeyguardVisibilityChanged(1)
I/display ( 2289): [DYNAMIC_RECOMP] HWC_2_GLES by low FPS(0)
D/InputReader( 2822): Input event: value=1
I/InputReader( 2822): Touch event's action is 0x0 (deviceType=0) [pCnt=1, s=0.15481 ] when=428597553618000
I/InputDispatcher( 2822): Delivering touch to: action: 0x4, toolType: 1
I/InputDispatcher( 2822): Delivering touch to: action: 0x0, toolType: 1
D/InputReader( 2822): Input event: value=0
I/InputReader( 2822): Touch event's action is 0x1 (deviceType=0) [pCnt=1, s=] when=428597675846000
I/InputDispatcher( 2822): Delivering touch to: action: 0x1, toolType: 1
W/Settings( 6734): Setting bugreport_in_power_menu has moved from android.provider.Settings.Secure to android.provider.Settings.Global.
I/CryptfsEE( 2279): Device is not encrypted, aborting
W/Settings( 6734): Setting bugreport_in_power_menu has moved from android.provider.Settings.System to android.provider.Settings.Global
I/SpenGestureManager( 2822): setFocusWindow21060
D/KeyguardUpdateMonitor( 3041): sendKeyguardVisibilityChanged(true)
D/KeyguardUpdateMonitor( 3041): handleKeyguardVisibilityChanged(1)
D/PointerIcon( 2822): setMouseIconStyle1 pointerType: 1001iconType:101 flag:0
D/PointerIcon( 2822): setMouseCustomIcon IconType is same.101
D/PointerIcon( 2822): setHoveringSpenIconStyle1 pointerType: 10001iconType:1 flag:0
D/PointerIcon( 2822): setHoveringSpenCustomIcon IconType is same.1
D/checkbox( 6734): setChecked(2) checked=false, animate=false, mCheckBoxAnimationEnabled=false, mIsAttached=true
D/checkbox( 6734): setChecked(2) checked=false, animate=false, mCheckBoxAnimationEnabled=false, mIsAttached=true
D/checkbox( 6734): setChecked(2) checked=false, animate=false, mCheckBoxAnimationEnabled=false, mIsAttached=true
D/checkbox( 6734): setChecked(2) checked=false, animate=false, mCheckBoxAnimationEnabled=false, mIsAttached=true
D/checkbox( 6734): setChecked(2) checked=false, animate=false, mCheckBoxAnimationEnabled=false, mIsAttached=true
D/checkbox( 6734): setChecked(2) checked=false, animate=false, mCheckBoxAnimationEnabled=false, mIsAttached=true
W/InputMethodManagerService( 2822): Window already focused, ignoring focus gain of: com.android.internal.view.IInputMethodClient$Stub$Proxy@43ea2358 attribute=null, token = android.os.BinderProxy@43477a88
E/ViewRootImpl( 6734): sendUserActionEvent() mView == null
I/display ( 2289): [DYNAMIC_RECOMP] GLES_2_HWC by high FPS(24)
D/hwcutils( 2289): MppFactory::MppFactory()
D/ ( 2289): virtual LibMpp* MppFactory::CreateMpp(int, int, int, int)(6)
D/libexynosgscaler( 2289): LibMpp::LibMpp()
D/libexynosgscaler( 2289): virtual CGscaler::~CGscaler()
D/libexynosgscaler( 2289): virtual LibMpp::~LibMpp()
D/ ( 2289): virtual MppFactory::~MppFactory()
D/KeyguardUpdateMonitor( 3041): sendKeyguardVisibilityChanged(true)
D/KeyguardUpdateMonitor( 3041): handleKeyguardVisibilityChanged(1)
I/SurfaceFlinger( 2289): id=4978 Removed Tettings (19/26)
I/SurfaceFlinger( 2289): id=4978 Removed Tettings (-2/26)
D/KeyguardUpdateMonitor( 3041): sendKeyguardVisibilityChanged(true)
D/KeyguardUpdateMonitor( 3041): handleKeyguardVisibilityChanged(1)
I/wpa_supplicant( 8301): Scan requested (ret=0) - scan timeout 30 seconds
D/SensorService( 2822): -0.0 0.3 10.1
I/wpa_supplicant( 8301): nl80211: Received scan results (35 BSSes)
I/wpa_supplicant( 8301): wlan0: Setting scan request: 16 sec 0 usec
D/Tethering( 2822): interfaceLinkStateChanged wlan0, true
D/Tethering( 2822): interfaceStatusChanged wlan0, true
I/wpa_supplicant( 8301): wlan0: CTRL-EVENT-NO-CONNECTION
I/wpa_supplicant( 8301): wlan0: Setting scan request: 16 sec 0 usec
D/WifiP2pService( 2822): InactiveState{ what=147461 }
D/WifiP2pService( 2822): P2pEnabledState{ what=147461 }
D/WifiP2pService( 2822): DefaultState{ what=147461 }
D/AmoledAdjustTimer( 2822): prevTemp = 236, currTemp = 244, prevStep = 4, currStep = 4
D/SSRMv2:SIOP( 2822): SIOP:: AP = 270, Delta = -10
D/InputReader( 2822): Input event: value=1
I/InputReader( 2822): Touch event's action is 0x0 (deviceType=0) [pCnt=1, s=0.15482 ] when=428601992202000
I/InputDispatcher( 2822): Delivering touch to: action: 0x4, toolType: 1
I/InputDispatcher( 2822): Delivering touch to: action: 0x0, toolType: 1
D/InputReader( 2822): Input event: value=0
I/InputReader( 2822): Touch event's action is 0x1 (deviceType=0) [pCnt=1, s=] when=428602035173000
I/InputDispatcher( 2822): Delivering touch to: action: 0x1, toolType: 1
I/SpenGestureManager( 2822): setFocusWindow0
D/PointerIcon( 2822): setMouseIconStyle1 pointerType: 1001iconType:101 flag:0
D/PointerIcon( 2822): setMouseCustomIcon IconType is same.101
D/PointerIcon( 2822): setHoveringSpenIconStyle1 pointerType: 10001iconType:1 flag:0
D/PointerIcon( 2822): setHoveringSpenCustomIcon IconType is same.1
D/checkbox( 6734): setChecked(2) checked=false, animate=false, mCheckBoxAnimationEnabled=false, mIsAttached=true
D/checkbox( 6734): setChecked(2) checked=false, animate=false, mCheckBoxAnimationEnabled=false, mIsAttached=true
D/checkbox( 6734): setChecked(2) checked=true, animate=true, mCheckBoxAnimationEnabled=false, mIsAttached=true
D/checkbox( 6734): setChecked(2) checked=false, animate=false, mCheckBoxAnimationEnabled=false, mIsAttached=true
D/checkbox( 6734): setChecked(2) checked=false, animate=false, mCheckBoxAnimationEnabled=false, mIsAttached=true
D/checkbox( 6734): setChecked(2) checked=false, animate=false, mCheckBoxAnimationEnabled=false, mIsAttached=true
I/SurfaceFlinger( 2289): id=4979 createSurf (1x1),1 flag=4, Tettings
D/KeyguardUpdateMonitor( 3041): sendKeyguardVisibilityChanged(true)
D/KeyguardUpdateMonitor( 3041): handleKeyguardVisibilityChanged(1)
D/KeyguardUpdateMonitor( 3041): sendKeyguardVisibilityChanged(true)
D/KeyguardUpdateMonitor( 3041): handleKeyguardVisibilityChanged(1)
D/SensorService( 2822): -0.1 0.3 10.5
D/mali_winsys( 6734): new_window_surface returns 0x3000
D/KeyguardUpdateMonitor( 3041): sendKeyguardVisibilityChanged(true)
D/KeyguardUpdateMonitor( 3041): handleKeyguardVisibilityChanged(1)
D/KeyguardUpdateMonitor( 3041): sendKeyguardVisibilityChanged(true)
D/KeyguardUpdateMonitor( 3041): handleKeyguardVisibilityChanged(1)
D/hwcutils( 2289): MppFactory::MppFactory()
D/ ( 2289): virtual LibMpp* MppFactory::CreateMpp(int, int, int, int)(6)
D/libexynosgscaler( 2289): LibMpp::LibMpp()
I/display ( 2289): [DYNAMIC_RECOMP] HWC_2_GLES by low FPS(4)
D/libexynosgscaler( 2289): virtual CGscaler::~CGscaler()
D/libexynosgscaler( 2289): virtual LibMpp::~LibMpp()
D/ ( 2289): virtual MppFactory::~MppFactory()
I/display ( 2289): [DYNAMIC_RECOMP] GLES_2_HWC by high FPS(55)
D/KeyguardUpdateMonitor( 3041): sendKeyguardVisibilityChanged(true)
D/KeyguardUpdateMonitor( 3041): handleKeyguardVisibilityChanged(1)
I/display ( 2289): [DYNAMIC_RECOMP] HWC_2_GLES by low FPS(7)
D/InputReader( 2822): Input event: value=1
I/InputReader( 2822): Touch event's action is 0x0 (deviceType=0) [pCnt=1, s=0.15483 ] when=428603380547000
I/InputDispatcher( 2822): Delivering touch to: action: 0x4, toolType: 1
I/InputDispatcher( 2822): Delivering touch to: action: 0x0, toolType: 1
D/InputReader( 2822): Input event: value=0
I/InputReader( 2822): Touch event's action is 0x1 (deviceType=0) [pCnt=1, s=] when=428603514299000
I/InputDispatcher( 2822): Delivering touch to: action: 0x1, toolType: 1
E/MtpAdbObserver(16729): onChange is called
E/MtpAdbObserver(16729): ADB_CHANGED sent to MtpReceiver
W/MTPRx (16729): notification from stack 20
E/ (16729): read error [0] [Success]
D/DataRouter( 2301): After the usb select
D/DataRouter( 2301): read length is zero
D/DataRouter( 2301): dr_usb_deinit
D/DataRouter( 2301): dr_usb_init
E/DataRouter( 2301): USB Interface is open with 0xa
D/DataRouter( 2301): USB interface is now configured for usb_fd = 0xa
D/DataRouter( 2301): pcsyncreset
D/UsbDeviceManager( 2822): handleMessage -> MSG_ENABLE_ADB = 1
D/UsbDeviceManager( 2822): setAdbEnabled: true (mAdbEnabled = false)
D/UsbDeviceManager( 2822): setUsbConfig(none)
D/UsbManager( 6734): :::: isUsb30Available :: return = false from pid = 6734
D/DataRouter( 2301): read usb data[len:0]
D/DataRouter( 2301): read usb data message:
E/SMD ( 2302): ***Received data notification[DR->SMD]***
D/DataRouter( 2301): Before the usb select
E/SMD ( 2302): Path set is DATA_PATH_DR_SMD_MANAGER
E/SMD ( 2302): Message:
E/SMD ( 2302): Sending data to SMD: Len = [3]
E/SMD ( 2302): buffer = []
E/SMD ( 2302): Wrote 3 chars to SMD PORT fd=7 ch = 81
W/MTPRx (16729): USB removed
W/MTPRx (16729): MTP_RUNNING_STATUS = 1
E/MTPRx (16729): sendbooster is false!
E/MTPRx (16729): In usbRemoved Status bar enabled
E/MTPRx (16729): Sending Broadcast
W/ContextImpl(16729): Calling a method in the system process without a qualified user: android.app.ContextImpl.sendBroadcast:1496 android.content.ContextWrapper.sendBroadcast:377 android.content.ContextWrapper.sendBroadcast:377 com.samsung.android.MtpApplication.MtpReceiver.usbRemoved:872 com.samsung.android.MtpApplication.MtpReceiver.access$200:95
D/MediaScannerReceiver(12011): action: android.intent.action.MTP_FILE_SCAN
D/MediaScannerService(12011): !@start scanning volume external: [/storage/emulated/0, /storage/extSdCard, /storage/Private, /storage/UsbDriveA, /storage/UsbDriveB, /storage/UsbDriveC, /storage/UsbDriveD, /storage/UsbDriveE, /storage/UsbDriveF]
I/SpenGestureManager( 2822): setFocusWindow21060
D/KeyguardUpdateMonitor( 3041): sendKeyguardVisibilityChanged(true)
D/KeyguardUpdateMonitor( 3041): handleKeyguardVisibilityChanged(1)
D/PointerIcon( 2822): setMouseIconStyle1 pointerType: 1001iconType:101 flag:0
D/PointerIcon( 2822): setMouseCustomIcon IconType is same.101
D/PointerIcon( 2822): setHoveringSpenIconStyle1 pointerType: 10001iconType:1 flag:0
D/PointerIcon( 2822): setHoveringSpenCustomIcon IconType is same.1
W/MTPRx (16729): notification from stack 21
W/ContextImpl(16729): Calling a method in the system process without a qualified user: android.app.ContextImpl.stopService:1858 android.content.ContextWrapper.stopService:511 android.content.ContextWrapper.stopService:511 com.samsung.android.MtpApplication.MtpReceiver.usbRemoved:882 com.samsung.android.MtpApplication.MtpReceiver.access$200:95
E/MTPRx (16729): Read Error Came false
E/MTPRx (16729): Read Error Came so calling usbRemoved()
W/MTPRx (16729): MTP_RUNNING_STATUS = 0
E/MTPRx (16729): sendbooster is false!
E/MtpService(16729): onDestroy.
E/MtpService(16729): Unregister Mtp disable Receiver
E/MtpService(16729): Receiver not registered: com.samsung.android.MtpApplication.MtpService$1@42238370
E/MtpService(16729): Unregister mtpEmergencyReceiver
E/MtpService(16729): Receiver not registered: com.samsung.android.MtpApplication.MtpService$2@42238650
E/MtpService(16729): unregistering mtpMediaReceiver in UnregisterAllIntent
E/MtpService(16729): Receiver not registered: com.samsung.android.MtpApplication.MtpService$3@42238930
E/MTPJNIInterface(16729): noti = 3
D/MediaProvider(12011): savePlaylistTableInBulkDeleter started
D/ (16729): USB_MTP_ENABLED AND usb_ptp_enabled!
D/ (16729): __mtp_handler_eh_notify: USB plugged out.
D/ (16729): [__mtp_handler_eh_notify:619] is_connected = 1 and is_enumeration_finished = 1
D/ (16729): [__mtp_handler_eh_notify:660] Enumeration is Complete and hence exiting the Mtp App
D/ (16729): gbin_sem_mtp semphore destroy successful
D/ (16729): [__mtp_handler_eh_notify:724] sending event to event handler thread to close...
D/ (16729): [__mtp_handler_eh_notify:733] starting mtp_deinitialize() ...
D/ (16729): cleaning MP3 properties
D/ (16729): cleaning WMA properties
D/ (16729): cleaning WMV properties
D/ (16729): cleaning ALBUM properties
D/ (16729): cleaning default properties
D/ (16729): [__mtp_handler_eh_notify:759] Checking for MMC_INSERTED and kill data threads ...
D/ (16729): [__mtp_handler_eh_notify:770] calling mtp_g_fs_mtp_init() ...
D/ (16729): ************** In mtp_g_fs_mtp_init to kill the threads
D/ (16729): [mtp_g_fs_mtp_init] ********* gfs_mode = 0 mtp_clean_usb_driver
D/ (16729): [mtp_g_fs_mtp_init] ************ Calling mtp_usb_mtp_finalize fn
E/ (16729): ****** [mtp_usb_mtp_finalize] mtp_close_fd Calling
E/ (16729): [mtp_close_fd] fd = 55...
E/ (16729): [mtp_close_fd] USB endpoint [55] closed...
E/ (16729): ****** [mtp_usb_mtp_finalize] Updating the gInitializeFlag Flag to FALSE
E/ (16729): ****** [mtp_usb_mtp_finalize] Calling mtp_stop_io
D/ (16729): mtp_stop_io going to kill source thread, th_source value = 1
D/checkbox( 6734): setChecked(2) checked=false, animate=false, mCheckBoxAnimationEnabled=false, mIsAttached=true
D/MyFiles ( 5218): MainActivity::Broadcast receive : android.intent.action.MEDIA_SCANNER_STARTED
D/DataManager( 5599): onChange = 0, active = true, uri = content://media/, this = com.sec.android.gallery3d.data.DataManager$NotifyBroker@42435e00
D/DataManager( 5599): onChange = 0, active = true, uri = content://media/, this = com.sec.android.gallery3d.data.DataManager$NotifyBroker@422f0998
D/DataManager( 5599): onChange = 0, active = true, uri = content://media/, this = com.sec.android.gallery3d.data.DataManager$NotifyBroker@47a91c90
D/checkbox( 6734): setChecked(2) checked=false, animate=false, mCheckBoxAnimationEnabled=false, mIsAttached=true
D/checkbox( 6734): setChecked(2) checked=true, animate=false, mCheckBoxAnimationEnabled=false, mIsAttached=true
D/checkbox( 6734): setChecked(2) checked=false, animate=false, mCheckBoxAnimationEnabled=false, mIsAttached=true
D/checkbox( 6734): setChecked(2) checked=false, animate=false, mCheckBoxAnimationEnabled=false, mIsAttached=true
D/checkbox( 6734): setChecked(2) checked=false, animate=false, mCheckBoxAnimationEnabled=false, mIsAttached=true
D/MediaProvider(12011): savePlaylistTableInBulkDeleter started - audio_playlists_map_personal_cache existed
I/ActivityManager( 2822): Process com.samsung.android.MtpApplication (pid 16729) (adj 0) has died.
D/MediaProvider(12011): savePlaylistTableInBulkDeleter started - audio_playlists_map_personal_cache is empty
D/MediaProvider(12011): savePlaylistTableInBulkDeleter finished
I/display ( 2289): [DYNAMIC_RECOMP] GLES_2_HWC by high FPS(16)
D/hwcutils( 2289): MppFactory::MppFactory()
D/ ( 2289): virtual LibMpp* MppFactory::CreateMpp(int, int, int, int)(6)
D/libexynosgscaler( 2289): LibMpp::LibMpp()
D/libexynosgscaler( 2289): virtual CGscaler::~CGscaler()
D/libexynosgscaler( 2289): virtual LibMpp::~LibMpp()
D/ ( 2289): virtual MppFactory::~MppFactory()
D/KeyguardUpdateMonitor( 3041): sendKeyguardVisibilityChanged(true)
D/KeyguardUpdateMonitor( 3041): handleKeyguardVisibilityChanged(1)
I/SurfaceFlinger( 2289): id=4979 Removed Tettings (19/26)
I/SurfaceFlinger( 2289): id=4979 Removed Tettings (-2/26)
D/KeyguardUpdateMonitor( 3041): sendKeyguardVisibilityChanged(true)
D/KeyguardUpdateMonitor( 3041): handleKeyguardVisibilityChanged(1)
D/dalvikvm( 2822): GC_EXPLICIT freed 7495K, 24% free 67761K/88648K, paused 8ms+19ms, total 230ms
W/InputMethodManagerService( 2822): Window already focused, ignoring focus gain of: com.android.internal.view.IInputMethodClient$Stub$Proxy@450955c8 attribute=null, token = android.os.BinderProxy@43477a88
E/ViewRootImpl( 6734): sendUserActionEvent() mView == null
I/iu.UploadsManager( 4617): End new media; added: 0, uploading: 0, time: 297 ms
D/MediaScanner(12011): Prescan. DB items number : 1363 DB_FILES_NUMBER_CACHING_LIMITATION : 7000 Caching mode : true
V/UsbDeviceManager( 2822): USB UEVENT: {USB_STATE=CONNECTED, SUBSYSTEM=android_usb, DEVPATH=/devices/virtual/android_usb/android0, SEQNUM=299547, ACTION=change}
D/UsbDeviceManager( 2822): handleMessage -> MSG_UPDATE_STATE connected = 1,configured = 0
D/UsbDeviceManager( 2822): updateUsbNotification : mConnected = true, mConfigured = false, mCurrentFunctions = mtp,adb
D/UsbDeviceManager( 2822): isUsb30Enabled: read '/sys/class/android_usb/android0/bcdUSB', state = 0200
D/UsbDeviceManager( 2822): sending intent : ACTION_USB_STATE : connected = true, configured = false, functions = mtp,adb
I/SELinux (16917): Function: selinux_android_load_priority [0], There is no sepolicy file.
I/SELinux (16917):
I/SELinux (16917): Function: selinux_android_load_priority , spota verifySig and checkHash pass. priority version is VE=SEPF_SM-T705_4.4.2_0040
I/SELinux (16917):
I/SELinux (16917):
I/SELinux (16917): selinux_android_seapp_context_reload: seapp_contexts file is loaded from /data/security/spota/seapp_contexts
E/SELinux (16917): [DEBUG] seapp_context_lookup: seinfoCategory = platform
E/dalvikvm(16917): >>>>> Normal User
E/dalvikvm(16917): >>>>> com.samsung.android.MtpApplication [ userId:0 | appId:1000 ]
E/SELinux (16917): [DEBUG] seapp_context_lookup: seinfoCategory = platform
V/MediaScanner(12011): processDirectory : /storage/emulated/0
D/DataManager( 5599): onChange = 0, active = true, uri = content://media/external/file/13, this = com.sec.android.gallery3d.data.DataManager$NotifyBroker@47a91c90
D/MediaScanner(12011): Skipping:
D/MediaScanner(12011): 7klwibgf7fvntblfd7(75ebcf7
D/DataManager( 5599): onChange = 0, active = true, uri = content://media/external/file/7, this = com.sec.android.gallery3d.data.DataManager$NotifyBroker@47a91c90
D/MediaScanner(12011): Skipping:
D/MediaScanner(12011): 7klwibgf7fvntblfd7(7DCRV75lpnvaubrtk7
D/MediaScanner(12011): Skipping:
D/MediaScanner(12011): 7klwibgf7fvntblfd7(7Budiwrd7dblb7
D/dalvikvm(16917): GC_CONCURRENT freed 3009K, 36% free 7027K/10980K, paused 1ms+1ms, total 20ms
D/dalvikvm(16917): WAIT_FOR_CONCURRENT_GC blocked 18ms
V/UsbDeviceManager( 2822): USB UEVENT: {USB_STATE=CONFIGURED, SUBSYSTEM=android_usb, DEVPATH=/devices/virtual/android_usb/android0, SEQNUM=299548, ACTION=change}
D/UsbDeviceManager( 2822): handleMessage -> MSG_UPDATE_STATE connected = 1,configured = 1
D/UsbDeviceManager( 2822): updateUsbNotification : mConnected = true, mConfigured = true, mCurrentFunctions = mtp,adb
D/UsbDeviceManager( 2822): isUsb30Enabled: read '/sys/class/android_usb/android0/bcdUSB', state = 0200
D/UsbDeviceManager( 2822): sending intent : ACTION_USB_STATE : connected = true, configured = true, functions = mtp,adb
D/UsbDeviceManager( 2822): isUsb30Enabled: read '/sys/class/android_usb/android0/bcdUSB', state = 0200
D/UsbManager( 2822): :::: isUsb30Enabled :: return = false from pid = 2822
D/MediaScanner(12011): Skipping:
D/MediaScanner(12011): 7klwibgf7fvntblfd7(75lpnvaubrtk7
D/MediaProvider(12011): bulkInsert started
D/MediaProvider(12011): [DCM] insertImagesDCM Called insertUpdateRowIds.size 0 insertOnlyRowIds.size1
E/MtpServerJNI(12011): server is null in send_object_added
D/MediaProvider(12011): bulkInsert finished
D/DataManager( 5599): onChange = 0, active = true, uri = content://media/external/file, this = com.sec.android.gallery3d.data.DataManager$NotifyBroker@47a91c90
V/MediaScanner(12011): processDirectory : /storage/extSdCard
E/MTPRx (16917): In MtpReceiverandroid.hardware.usb.action.USB_STATE
E/MTPRx (16917): check value of boot_completed is1
E/MTPRx (16917): check booting is completed_sys.boot_completed
E/MTPRx (16917): Sd-Card path/storage/extSdCard
E/MTPRx (16917): Status for mount/Unmount :mounted
E/MTPRx (16917): SDcard is available
W/MTPRx (16917): value of connected istrue
W/MTPRx (16917): value of configured isfalse
W/MTPRx (16917): value of mtpEnabled istrue
W/MTPRx (16917): value of ptpEnabled isfalse
E/MTPRx (16917): Received USB_STATE with sdCardLaunch = 0
E/MTPRx (16917): configured is false
I/ActivityManager( 2822): Killing 6885:com.sec.kidsplat.installer/u0a164 (adj 15): empty #44
D/SideSync30_SideSyncReceiver( 7030): [65:onReceive] onReceive() action : android.hardware.usb.action.USB_STATE
D/SideSync30_ConnectionManager( 7030): [309:setConnectionState] setConnectionState state : 1
D/SideSync30_ConnectionManager( 7030): [103:getMainContolState] getMainContolState CONNECTED : 0, DISCONNECTED : 1 1
E/MTPRx (16917): In MtpReceiverandroid.hardware.usb.action.USB_STATE
E/MTPRx (16917): check value of boot_completed is1
E/MTPRx (16917): check booting is completed_sys.boot_completed
E/MTPRx (16917): Sd-Card path/storage/extSdCard
E/MTPRx (16917): Status for mount/Unmount :mounted
E/MTPRx (16917): SDcard is available
W/MTPRx (16917): value of connected istrue
W/MTPRx (16917): value of configured istrue
W/MTPRx (16917): value of mtpEnabled istrue
W/MTPRx (16917): value of ptpEnabled isfalse
E/MTPRx (16917): Received USB_STATE with sdCardLaunch = 0
E/MTPRx (16917): mFirstTime: false
D/ (16917): MTP: reading debug level property
E/MTPRx (16917): String obtained from jar = 0b1e96db05d64ea4
E/MTPJNIInterface(16917): Getting CryptionKey from JAVA
E/MTPRx (16917): currentUserId is 0
E/MTPRx (16917): Start observing USB_STATE_MATCH
E/MTPRx (16917): usbMode is 0200
E/MTPRx (16917): is_secretmode is NOT 1
D/MTPRx (16917): inside checkKnoxStatus
D/MTPRx (16917): inside checkKnoxStatus_isKnoxModeActive : false
E/MTPRx (16917): sending MTP_ICON_ENABLED to stack
D/MediaScanner(12011): Skipping:
D/MediaScanner(12011): 7klwibgf7fxlKdCbid7DCRV75lpnvaubrtk7
E/MTPRx (16917): else part ... so first time!!!
E/MTPPlaObsrvr(16917): inside setContext()
E/MTPPlaObsrvr(16917): inside createplafiles
E/MTPPlaObsrvr(16917): playlist count is0
E/MTPPlaObsrvr(16917): inside try branch createplafiles
E/MTPPlaObsrvr(16917): inside deleteing plas createplafiles
E/MTPPlaObsrvr(16917): Inside registerContentObserver
E/MtpAdbObserver(16917): inside setContext()
E/MtpAdbObserver(16917): Inside registerContentObserver
W/Settings(16917): Setting adb_enabled has moved from android.provider.Settings.System to android.provider.Settings.Global, returning read-only global URI.
E/MtpService(16917): onCreate.
E/MtpService(16917): < MTP > Registering BroadCast receiver :::::
E/MtpService(16917): < MTP > Registering BroadCast registerBroadCastPolicyRec :::::
E/MtpService(16917): < MTP > Registering BroadCast registerBroadCastEmergencyRec :::::
E/MtpService(16917): onStartCommand.
D/MtpService(12011): addStorageLocked 65537 /storage/emulated/0
D/MtpService(12011): addStorageLocked 131073 /storage/extSdCard
W/MTPRx (16917): calling native method
E/MTPJNIInterface(16917): < MTP > Registering BroadCast receiver :::::
E/MtpService(16917): handleMessage. msg= { when=0 what=0 arg1=1 obj=Intent { cmp=com.samsung.android.MtpApplication/.MtpService } target=com.samsung.android.MtpApplication.MtpService$ServiceHandler }
D/MtpService(12011): starting MTP server in MTP mode
E/MtpServerJNI(12011): could not open MTP driver, errno: 2
D/MtpService(12011): addStorageLocked 65537 /storage/emulated/0
E/MtpServerJNI(12011): server is null in add_storage
D/MtpService(12011): addStorageLocked 131073 /storage/extSdCard
E/MtpServerJNI(12011): server is null in add_storage
E/MTPJNIInterface(16917): < MTP > Registering BroadCast receiver :::::::
E/MtpServerJNI(12011): server is null in run
E/MtpServerJNI(12011): server is null in cleanup
E/MTPJNIInterface(16917): noti = 10
W/MTPRx (16917): calling native method
E/MTPRx (16917): Checking the driver time out
E/MTPJNIInterface(16917): noti = 2
D/ (16917): deleting sockets before message queue initialization
D/ (16917): event handler thread is created, so set the flag
D/SideSync30_SideSyncReceiver( 7030): [65:onReceive] onReceive() action : android.hardware.usb.action.USB_STATE
E/MTPRx (16917): called native method
E/MTPJNIInterface(16917): Getting media scanner status0
E/MTPJNIInterface(16917): setting Media scanner status0
E/MTPJNIInterface(16917): After setting Media scanner status0
E/MtpService(16917): onStartCommand.
D/SideSync30_ConnectionManager( 7030): [309:setConnectionState] setConnectionState state : 1
E/MtpService(16917): handleMessage. msg= { when=0 what=0 arg1=2 obj=Intent { cmp=com.samsung.android.MtpApplication/.MtpService } target=com.samsung.android.MtpApplication.MtpService$ServiceHandler }
E/MTPJNIInterface(16917): DeviceName is ikkedintablet
W/MTPRx (16917): notification from stack 1
D/SideSync30_ConnectionManager( 7030): [103:getMainContolState] getMainContolState CONNECTED : 0, DISCONNECTED : 1 1
D/DataRouter( 2301): After the usb select
D/DataRouter( 2301): read usb data[len:1]
D/DataRouter( 2301): read usb data message:A
D/DataRouter( 2301): Before the usb select
E/SMD ( 2302): ***Received data notification[DR->SMD]***
E/SMD ( 2302): Message:A
E/SMD ( 2302): Sending data to SMD: Len = [1]
E/SMD ( 2302): buffer = [A]
E/SMD ( 2302): Wrote 1 chars to SMD PORT fd=7 ch = 41
D/BatteryService( 2822): level:25, scale:100, status:3, health:2, present:true, voltage: 3694, temperature: 243, technology: Li-ion, AC powered:false, USB powered:true, Wireless powered:false, icon:17303560, invalid charger:0, online:4, current avg:53, charge type:1, power sharing:false
D/BatteryService( 2822): Sending ACTION_BATTERY_CHANGED.
D/KeyguardUpdateMonitor( 3041): received broadcast android.intent.action.BATTERY_CHANGED
D/KeyguardUpdateMonitor( 3041): handleBatteryUpdate
D/STATUSBAR-PhoneStatusBar( 3041): mBrightnessEnablebySettings = true mBrightnessEnablebyBattery = true mBrightnessEnablebyDisableFlag = true mPmsBrightnessEnablebySettings = true
D/Brightness( 3804): mIntentReceiver.onReceive: action=android.intent.action.BATTERY_CHANGED, intent=Intent { act=android.intent.action.BATTERY_CHANGED flg=0x60000010 (has extras) }
D/MainActivityBaseUi.java( 3804): in brightness disabled on critical battery low
D/STATUSBAR-IconMerger( 3041): checkOverflow(1200), More:false, Req:false Child:2
D/BatteryMeterView( 3041): ACTION_BATTERY_CHANGED : level:25 status:3 health:2
D/DataRouter( 2301): After the usb select
D/DataRouter( 2301): read usb data[len:1]
D/DataRouter( 2301): read usb data message:T
D/DataRouter( 2301): Before the usb select
E/SMD ( 2302): ***Received data notification[DR->SMD]***
E/SMD ( 2302): Message:T
E/SMD ( 2302): Sending data to SMD: Len = [1]
E/SMD ( 2302): buffer = [T]
E/SMD ( 2302): Wrote 1 chars to SMD PORT fd=7 ch = 54
D/DataRouter( 2301): After the usb select
D/DataRouter( 2301): read usb data[len:1]
D/DataRouter( 2301): read usb data message:
D/DataRouter( 2301): Before the usb select
E/SMD ( 2302): ***Received data notification[DR->SMD]***
E/SMD ( 2302): Message:
E/SMD ( 2302): Sending data to SMD: Len = [1]
E/SMD ( 2302): buffer = []
E/SMD ( 2302): Wrote 1 chars to SMD PORT fd=7 ch = d
E/MTPJNIInterface(16917): Status for mount/Unmount :mounted
E/MTPJNIInterface(16917): SDcard is available
D/dalvikvm(12011): GC_EXPLICIT freed 1204K, 27% free 8658K/11832K, paused 4ms+3ms, total 31ms
D/DataManager( 5599): onChange = 0, active = true, uri = content://media/external/file/799, this = com.sec.android.gallery3d.data.DataManager$NotifyBroker@47a91c90
D/MediaScanner(12011): Skipping:
D/MediaScanner(12011): 7klwibgf7fxlKdCbid7Budiwrd7dblb7
E/MTPJNIInterface(16917): Status for mount/Unmount :removed
E/MTPJNIInterface(16917): SDcard is not available
E/MTPJNIInterface(16917): Status for mount/Unmount :removed
E/MTPJNIInterface(16917): SDcard is not available
E/MTPJNIInterface(16917): Status for mount/Unmount :removed
E/MTPJNIInterface(16917): SDcard is not available
E/MTPJNIInterface(16917): Status for mount/Unmount :mounted
E/MTPJNIInterface(16917): SDcard is available
E/SQLiteLog(16917): (21) API call with NULL database connection pointer
E/SQLiteLog(16917): (21) misuse at line 96835 of [00bb9c9ce4]
E/SQLiteLog(16917): (21) API call with NULL database connection pointer
E/SQLiteLog(16917): (21) misuse at line 93311 of [00bb9c9ce4]
E/SQLiteLog(16917): (21) API call with NULL database connection pointer
E/SQLiteLog(16917): (21) misuse at line 93311 of [00bb9c9ce4]
E/SQLiteLog(16917): (21) API call with NULL database connection pointer
E/SQLiteLog(16917): (21) misuse at line 96835 of [00bb9c9ce4]
W/MTPRx (16917): notification from stack 2
D/ (16917): [mtp_init_device] Going to open(): /dev/usb_mtp_gadget
E/ (16917): [mtp_init_device] After open the MTP fd = 55 and line = 678...
D/ (16917): [mtp_init_device] IOCTL SET_MTP_USER_PID Sucesss
D/ (16917): *****Starting mtp_io()
W/MTPRx (16917): notification from stack 3
D/ (16917): [mtp_start_io] source_thread Creation
D/ (16917): [mtp_start_io] sink_thread Creation
D/ (16917): [mtp_start_io:360] sink thread created so set th_sink
W/MTPRx (16917): notification from stack 14
E/MTPRx (16917): Open session has come remove the Message false
W/MTPRx (16917): notification from stack 3
W/MTPRx (16917): notification from stack 14
E/MTPRx (16917): Open session has come remove the Message false
W/MTPRx (16917): notification from stack 3
D/UsbDebuggingManager( 2822): showConfirmationDialog : UsbDebuggingActivity start
D/UsbDebuggingManager( 2822): showConfirmationDialog : startActivity
V/ApplicationPolicy( 2822): isApplicationStateBlocked userId 0 pkgname com.android.systemui
W/ContextImpl( 2822): Calling a method in the system process without a qualified user: android.app.ContextImpl.startActivity:1393 com.android.server.usb.UsbDebuggingManager.showConfirmationDialog:277 com.android.server.usb.UsbDebuggingManager.access$900:50 com.android.server.usb.UsbDebuggingManager$UsbDebuggingHandler.handleMessage:224 android.os.Handler.dispatchMessage:102
W/ContextImpl( 2822): Calling a method in the system process without a qualified user: android.app.ContextImpl.startActivity:1405 android.app.ContextImpl.startActivity:1394 com.android.server.usb.UsbDebuggingManager.showConfirmationDialog:277 com.android.server.usb.UsbDebuggingManager.access$900:50 com.android.server.usb.UsbDebuggingManager$UsbDebuggingHandler.handleMessage:224
D/CustomFrequencyManagerService( 2822): acquireDVFSLockLocked : type : DVFS_MIN_LIMIT frequency : 1800000 uid : 1000 pid : 2822 pkgName : ACTIVITY_RESUME_BOOSTER@4
W/ActivityManager( 2822): mDVFSHelper.acquire()
I/SQLiteSecureOpenHelper( 3992): getWritableDatabase(pwd)
I/SQLiteSecureOpenHelper( 3992): getDatabaseLocked(b,b,pwd)...
D/PointerIcon( 2822): setMouseIconStyle1 pointerType: 1001iconType:101 flag:0
D/PointerIcon( 2822): setMouseCustomIcon IconType is same.101
D/PointerIcon( 2822): setHoveringSpenIconStyle1 pointerType: 10001iconType:1 flag:0
D/PointerIcon( 2822): setHoveringSpenCustomIcon IconType is same.1 V/SmartFaceService - 3rd party pause( 2822): onReceive [android.intent.action.ACTIVITY_STATE/com.android.settings/pause]
I/WifiEnabler( 6734): Pause : 3
D/KeyguardViewManager( 3041): mWindowLayoutParams not null
D/PowerManagerService( 2822): SystemPowerSaveModeReceiver onReceive
D/PowerManagerService( 2822): [api] updateSettingsLocked : mDreamsEnabledSetting: false mDreamsActivateOnSleepSetting: true mDreamsActivateOnDockSetting: false mScreenOffTimeoutSetting: 120000 mStayOnWhilePluggedInSetting: 0 mScreenBrightnessSetting: 142 mDynamicAutoBrightnessRatioValueSetting: 100 mScreenAutoBrightnessAdjustmentSetting: 0.0 mScreenBrightnessModeSetting: 1 mSmartStayEnabledSetting: false mTouchKeyOffTimeoutSetting: 1500 mPowerSaveModeSettingBroadcasted false mLimitedPerformanceBroadcasted true mTouchKeyForceDisableOverrideFromSystemPowerSaveMode: false mATTautoPowerSavingModeSetting: false mATTautoPowerSavingModeSuspend: false mEmergencyMode false mAutoPowerOffTimeoutSetting: 0 mSecuredLockEnableSetting: 0 mSecuredLockTimeoutSetting: -1
D/KeyguardUpdateMonitor( 3041): sendKeyguardVisibilityChanged(true)
W/ContextImpl( 6734): Calling a method in the system process without a qualified user: android.app.ContextImpl.sendBroadcast:1496 android.content.ContextWrapper.sendBroadcast:377 com.android.settings.dormantmode.DormantModeEnabler.pause:118 com.android.settings.Settings$HeaderAdapter.pause:4726 com.android.settings.Settings.onPause:1781
W/ContextImpl( 6734): Calling a method in the system process without a qualified user: android.app.ContextImpl.sendBroadcast:1496 android.content.ContextWrapper.sendBroadcast:377 com.android.settings.personalpage.PersonalPageEnabler.pause:103 com.android.settings.Settings$HeaderAdapter.pause:4727 com.android.settings.Settings.onPause:1781
D/KeyguardUpdateMonitor( 3041): handleKeyguardVisibilityChanged(1)
V/NearbySettings( 6734): NearbyEnabler.pause - TYPE_SETTINGS V/AllShare(ASF-DMSLIB)(16830): (Service)MediaServerService: .mIBinder - pause: delayed finish
V/NearbySettings( 6734): NearbyEnabler.unregisterBroadcastReceiver -
V/NearbySettings( 6734): NearbyEnabler.pause - isBound: true V/AllShare(ASF-DMSLIB)(16830): (Service)MediaServerService: .onUnbind -
I/PersonaManager( 3041): getPersonaService() name persona_policy
D/KeyguardUpdateMonitor( 3041): sendKeyguardVisibilityChanged(true) V/SmartFaceService - 3rd party pause( 2822): onReceive [android.intent.action.ACTIVITY_STATE/com.android.systemui/create]
D/StatusBarManagerService( 2822): semi p:3041,o:f
D/KeyguardUpdateMonitor( 3041): handleKeyguardVisibilityChanged(1)
D/PhoneStatusBar( 3041): setSemiTransparentMode=false, mTransparentMode=false, mSemiTransparentMode=false, mMultiWindowMode=false
I/SurfaceFlinger( 2289): id=4980 createSurf (1x1),1 flag=4, VsbDebuggin
I/SpenGestureManager( 2822): setFocusWindow21070
D/KeyguardUpdateMonitor( 3041): sendKeyguardVisibilityChanged(true)
D/STATUSBAR-StatusBarManagerService( 2822): manageDisableList what=0x0 pkg=WindowManager.LayoutParams
D/KeyguardUpdateMonitor( 3041): sendKeyguardVisibilityChanged(true)
D/PointerIcon( 2822): setMouseIconStyle1 pointerType: 1001iconType:101 flag:0
D/PointerIcon( 2822): setMouseCustomIcon IconType is same.101
D/PointerIcon( 2822): setHoveringSpenIconStyle1 pointerType: 10001iconType:1 flag:0
D/PointerIcon( 2822): setHoveringSpenCustomIcon IconType is same.1
D/mali_winsys( 3041): new_window_surface returns 0x3000
D/KeyguardUpdateMonitor( 3041): handleKeyguardVisibilityChanged(1)
D/KeyguardUpdateMonitor( 3041): handleKeyguardVisibilityChanged(1)
D/KeyguardUpdateMonitor( 3041): sendKeyguardVisibilityChanged(true)
D/KeyguardUpdateMonitor( 3041): sendKeyguardVisibilityChanged(true)
D/KeyguardUpdateMonitor( 3041): sendKeyguardVisibilityChanged(true)
D/KeyguardUpdateMonitor( 3041): handleKeyguardVisibilityChanged(1)
D/KeyguardUpdateMonitor( 3041): handleKeyguardVisibilityChanged(1)
D/KeyguardUpdateMonitor( 3041): handleKeyguardVisibilityChanged(1)
D/hwcutils( 2289): MppFactory::MppFactory()
D/ ( 2289): virtual LibMpp* MppFactory::CreateMpp(int, int, int, int)(6)
D/libexynosgscaler( 2289): LibMpp::LibMpp()
W/MediaScanner(12011): Error opening directory, reason : Permission denied.
W/MediaScanner(12011): 7klwibgf7fxlKdCbid75budiwrd_kfcnif7
D/MediaProvider(12011): restorePlaylistTableConfiguration started
D/MediaProvider(12011): restorePlaylistTableConfiguration for sdcard
V/MediaScanner(12011): prescan time: 366ms (DB items: 1363)
V/MediaScanner(12011): scan time: 976ms (Caching mode: true), (makeEntry time: 351ms ~35%), (parsing time: 0ms ~0%), (bitmapDecoding time: 0ms ~0%), (exifExtracting time : 0ms ~0%), (sefExtracting time : 0ms ~0%), (bulkInserter time : 9ms ~0%)
V/MediaScanner(12011): postscan time: 4ms (bulkDeleter : 0), (delete DeadThumbnail time : 0ms)
V/MediaScanner(12011): total time: 1346ms
V/MediaScanner(12011): checked files: 1274 directories : 90 (I: 1, U: 3)
D/MediaProvider(12011): restorePlaylistTableConfiguration finished
D/MyFiles ( 5218): MainActivity::Broadcast receive : android.intent.action.MEDIA_SCANNER_FINISHED
E/CscFactoryReceiver( 3228): onReceive android.intent.action.MEDIA_SCANNER_FINISHED
D/CscFactoryReceiver( 3228): Media DB Scanner finished.
D/CscFactoryReceiver( 3228): start service to Set Ringtone
D/MediaScannerService(12011): !@done scanning volume external
E/MTPJNIInterface(16917): In MTPJNIINterface onReceive:android.intent.action.MEDIA_SCANNER_FINISHED
D/CscFactoryReceiver( 3228): start service to Set Notification
D/CscFactoryReceiver( 3228): start service to Set Alarmtone
D/CscUpdateService( 3228): onStart
E/CscUpdateService( 3228): costomer file is exists : it has been preconfiged.
D/CscUpdateService( 3228): only ringtone update
D/CscUpdateService( 3228): onStart
E/CscUpdateService( 3228): costomer file is exists : it has been preconfiged.
D/CscUpdateService( 3228): only notification update
D/CscUpdateService( 3228): onStart
E/CscUpdateService( 3228): costomer file is exists : it has been preconfiged.
D/CscUpdateService( 3228): only alarmtone update
E/CscParser( 3228): update(): xml file exist
I/SELinux (16945): Function: selinux_android_load_priority [0], There is no sepolicy file.
I/SELinux (16945):
E/CscParser( 3228): update(): xml file exist
E/CscParser( 3228): update(): xml file exist
I/SELinux (16945): Function: selinux_android_load_priority , spota verifySig and checkHash pass. priority version is VE=SEPF_SM-T705_4.4.2_0040
I/SELinux (16945):
I/SELinux (16945):
I/SELinux (16945): selinux_android_seapp_context_reload: seapp_contexts file is loaded from /data/security/spota/seapp_contexts
E/SELinux (16945): [DEBUG] seapp_context_lookup: seinfoCategory = platform
E/dalvikvm(16945): >>>>> Normal User
E/dalvikvm(16945): >>>>> com.samsung.indexservice [ userId:0 | appId:10003 ]
E/SELinux (16945): [DEBUG] seapp_context_lookup: seinfoCategory = platform
D/libexynosgscaler( 2289): virtual CGscaler::~CGscaler()
D/libexynosgscaler( 2289): virtual LibMpp::~LibMpp()
D/ ( 2289): virtual MppFactory::~MppFactory()
D/dalvikvm( 3228): GC_CONCURRENT freed 1006K, 25% free 9462K/12580K, paused 4ms+3ms, total 43ms
D/dalvikvm( 3228): WAIT_FOR_CONCURRENT_GC blocked 28ms
D/dalvikvm( 3228): WAIT_FOR_CONCURRENT_GC blocked 29ms
D/dalvikvm( 3228): WAIT_FOR_CONCURRENT_GC blocked 29ms
W/CSCSettings( 3228): Setting Ringtones (type) : 1
D/CscParser( 3228): RingTone: null
W/CSCSettings( 3228): 1. Tag_Str: null
W/CSCSettings( 3228): Setting Ringtones (type) : 4
D/CscParser( 3228): AlarmTone: null
W/CSCSettings( 3228): 1. Tag_Str: null
W/CSCSettings( 3228): Setting Ringtones (type) : 2
D/CscParser( 3228): MessageTone: null
W/CSCSettings( 3228): 1. Tag_Str: null
D/KeyguardUpdateMonitor( 3041): sendKeyguardVisibilityChanged(true)
D/KeyguardUpdateMonitor( 3041): handleKeyguardVisibilityChanged(1)
D/CustomFrequencyManagerService( 2822): releaseDVFSLockLocked : Getting Lock type frm List : DVFS_MIN_LIMIT frequency : 1800000 uid : 1000 pid : 2822 tag : ACTIVITY_RESUME_BOOSTER@4
W/ActivityManager( 2822): mDVFSHelper.release()
D/KeyguardUpdateMonitor( 3041): sendKeyguardVisibilityChanged(true)
D/KeyguardUpdateMonitor( 3041): handleKeyguardVisibilityChanged(1)
D/CustomFrequencyManagerService( 2822): acquireDVFSLockLocked : type : DVFS_MIN_LIMIT frequency : 1800000 uid : 1000 pid : 2822 pkgName : ACTIVITY_RESUME_BOOSTER@8
D/SensorService( 2822): -0.0 0.3 10.0
D/dalvikvm(16945): GC_CONCURRENT freed 3008K, 36% free 7029K/10980K, paused 2ms+0ms, total 13ms
D/dalvikvm(16945): WAIT_FOR_CONCURRENT_GC blocked 9ms
I/IndexBroadcastProcessorService(16945): lucene onHandleIntent-ACTION_MEDIA_SCANNER_FINISHED
I/SELinux (16961): Function: selinux_android_load_priority [0], There is no sepolicy file.
I/SELinux (16961):
I/IndexBroadcastProcessorService(16945): lucene systemReadyToIndex
I/IndexService(16945): lucene onCreate ...service
I/SELinux (16961): Function: selinux_android_load_priority , spota verifySig and checkHash pass. priority version is VE=SEPF_SM-T705_4.4.2_0040
I/SELinux (16961):
I/SELinux (16961):
I/SELinux (16961): selinux_android_seapp_context_reload: seapp_contexts file is loaded from /data/security/spota/seapp_contexts
E/SELinux (16961): [DEBUG] seapp_context_lookup: seinfoCategory = platform
E/dalvikvm(16961): >>>>> Normal User
E/dalvikvm(16961): >>>>> com.sec.factory [ userId:0 | appId:1000 ]
E/SELinux (16961): [DEBUG] seapp_context_lookup: seinfoCategory = platform
D/dalvikvm(16961): GC_CONCURRENT freed 3017K, 37% free 7021K/10980K, paused 1ms+1ms, total 14ms
D/dalvikvm(16961): WAIT_FOR_CONCURRENT_GC blocked 13ms
D/FactoryTestApp(16961): [FactoryTestBroadcastReceiver$onReceive] onReceive action=android.intent.action.MEDIA_SCANNER_FINISHED
D/FactoryTestApp(16961): [XMLDataStorage$parseXML] is Live Demo : false
D/FactoryTestApp(16961): [XMLDataStorage$parseXML] modelXML=sm-t705.dat
D/FactoryTestApp(16961): [XMLDataStorage$parseXML] deviceXML=klimtlte.dat
W/ActivityThread(16961): ClassLoader.getResources: The class loader returned by Thread.getContextClassLoader() may fail for processes that host multiple applications. You should explicitly specify a context class loader. For example: Thread.setContextClassLoader(getClass().getClassLoader());
D/FactoryTestApp(16961): [XMLDataStorage$parseXML] nameXML=klimtltexx.dat
I/FactoryTestApp(16961): [XMLDataStorage$parseAsset] Convert dat file: sm-t705.dat
D/FactoryTestApp(16961): [XMLDataStorage$parseAsset] Decode base file: factory.dat
I/dalvikvm(16945): Could not find method java.lang.management.ManagementFactory.getPlatformMBeanServer, referenced from method org.apache.lucene.util.RamUsageEstimator.
W/dalvikvm(16945): VFY: unable to resolve static method 5877: Ljava/lang/management/ManagementFactory;.getPlatformMBeanServer ()Ljavax/management/MBeanServer;
D/dalvikvm(16945): VFY: replacing opcode 0x71 at 0x01ed
I/IndexService(16945): lucene beginIndexing
D/dalvikvm(16961): GC_CONCURRENT freed 2449K, 32% free 7541K/10980K, paused 2ms+2ms, total 13ms
I/display ( 2289): [DYNAMIC_RECOMP] HWC_2_GLES by low FPS(0)
D/CustomFrequencyManagerService( 2822): releaseDVFSLockLocked : Getting Lock type frm List : DVFS_MIN_LIMIT frequency : 1800000 uid : 1000 pid : 2822 tag : ACTIVITY_RESUME_BOOSTER@8
D/FactoryTestApp(16961): [XMLDataStorage$redefinitionById] id=FACTORY_TEST_APP
D/FactoryTestApp(16961): [XMLDataStorage$redefinitionById] id=FACTORY_TEST_COMMAND
D/FactoryTestApp(16961): [XMLDataStorage$redefinitionById] id=FAILHIST_VERSION
D/FactoryTestApp(16961): [XMLDataStorage$redefinitionById] id=MODEL_NAME
D/FactoryTestApp(16961): [XMLDataStorage$redefinitionById] id=MODEL_NUMBER
D/FactoryTestApp(16961): [XMLDataStorage$redefinitionById] id=MODEL_HARDWARE_REVISION
D/FactoryTestApp(16961): [XMLDataStorage$redefinitionById] id=MODEL_COMMUNICATION_MODE
