I/DEBUG ( 2288): memory near r9:
I/DEBUG ( 2288): 7dc6afe8 00000000 00000000 00000018 00000013
I/DEBUG ( 2288): 7dc6aff8 00000002 00000000 00000000 0000001b
I/DEBUG ( 2288): 7dc6b008 7a775b80 00000000 00000002 00000001
I/DEBUG ( 2288): 7dc6b018 7b3255e0 0000003b 790b58d0 00000000
I/DEBUG ( 2288): 7dc6b028 0005002b 00000000 7a87a850 00000007
I/DEBUG ( 2288): 7dc6b038 00000001 7b5fb2c0 7b327f08 00000000
I/DEBUG ( 2288): 7dc6b048 7a731228 00020005 7dc6fe18 00000013
I/DEBUG ( 2288): 7dc6b058 00000000 00000029 400841d0 00000013
I/DEBUG ( 2288): 7dc6b068 00000000 00000000 7dc702b0 00000013
I/DEBUG ( 2288): 7dc6b078 00000000 400841b8 00000010 0000003b
I/DEBUG ( 2288): 7dc6b088 790b58d0 00000000 0005002b 00000000
I/DEBUG ( 2288): 7dc6b098 7a87a850 00000007 00000001 7eded868
I/DEBUG ( 2288): 7dc6b0a8 7edf8780 00000000 7a731228 00020005
I/DEBUG ( 2288): 7dc6b0b8 00000000 00000013 00000000 00000039
I/DEBUG ( 2288): 7dc6b0c8 400841e0 00000013 00000000 00000000
I/DEBUG ( 2288): 7dc6b0d8 7dc702b0 00000013 00000000 400841c8
I/DEBUG ( 2288):
I/DEBUG ( 2288): memory near sl:
I/DEBUG ( 2288): 7a87a830 7a776180 7c29bed8 7a77625c 00000000
I/DEBUG ( 2288): 7a87a840 00000000 7c29bf80 7a87a7f0 00000000
I/DEBUG ( 2288): 7a87a850 7a7762b0 7c28b708 7a87a7f0 7dc69ca8
I/DEBUG ( 2288): 7a87a860 7c29b490 7c28fd70 7c29ace0 7b248f00
I/DEBUG ( 2288): 7a87a870 7b248f08 7b248f08 00000000 00000002
I/DEBUG ( 2288): 7a87a880 00000000 00000000 00000000 00000000
I/DEBUG ( 2288): 7a87a890 ffffeff8 00000000 ffffeff8 00000000
I/DEBUG ( 2288): 7a87a8a0 00000000 7c29bdf0 7c29be50 7c29be70
I/DEBUG ( 2288): 7a87a8b0 00000001 7dc69d38 7dc6e018 00000000
I/DEBUG ( 2288): 7a87a8c0 00030d40 00000000 7dc6b1a8 7dc6b100
I/DEBUG ( 2288): 7a87a8d0 00000000 00000000 7b3288b0 7b4024e0
I/DEBUG ( 2288): 7a87a8e0 7b40dab0 00000004 7dc6ac80 00000000
I/DEBUG ( 2288): 7a87a8f0 7c892d10 7c2961c0 7c892be0 7c8a2350
I/DEBUG ( 2288): 7a87a900 7c29bd10 7c294fc0 7c294fd0 7c30a3e0
I/DEBUG ( 2288): 7a87a910 7c29b5a0 7c29b668 7c29b730 7c29b7f8
I/DEBUG ( 2288): 7a87a920 7c29b8c0 7c29b988 7c84fd40 7898b1a8
I/DEBUG ( 2288):
I/DEBUG ( 2288): memory near fp:
I/DEBUG ( 2288): 7b6fe8d4 40057b88 7b6fe908 78afa3a8 84249ab8
I/DEBUG ( 2288): 7b6fe8e4 7b6fe908 7b6fe944 00000003 7b6fe918
I/DEBUG ( 2288): 7b6fe8f4 78af7394 7b6fe908 7b6fe944 7b6fe914
I/DEBUG ( 2288): 7b6fe904 7b6fe944 84249ab8 7b6fe920 78eb3cf8
I/DEBUG ( 2288): 7b6fe914 7b6fe95c 78aefe08 78eb38f0 78eb5fb8
I/DEBUG ( 2288): 7b6fe924 78eb5fa0 000000e1 00000000 7b6fe95c
I/DEBUG ( 2288): 7b6fe934 000000e1 78eb5fa0 78eb5fb8 00000001
I/DEBUG ( 2288): 7b6fe944 00000001 0000084f 78eb38b0 78eb3cf8
I/DEBUG ( 2288): 7b6fe954 78eb0d10 7b6fe974 78b04160 7b6fe984
I/DEBUG ( 2288): 7b6fe964 7898a7dc 7b6fe97c 00000000 7b6fe98c
I/DEBUG ( 2288): 7b6fe974 78b03d08 7b6fe99c 7898a7dc 7b6fe9c4
I/DEBUG ( 2288): 7b6fe984 00000000 7b6fe99c 78d972e0 7edfac08
I/DEBUG ( 2288): 7b6fe994 7b6fe9b0 7b6fe9e4 78d9a760 842499a0
I/DEBUG ( 2288): 7b6fe9a4 00000000 842499a0 7edfac08 7898a7dc
I/DEBUG ( 2288): 7b6fe9b4 00000000 7898a7c0 7b318e30 7a87a8d4
I/DEBUG ( 2288): 7b6fe9c4 7edfac08 842499a0 00000000 00050002
I/DEBUG ( 2288):
I/DEBUG ( 2288): memory near ip:
I/DEBUG ( 2288): 7a87a8b4 7dc69d38 7dc6e018 00000000 00030d40
I/DEBUG ( 2288): 7a87a8c4 00000000 7dc6b1a8 7dc6b100 00000000
I/DEBUG ( 2288): 7a87a8d4 00000000 7b3288b0 7b4024e0 7b40dab0
I/DEBUG ( 2288): 7a87a8e4 00000004 7dc6ac80 00000000 7c892d10
I/DEBUG ( 2288): 7a87a8f4 7c2961c0 7c892be0 7c8a2350 7c29bd10
I/DEBUG ( 2288): 7a87a904 7c294fc0 7c294fd0 7c30a3e0 7c29b5a0
I/DEBUG ( 2288): 7a87a914 7c29b668 7c29b730 7c29b7f8 7c29b8c0
I/DEBUG ( 2288): 7a87a924 7c29b988 7c84fd40 7898b1a8 7a87a944
I/DEBUG ( 2288): 7a87a934 79f47454 7a6ccf5c 00000001 00000000
I/DEBUG ( 2288): 7a87a944 79e52440 7a77d000 bee801bc 7a87adb4
I/DEBUG ( 2288): 7a87a954 79e52568 00000000 00000000 00000000
I/DEBUG ( 2288): 7a87a964 00000001 00000000 00000000 00000000
I/DEBUG ( 2288): 7a87a974 00000000 00000000 00000000 00000000
I/DEBUG ( 2288): 7a87a984 00000000 00000100 00000001 7a87a998
I/DEBUG ( 2288): 7a87a994 00000000 7898b1b8 00000000 00000000
I/DEBUG ( 2288): 7a87a9a4 00000000 00000000 00000000 00000000
I/DEBUG ( 2288):
I/DEBUG ( 2288): memory near sp:
I/DEBUG ( 2288): 7b6fe860 84249bc8 84249b40 7b6fe87c 78ae5a04
I/DEBUG ( 2288): 7b6fe870 00000000 7b6fe890 400801d8 72b8bd90
I/DEBUG ( 2288): 7b6fe880 00000006 00000016 000040e2 7a87a8d4
I/DEBUG ( 2288): 7b6fe890 7a87a8d4 400490e1 00000006 00000000
I/DEBUG ( 2288): 7b6fe8a0 00000000 400492f5 7b6fe8b4 4004802b
I/DEBUG ( 2288): 7b6fe8b0 7b6fe944 ffffffdf 7b6fe8cc 790b8eb8
I/DEBUG ( 2288): 7b6fe8c0 7b6fe8e0 7898a7cc 7b6fe8f4 7898a7cc
I/DEBUG ( 2288): 7b6fe8d0 7c27ba60 40057b88 7b6fe908 78afa3a8
I/DEBUG ( 2288): 7b6fe8e0 84249ab8 7b6fe908 7b6fe944 00000003
I/DEBUG ( 2288): 7b6fe8f0 7b6fe918 78af7394 7b6fe908 7b6fe944
I/DEBUG ( 2288): 7b6fe900 7b6fe914 7b6fe944 84249ab8 7b6fe920
I/DEBUG ( 2288): 7b6fe910 78eb3cf8 7b6fe95c 78aefe08 78eb38f0
I/DEBUG ( 2288): 7b6fe920 78eb5fb8 78eb5fa0 000000e1 00000000
I/DEBUG ( 2288): 7b6fe930 7b6fe95c 000000e1 78eb5fa0 78eb5fb8
I/DEBUG ( 2288): 7b6fe940 00000001 00000001 0000084f 78eb38b0
I/DEBUG ( 2288): 7b6fe950 78eb3cf8 78eb0d10 7b6fe974 78b04160
I/DEBUG ( 2288):
I/DEBUG ( 2288): code around pc:
I/DEBUG ( 2288): 400582b0 e8bd00f0 e3700a01 912fff1e e2600000
I/DEBUG ( 2288): 400582c0 ea006e86 e92d50f0 e3a07f43 ef000000
I/DEBUG ( 2288): 400582d0 e8bd50f0 e3700a01 912fff1e e2600000
I/DEBUG ( 2288): 400582e0 ea006e7e e92d50f0 e3a070ee ef000000
I/DEBUG ( 2288): 400582f0 e8bd50f0 e3700a01 912fff1e e2600000
I/DEBUG ( 2288): 40058300 ea006e76 e1520003 8a00008c f5d1f040
I/DEBUG ( 2288): 40058310 e92d4001 e3520010 3a000024 e2603000
I/DEBUG ( 2288): 40058320 e213300f 0a00000e e0422003 e1b0cf83
I/DEBUG ( 2288): 40058330 44d1e001 44c0e001 24d1c001 24d1e001
I/DEBUG ( 2288): 40058340 24c0c001 24c0e001 e1b0ce83 aa000001
I/DEBUG ( 2288): 40058350 f4a1030d f480031d 3a000001 f421070d
I/DEBUG ( 2288): 40058360 f400071d e2522040 3a000006 f421020d
I/DEBUG ( 2288): 40058370 f421420d f5d1f100 e2522040 f400022d
I/DEBUG ( 2288): 40058380 f400422d 2afffff8 e2922020 3a000002
I/DEBUG ( 2288): 40058390 f421020d e2422020 f400022d e2822020
I/DEBUG ( 2288): 400583a0 e3120010 0a000001 f4210a0d f4000a2d
I/DEBUG ( 2288):
I/DEBUG ( 2288): code around lr:
I/DEBUG ( 2288): 400490c0 447b4b13 42b3e010 4812d10e 44786a1e
I/DEBUG ( 2288): 400490d0 ec90f7fb ea42f00d 46224631 e8f2f00f
I/DEBUG ( 2288): 400490e0 d00a3001 e00b2400 2b00681b 480ad1eb
I/DEBUG ( 2288): 400490f0 44782403 ec7ef7fb f001e002 6804fa87
I/DEBUG ( 2288): 40049100 fa84f001 46206005 bf00bd70 0003b2e2
I/DEBUG ( 2288): 40049110 0003b2d6 0003b2ce 0003b2aa bf7ef7ff
I/DEBUG ( 2288): 40049120 4a3e4b3d 43f0e92d 4606b08b 447b460d
I/DEBUG ( 2288): 40049130 6823589c 930946a1 fa68f001 8000f8d0
I/DEBUG ( 2288): 40049140 d0482d00 f00f4628 280fffc3 d8444604
I/DEBUG ( 2288): 40049150 ffe4f7ff d1064286 4629200f e90cf00d
I/DEBUG ( 2288): 40049160 d03c2800 482ee02e f7fb4478 482debc2
I/DEBUG ( 2288): 40049170 e0154478 d11342b0 482b6a06 f7fb4478
I/DEBUG ( 2288): 40049180 4a2aec3a 46332120 447aa801 fb44f013
I/DEBUG ( 2288): 40049190 a8012101 fe46f01a 46061c42 e011d104
I/DEBUG ( 2288): 400491a0 28006800 e02cd1e6 46294630 f00d4622
I/DEBUG ( 2288): 400491b0 1c43e948 d11e4607 fa28f001 29046801
I/DEBUG ( 2288): !@dumpstate -k -t -z -d -o /data/log/dumpstate_app_native -m 14109
W/ActivityManager( 2822): Force finishing activity org.sigrok.pulseview/.PulseViewActivity
I/dumpstate(16612): begin
I/SQLiteSecureOpenHelper( 3992): getWritableDatabase(pwd)
I/SQLiteSecureOpenHelper( 3992): getDatabaseLocked(b,b,pwd)... V/SmartFaceService - 3rd party pause( 2822): onReceive [android.intent.action.ACTIVITY_STATE/org.sigrok.pulseview/pause]
I/dumpstate(16617): begin
I/dumpstate(16617): dumpstate is still running
I/SpenGestureManager( 2822): setFocusWindow0
D/STATUSBAR-StatusBarManagerService( 2822): manageDisableList what=0x0 pkg=WindowManager.LayoutParams
D/PointerIcon( 2822): setMouseIconStyle1 pointerType: 1001iconType:101 flag:0
D/PointerIcon( 2822): setMouseCustomIcon IconType is same.101
D/PointerIcon( 2822): setHoveringSpenIconStyle1 pointerType: 10001iconType:1 flag:0
D/PointerIcon( 2822): setHoveringSpenCustomIcon IconType is same.1
I/SurfaceFlinger( 2289): id=4967 createSurf (1x1),1 flag=4, qulseview
D/KeyguardUpdateMonitor( 3041): sendKeyguardVisibilityChanged(true)
D/KeyguardUpdateMonitor( 3041): handleKeyguardVisibilityChanged(1)
D/KeyguardUpdateMonitor( 3041): sendKeyguardVisibilityChanged(true)
D/KeyguardUpdateMonitor( 3041): handleKeyguardVisibilityChanged(1)
D/KeyguardUpdateMonitor( 3041): sendKeyguardVisibilityChanged(true)
D/KeyguardUpdateMonitor( 3041): handleKeyguardVisibilityChanged(1)
D/KeyguardUpdateMonitor( 3041): sendKeyguardVisibilityChanged(true)
D/KeyguardUpdateMonitor( 3041): handleKeyguardVisibilityChanged(1)
D/InputReader( 2822): Input event: value=1
I/InputReader( 2822): Touch event's action is 0x0 (deviceType=0) [pCnt=1, s=0.15472 ] when=428435724489000
I/InputDispatcher( 2822): Delivering touch to: action: 0x4, toolType: 1
I/InputDispatcher( 2822): Delivering touch to: action: 0x0, toolType: 1
I/display ( 2289): [DYNAMIC_RECOMP] GLES_2_HWC by high FPS(59)
D/KeyguardUpdateMonitor( 3041): sendKeyguardVisibilityChanged(true)
D/KeyguardUpdateMonitor( 3041): handleKeyguardVisibilityChanged(1)
E/android.os.Debug( 2822): !@Dumpstate > dumpstate -k -t -z -d -o /data/log/dumpstate_app_error
D/hwcutils( 2289): MppFactory::MppFactory()
D/ ( 2289): virtual LibMpp* MppFactory::CreateMpp(int, int, int, int)(6)
D/libexynosgscaler( 2289): LibMpp::LibMpp()
I/dumpstate(16619): begin
I/dumpstate(16619): dumpstate is still running
D/CustomFrequencyManagerService( 2822): acquireDVFSLockLocked : type : DVFS_MIN_LIMIT frequency : 1800000 uid : 1000 pid : 2822 pkgName : ACTIVITY_RESUME_BOOSTER@4
W/ActivityManager( 2822): mDVFSHelper.acquire()
D/KeyguardUpdateMonitor( 3041): sendKeyguardVisibilityChanged(true)
D/KeyguardUpdateMonitor( 3041): handleKeyguardVisibilityChanged(1)
D/KeyguardUpdateMonitor( 3041): sendKeyguardVisibilityChanged(true)
D/KeyguardUpdateMonitor( 3041): handleKeyguardVisibilityChanged(1)
D/Launcher( 8194): onConfigurationChanged. orientation: 2
D/Launcher( 8194): onRestart, Launcher: 1111020376
D/Launcher( 8194): onStart, Launcher: 1111020376
D/Launcher.HomeView( 8194): onStart
D/Launcher( 8194): onResume, Launcher: 1111020376
D/PhoneStatusBar( 3041): setSemiTransparentMode=false, mTransparentMode=false, mSemiTransparentMode=false, mMultiWindowMode=false
D/Launcher.HomeView( 8194): onResume
D/Launcher( 8194): setSystemUiTransparency.SettingNotFoundException : set as TRUE
D/MenuAppsGridFragment( 8194): onResume
D/StatusBarManagerService( 2822): semi p:8194,o:f
D/StatusBarManagerService( 2822): tr p:8194,o:t
D/PhoneStatusBar( 3041): setTransGradationMode=true, mTransparentMode=true, mSemiTransparentMode=false, mMultiWindowMode=false V/SmartFaceService - 3rd party pause( 2822): onReceive [android.intent.action.ACTIVITY_STATE/com.sec.android.app.launcher/resume]
D/InputReader( 2822): Input event: value=0
I/InputReader( 2822): Touch event's action is 0x1 (deviceType=0) [pCnt=1, s=] when=428436212037000
I/InputDispatcher( 2822): Delivering touch to: action: 0x1, toolType: 1
I/SurfaceFlinger( 2289): id=4968 createSurf (2560x1600),1 flag=4, Mauncher
D/KeyguardUpdateMonitor( 3041): sendKeyguardVisibilityChanged(true)
D/KeyguardUpdateMonitor( 3041): handleKeyguardVisibilityChanged(1)
D/mali_winsys( 8194): new_window_surface returns 0x3000
D/ProgressBar( 8194): updateDrawableBounds: left = 0
D/ProgressBar( 8194): updateDrawableBounds: top = 0
D/ProgressBar( 8194): updateDrawableBounds: right = 50
D/ProgressBar( 8194): updateDrawableBounds: bottom = 50
D/KeyguardUpdateMonitor( 3041): sendKeyguardVisibilityChanged(true)
D/KeyguardUpdateMonitor( 3041): handleKeyguardVisibilityChanged(1)
D/KeyguardUpdateMonitor( 3041): sendKeyguardVisibilityChanged(true)
D/KeyguardUpdateMonitor( 3041): sendKeyguardVisibilityChanged(true)
D/KeyguardUpdateMonitor( 3041): handleKeyguardVisibilityChanged(1)
D/KeyguardUpdateMonitor( 3041): handleKeyguardVisibilityChanged(1)
D/AbsListView( 8194): onDetachedFromWindow
D/WallpaperManager( 8194): SEC_PRODUCT_FEATURE_COMMON_ENABLE_TEXTURE_COMPRESSION is false
D/briefing( 5277): [Briefing]>>> B:39 [0:0] action : widgetappAPPWIDGET_RESIZE
D/briefing( 5277): [Briefing]>>> B:52 [0:0] settings CT : androidappReceiverRestrictedContext@422790b8
D/briefing( 5277): [Briefing]>>> UIM:132 [0:0] setContext
D/briefing( 5277): [Briefing]>>> UIM:389 [0:0] =====>>> SpanX = 2, SpanY = 4
D/briefing( 5277): [Briefing]>>> U:2202 [0:0] system orientation = 2
D/briefing( 5277): [Briefing]>>> SPEM:121 [0:0] UpdateSplannerEvt
D/briefing( 5277): [Briefing]>>> SPEM:195 [0:0] StartQuery 1428616800000/ mEndQuery1428703200000
D/briefing( 5277): [Briefing]>>> U:1025 [0:0] 2x4
D/KeyguardUpdateMonitor( 3041): sendKeyguardVisibilityChanged(true)
D/KeyguardUpdateMonitor( 3041): handleKeyguardVisibilityChanged(1)
D/KeyguardUpdateMonitor( 3041): sendKeyguardVisibilityChanged(true)
D/KeyguardUpdateMonitor( 3041): handleKeyguardVisibilityChanged(1)
I/briefing( 5277): [Briefing]>>> BCP:188 [0:0] cp query pt : 1
D/KeyguardUpdateMonitor( 3041): sendKeyguardVisibilityChanged(true)
D/KeyguardUpdateMonitor( 3041): handleKeyguardVisibilityChanged(1)
D/dalvikvm( 5277): GC_CONCURRENT freed 1952K, 35% free 7205K/10960K, paused 2ms+2ms, total 31ms
I/briefing( 5277): [Briefing]>>> BCP:188 [0:0] cp query pt : 1
I/briefing( 5277): [Briefing]>>> BCP:188 [0:0] cp query pt : 0
D/libexynosgscaler( 2289): virtual CGscaler::~CGscaler()
D/libexynosgscaler( 2289): virtual LibMpp::~LibMpp()
D/ ( 2289): virtual MppFactory::~MppFactory()
D/briefing( 5277): [Briefing]>>> SSM:128 [0:0] getSideSyncDeviceInfo :
D/briefing( 5277): [Briefing]>>> SSM:129 [0:0] getSideSyncDeviceInfo :
D/briefing( 5277): [Briefing]>>> SSM:130 [0:0] getSideSyncDeviceInfo :
D/briefing( 5277): [Briefing]>>> SSM:131 [0:0] getSideSyncDeviceInfo :
D/briefing( 5277): [Briefing]>>> SPEM:308 [0:0] cursorCount = 1
D/briefing( 5277): [Briefing]>>> SPEM:326 [0:0] UpcomingEventCount = 0
D/briefing( 5277): [Briefing]>>> SPEM:347 [0:0] is ok event
D/briefing( 5277): [Briefing]>>> SPEM:376 [0:0] Evt id = 197, start = 1428624000000, end = 1428883200000
D/briefing( 5277): [Briefing]>>> SPEM:379 [0:0] Evt tt size = 14
D/briefing( 5277): [Briefing]>>> SPEM:382 [0:0] Evt Lot = 0
D/briefing( 5277): [Briefing]>>> SPEM:401 [0:0] display mEventCount = 1
D/dalvikvm( 8194): GC_FOR_ALLOC freed 1424K, 34% free 156534K/236320K, paused 91ms, total 93ms
I/dalvikvm-heap( 8194): Grow heap (frag case) to 169.412MB for 16384016-byte allocation
D/CustomFrequencyManagerService( 2822): releaseDVFSLockLocked : Getting Lock type frm List : DVFS_MIN_LIMIT frequency : 1800000 uid : 1000 pid : 2822 tag : ACTIVITY_RESUME_BOOSTER@4
W/ActivityManager( 2822): mDVFSHelper.release()
D/CustomFrequencyManagerService( 2822): acquireDVFSLockLocked : type : DVFS_MIN_LIMIT frequency : 1800000 uid : 1000 pid : 2822 pkgName : ACTIVITY_RESUME_BOOSTER@8
D/InputReader( 2822): Input event: value=1
I/InputReader( 2822): Touch event's action is 0x0 (deviceType=0) [pCnt=1, s=0.15473 ] when=428436702548000
I/InputDispatcher( 2822): Delivering touch to: action: 0x4, toolType: 1
I/InputDispatcher( 2822): Delivering touch to: action: 0x0, toolType: 1
D/dalvikvm( 8194): GC_FOR_ALLOC freed 4639K, 29% free 167894K/236320K, paused 106ms, total 106ms
D/hwcutils( 2289): MppFactory::MppFactory()
D/ ( 2289): virtual LibMpp* MppFactory::CreateMpp(int, int, int, int)(6)
D/libexynosgscaler( 2289): LibMpp::LibMpp()
D/ProgressBar( 8194): updateDrawableBounds: left = 0
D/ProgressBar( 8194): updateDrawableBounds: top = 0
D/ProgressBar( 8194): updateDrawableBounds: right = 848
D/ProgressBar( 8194): updateDrawableBounds: bottom = 20
D/ProgressBar( 8194): updateDrawableBounds: mProgressDrawable.setBounds()
D/InputReader( 2822): Input event: value=0
I/InputReader( 2822): Touch event's action is 0x1 (deviceType=0) [pCnt=1, s=] when=428436802427000
I/InputDispatcher( 2822): Delivering touch to: action: 0x1, toolType: 1
W/RemoteViews( 8194): Cannot setOnClickPendingIntent for collection item (id: 2131165190)
W/RemoteViews( 8194): Cannot setOnClickPendingIntent for collection item (id: 2131165190)
D/AbsListView( 8194): Get MotionRecognitionManager
D/MotionRecognitionService( 2822): ssp status : false
D/dalvikvm( 8194): GC_CONCURRENT freed 81K, 29% free 167966K/236320K, paused 9ms+17ms, total 102ms
I/SpenGestureManager( 2822): setFocusWindow21065
D/STATUSBAR-StatusBarManagerService( 2822): manageDisableList what=0x0 pkg=WindowManager.LayoutParams
D/KeyguardUpdateMonitor( 3041): sendKeyguardVisibilityChanged(true)
D/KeyguardUpdateMonitor( 3041): handleKeyguardVisibilityChanged(1)
D/PointerIcon( 2822): setMouseIconStyle1 pointerType: 1001iconType:101 flag:0
E/ViewRootImpl( 2822): sendUserActionEvent() mView == null
D/PointerIcon( 2822): setMouseCustomIcon IconType is same.101
D/PointerIcon( 2822): setHoveringSpenIconStyle1 pointerType: 10001iconType:1 flag:0
D/PointerIcon( 2822): setHoveringSpenCustomIcon IconType is same.1
D/KeyguardUpdateMonitor( 3041): sendKeyguardVisibilityChanged(true)
D/KeyguardUpdateMonitor( 3041): handleKeyguardVisibilityChanged(1)
D/CustomFrequencyManagerService( 2822): releaseDVFSLockLocked : Getting Lock type frm List : DVFS_MIN_LIMIT frequency : 1800000 uid : 1000 pid : 2822 tag : ACTIVITY_RESUME_BOOSTER@8
D/KeyguardUpdateMonitor( 3041): sendKeyguardVisibilityChanged(true)
D/KeyguardUpdateMonitor( 3041): handleKeyguardVisibilityChanged(1)
D/AbsListView( 8194): onDetachedFromWindow
D/briefing( 5277): [Briefing]>>> BLRVS:248 [0:0] makeBriefingList start1428644752764
D/briefing( 5277): [Briefing]>>> BLRVS:252 [0:0] make birf list set data
I/briefing( 5277): [Briefing]>>> BCP:188 [0:0] cp query pt : 2
D/briefing( 5277): [Briefing]>>> BLRVS:257 [0:0] Check Top area
D/briefing( 5277): [Briefing]>>> BLRVS:271 [0:0] Check UnreadMsgEventManager
D/briefing( 5277): [Briefing]>>> BLRVS:275 [0:0] Check MissedCallEventManager
D/briefing( 5277): [Briefing]>>> BLRVS:282 [0:0] Check SideSyncUnreadMsgEventManager 0
D/briefing( 5277): [Briefing]>>> BLRVS:286 [0:0] Check SideSyncMissedCallEventManager 0
D/briefing( 5277): [Briefing]>>> BLRVS:293 [0:0] Check SplannerEventManager : true
D/briefing( 5277): [Briefing]>>> BLRVS:299 [0:0] Check StockManager : true
D/briefing( 5277): [Briefing]>>> SM:370 [0:0] getStockInfo size 0
D/briefing( 5277): [Briefing]>>> BLRVS:305 [0:0] make birf list set data mStockListSize0
D/briefing( 5277): [Briefing]>>> BLRVS:332 [0:0] makeBriefingList end1428644752852
D/briefing( 5277): [Briefing]>>> BLRVS:88 [0:0] getCount -> 2
D/briefing( 5277): [Briefing]>>> BLRVS:200 [0:0] getLoadingView
D/dalvikvm( 8194): GC_FOR_ALLOC freed 6877K, 30% free 166748K/236320K, paused 86ms, total 87ms
D/briefing( 5277): [Briefing]>>> BLRVS:115 [0:0] Brief List size = 2, pos = 0, item name = splanner
I/briefing( 5277): [Briefing]>>> BCP:188 [0:0] cp query pt : 0
D/SensorService( 2822): 0.1 0.2 10.1
D/KeyguardUpdateMonitor( 3041): sendKeyguardVisibilityChanged(true)
D/KeyguardUpdateMonitor( 3041): handleKeyguardVisibilityChanged(1)
I/SurfaceFlinger( 2289): id=4967 Removed qulseview (27/28)
I/SurfaceFlinger( 2289): id=4967 Removed qulseview (-2/28)
D/KeyguardUpdateMonitor( 3041): sendKeyguardVisibilityChanged(true)
D/KeyguardUpdateMonitor( 3041): handleKeyguardVisibilityChanged(1)
D/AbsListView( 8194): onDetachedFromWindow
D/AbsListView( 8194): onDetachedFromWindow
D/AbsListView( 8194): onDetachedFromWindow
D/AbsListView( 8194): onDetachedFromWindow
D/AbsListView( 8194): onDetachedFromWindow
D/WallpaperManager( 8194): SEC_PRODUCT_FEATURE_COMMON_ENABLE_TEXTURE_COMPRESSION is false
I/SELinux (16624): Function: selinux_android_load_priority [0], There is no sepolicy file.
I/SELinux (16624):
D/Launcher( 8194): setSystemUiTransparency.SettingNotFoundException : set as TRUE
D/PhoneStatusBar( 3041): setTransGradationMode=true, mTransparentMode=true, mSemiTransparentMode=false, mMultiWindowMode=false
I/SELinux (16624): Function: selinux_android_load_priority , spota verifySig and checkHash pass. priority version is VE=SEPF_SM-T705_4.4.2_0040
I/SELinux (16624):
I/SELinux (16624):
I/SELinux (16624): selinux_android_seapp_context_reload: seapp_contexts file is loaded from /data/security/spota/seapp_contexts
E/SELinux (16624): [DEBUG] seapp_context_lookup: seinfoCategory = default
E/dalvikvm(16624): >>>>> Normal User
E/dalvikvm(16624): >>>>> com.hancom.androidpc.appwidget [ userId:0 | appId:10060 ]
D/StatusBarManagerService( 2822): tr p:8194,o:t
E/SELinux (16624): [DEBUG] seapp_context_lookup: seinfoCategory = default
D/KeyguardUpdateMonitor( 3041): sendKeyguardVisibilityChanged(true)
D/KeyguardUpdateMonitor( 3041): handleKeyguardVisibilityChanged(1)
W/ContextImpl( 2822): Calling a method in the system process without a qualified user: android.app.ContextImpl.sendBroadcast:1496 com.android.server.InputMethodManagerService$4.run:2689 java.lang.Thread.run:841
D/KeyguardUpdateMonitor( 3041): sendKeyguardVisibilityChanged(true)
D/KeyguardUpdateMonitor( 3041): handleKeyguardVisibilityChanged(1)
W/RemoteViews( 8194): Cannot setOnClickPendingIntent for collection item (id: 2131165190)
D/briefing( 5277): [Briefing]>>> BLRVS:115 [0:0] Brief List size = 2, pos = 0, item name = splanner
I/briefing( 5277): [Briefing]>>> BCP:188 [0:0] cp query pt : 0
D/briefing( 5277): [Briefing]>>> BLRVS:115 [0:0] Brief List size = 2, pos = 1, item name = stock
D/briefing( 5277): [Briefing]>>> SM:93 [0:0] Stock Infos Error!!!
D/dalvikvm(16624): GC_CONCURRENT freed 3007K, 36% free 7030K/10980K, paused 3ms+4ms, total 46ms
D/dalvikvm(16624): WAIT_FOR_CONCURRENT_GC blocked 7ms
W/ActivityManager( 2822): Permission Denial: getCurrentUser() from pid=16624, uid=10060 requires android.permission.INTERACT_ACROSS_USERS
W/RemoteViews( 8194): Cannot setOnClickPendingIntent for collection item (id: 2131165190)
W/RemoteViews( 8194): Cannot setOnClickPendingIntent for collection item (id: 2131165190)
D/MagazineAppWidgetProvider(16441): OnReceive : Intent Action - intent.getAction()
E/ActivityThread(16624): Failed to find provider info for com.hancom.office.hword.editor.hword_apk.recent
E/ActivityThread(16624): Failed to find provider info for com.hancom.office.hcell.editor.hcell_apk.recent
E/ActivityThread(16624): Failed to find provider info for com.hancom.office.hshow.editor.hshow_apk.recent
E/ActivityThread(16624): Failed to find provider info for com.hancom.office.hwp.editor.hwp_apk.recent
I/SELinux (16639): Function: selinux_android_load_priority [0], There is no sepolicy file.
I/SELinux (16639):
I/SELinux (16639): Function: selinux_android_load_priority , spota verifySig and checkHash pass. priority version is VE=SEPF_SM-T705_4.4.2_0040
I/SELinux (16639):
I/SELinux (16639):
I/SELinux (16639): selinux_android_seapp_context_reload: seapp_contexts file is loaded from /data/security/spota/seapp_contexts
E/SELinux (16639): [DEBUG] seapp_context_lookup: seinfoCategory = default
E/dalvikvm(16639): >>>>> Normal User
E/dalvikvm(16639): >>>>> com.hancom.androidpc.viewer.launcher [ userId:0 | appId:10059 ]
D/AbsListView( 8194): Get MotionRecognitionManager
E/SELinux (16639): [DEBUG] seapp_context_lookup: seinfoCategory = default
D/MotionRecognitionService( 2822): ssp status : false
D/dalvikvm(16639): GC_CONCURRENT freed 3011K, 37% free 7027K/10984K, paused 3ms+1ms, total 18ms
D/dalvikvm(16639): WAIT_FOR_CONCURRENT_GC blocked 6ms
W/ActivityManager( 2822): Permission Denial: getCurrentUser() from pid=16639, uid=10059 requires android.permission.INTERACT_ACROSS_USERS
D/dalvikvm( 8194): GC_FOR_ALLOC freed 16095K, 19% free 158281K/195264K, paused 90ms, total 94ms
E/ActivityThread(16624): Failed to find provider info for com.hancom.office.hword.editor.hword_apk.recent
E/ActivityThread(16624): Failed to find provider info for com.hancom.office.hcell.editor.hcell_apk.recent
D/AbsListView( 8194): onDetachedFromWindow
I/display ( 2289): [DYNAMIC_RECOMP] HWC_2_GLES by low FPS(0)
E/ActivityThread(16624): Failed to find provider info for com.hancom.office.hshow.editor.hshow_apk.recent
E/ActivityThread(16624): Failed to find provider info for com.hancom.office.hwp.editor.hwp_apk.recent
D/libexynosgscaler( 2289): virtual CGscaler::~CGscaler()
D/libexynosgscaler( 2289): virtual LibMpp::~LibMpp()
D/ ( 2289): virtual MppFactory::~MppFactory()
D/AbsListView( 8194): Get MotionRecognitionManager
D/MotionRecognitionService( 2822): ssp status : false
D/AbsListView( 8194): Get MotionRecognitionManager
D/AbsListView( 8194): Get MotionRecognitionManager
D/AbsListView( 8194): Get MotionRecognitionManager
D/AbsListView( 8194): onDetachedFromWindow
D/AbsListView( 8194): onDetachedFromWindow
D/AbsListView( 8194): onDetachedFromWindow
D/AbsListView( 8194): onDetachedFromWindow
E/Hello (16441): 2457123--2457125
E/Hello (16441): 2457123--2457125
E/Hello (16441): 2457123--2457125
E/Hello (16441): 2457123--2457125
E/Hello (16441): 2457123--2457125
D/STATUSBAR-NetworkController( 3041): onSignalStrengthsChanged signalStrength=SignalStrength: 11 -1 -1 -1 -1 -1 -1 99 2147483647 2147483647 2147483647 -1 2147483647 gsm|lte 0x4 level=4
D/STATUSBAR-NetworkController( 3041): Nothing, mRoamingIconId = 0
E/Hello (16441): 2457123--2457125
E/Hello (16441): 2457123--2457125
E/Hello (16441): 2457123--2457125
E/Hello (16441): 2457123--2457125
D/dalvikvm(16441): GC_EXPLICIT freed 1577K, 32% free 7514K/10976K, paused 3ms+5ms, total 32ms
E/Hello (16441): 2457123--2457125
E/Hello (16441): 2457123--2457125
E/Hello (16441): 2457123--2457125
E/Hello (16441): 2457123--2457125
E/Hello (16441): 2457123--2457125
D/SensorService( 2822): -2.6 0.2 10.4
D/AmoledAdjustTimer( 2822): prevTemp = 227, currTemp = 227, prevStep = 4, currStep = 4
D/SSRMv2:SIOP( 2822): SIOP:: AP = 320, Delta = 50
D/DisplayPowerController( 2822): applyLightSensorMeasurementSEC : mIsLockZone = true
D/DisplayPowerController( 2822): applyLightSensorMeasurementSEC : mIsLockZone = false
D/DisplayPowerController( 2822): applyLightSensorMeasurementSEC : mIsLockZone = true
D/DisplayPowerController( 2822): applyLightSensorMeasurementSEC : mIsLockZone = false
D/SensorService( 2822): -0.6 -1.1 10.5
D/DisplayPowerController( 2822): applyLightSensorMeasurementSEC : mIsLockZone = true
D/UsbHostManager( 2822): onUEvent(device) :: action = remove, devtype = usb_interface, device = null, product = 925/3881/1, type = 255/255/255, interface = 255/255/255, devpath = /devices/platform/exynos-dwc3.0/exynos-xhci.0/usb2/2-1/2-1:1.0
E/UsbHostManager( 2822): usbDeviceRemoved :: deviceName = /dev/bus/usb/002/008
D/UsbSettingsManager( 2822): deviceDetached, sending Intent { act=android.hardware.usb.action.USB_DEVICE_DETACHED (has extras) }
D/MtpClient( 5599): onReceive, deviceName : /dev/bus/usb/002/008 Action : android.hardware.usb.action.USB_DEVICE_DETACHED
D/MtpClient( 5599): ACTION_USB_DEVICE_DETACHED : /dev/bus/usb/002/008
W/BroadcastQueue( 2822): Skipping deliver [background] BroadcastRecord{4524e7f0 u-1 android.hardware.usb.action.USB_DEVICE_DETACHED} to ReceiverList{444d1588 14109 org.sigrok.pulseview/10207/u0 remote:42e90810}: process crashing
D/DisplayPowerController( 2822): applyLightSensorMeasurementSEC : mIsLockZone = false
I/sid (16422): [PrintStatusBroadcastReceiver] onReceive mAction: android.hardware.usb.action.USB_DEVICE_DETACHEDmTransactionId: -1
I/SELinux (16693): Function: selinux_android_load_priority [0], There is no sepolicy file.
I/SELinux (16693):
I/sid (16422): [PrintStatusBroadcastReceiver] onServiceConected
E/Watchdog( 2822): !@Sync 14258
V/UsbHostManager( 2822): USB HOST UEVENT: {SUBSYSTEM=host_notify, STATE=REMOVE, DEVNAME=usb_otg, DEVPATH=/devices/virtual/host_notify/usb_otg, SEQNUM=299530, ACTION=change}
D/UsbHostManager( 2822): set wakelock timeout 6000
D/UsbHostNotification( 2822): setUsbObserverNotification : cancel id = 998563545, device = UsbDevices
D/UsbHostNotification( 2822): setUsbObserverNotification : notify id = 998563545, device = UsbDevices, title = USB connector disconnected.
I/SELinux (16693): Function: selinux_android_load_priority , spota verifySig and checkHash pass. priority version is VE=SEPF_SM-T705_4.4.2_0040
I/SELinux (16693):
I/SELinux (16693):
I/SELinux (16693): selinux_android_seapp_context_reload: seapp_contexts file is loaded from /data/security/spota/seapp_contexts
E/SELinux (16693): [DEBUG] seapp_context_lookup: seinfoCategory = default
E/dalvikvm(16693): >>>>> Normal User
E/dalvikvm(16693): >>>>> com.hp.android.printservice [ userId:0 | appId:10121 ]
W/ContextImpl( 2822): Calling a method in the system process without a qualified user: android.app.ContextImpl.sendBroadcast:1510 com.android.server.StatusBarManagerService.sendNotification:990 com.android.server.StatusBarManagerService.addNotification:679 com.android.server.NotificationManagerService$7.run:2148 android.os.Handler.handleCallback:733
D/UsbHostNotification( 2822): send the timeout : current 1428644759336, vailed = -2987, displayed = 1428644759323
D/UsbHostNotification( 2822): send the timeout : current 1428644759337, vailed = -2986, displayed = 1428644759323
D/STATUSBAR-StatusBarManagerService( 2822): sendNotification(1) - 998563545
D/NotificationService( 2822): Sending broadcast with sbn as extra = StatusBarNotification(pkg=android user=UserHandle{-1} id=998563545 tag=null score=10: Notification(pri=1 icon=1080828 contentView=android/0x1090080 vibrate=null sound=null defaults=0x0 flags=0x2 when=0 ledARGB=0x0 contentIntent=Y deleteIntent=N contentTitle=27 contentText=0 tickerText=27 kind=[null]))
E/SELinux (16693): [DEBUG] seapp_context_lookup: seinfoCategory = default
W/ContextImpl( 2822): Calling a method in the system process without a qualified user: android.app.ContextImpl.sendBroadcast:1510 com.android.server.NotificationManagerService$7.run:2178 android.os.Handler.handleCallback:733 android.os.Handler.dispatchMessage:95 android.os.Looper.loop:146
D/RCPManagerService( 2822): NotificationReceiver onReceive()
D/RCPManagerService( 2822): NotificationReceiver sbn.getPackageName() android sbn.getUser().getIdentifier() -1
D/RCPManagerService( 2822): getPolicy: Policy checking block entered for Notifications; for user/persona = -1 ; Policy = knox-sanitize-data ; token = 4294967298822
D/RCPManagerService( 2822): getPolicy: policy value returned = false
D/RCPManagerService( 2822): going to get the app label for pkg == android
D/RCPManagerService( 2822): app label == android
D/RCPManagerService( 2822): getPolicy: Policy checking block entered for Notifications; for user/persona = -1 ; Policy = knox-export-data ; token = 4294967298822
D/RCPManagerService( 2822): getPolicy: policy value returned = true
D/RCPManagerService( 2822): Calling User is -1
W/ResourceType( 3041): Attempt to retrieve bag 0x01030068 which is invalid or in a cycle.
D/RCPManagerService( 2822): userid of SBN ==-1
D/UserManagerService( 2822): User -1does not exists!!
E/PersonaManagerService( 2822): returning null in getPersonasForUser
D/ProgressBar( 3041): setProgressDrawable drawableHeight = 14
D/PhoneStatusBar( 3041): tick(): knoxCustomManager = android.app.enterprise.knoxcustom.KnoxCustomManager@4226a690
D/BatteryService( 2822): level:25, scale:100, status:3, health:2, present:true, voltage: 3683, temperature: 233, technology: Li-ion, AC powered:false, USB powered:false, Wireless powered:false, icon:17303560, invalid charger:0, online:1, current avg:-900, charge type:0, power sharing:false
D/BatteryService( 2822): Sending ACTION_BATTERY_CHANGED.
W/View ( 3041): requestLayout() improperly called by com.android.systemui.statusbar.AnimatedImageView{4239f690 V.ED.... ......ID 0,0-48,48} during layout: running second layout pass
D/Brightness( 3804): mIntentReceiver.onReceive: action=android.intent.action.BATTERY_CHANGED, intent=Intent { act=android.intent.action.BATTERY_CHANGED flg=0x60000010 (has extras) }
D/MainActivityBaseUi.java( 3804): in brightness disabled on critical battery low
D/KeyguardUpdateMonitor( 3041): received broadcast android.intent.action.BATTERY_CHANGED
D/STATUSBAR-PhoneStatusBar( 3041): mBrightnessEnablebySettings = true mBrightnessEnablebyBattery = true mBrightnessEnablebyDisableFlag = true mPmsBrightnessEnablebySettings = true
D/DisplayPowerController( 2822): applyLightSensorMeasurementSEC : mIsLockZone = true
D/BatteryMeterView( 3041): ACTION_BATTERY_CHANGED : level:25 status:3 health:2
D/KeyguardUpdateMonitor( 3041): handleBatteryUpdate
D/dalvikvm(16693): GC_CONCURRENT freed 3015K, 37% free 7028K/10984K, paused 2ms+1ms, total 27ms
D/dalvikvm(16693): WAIT_FOR_CONCURRENT_GC blocked 16ms
W/ActivityManager( 2822): Permission Denial: getCurrentUser() from pid=16693, uid=10121 requires android.permission.INTERACT_ACROSS_USERS
I/ActivityManager( 2822): Killing 7147:com.hancom.office.hword.viewer.hword_apk/u0a63 (adj 15): empty #44
D/briefing( 5277): [Briefing]>>> B:39 [0:0] action : comandroidserverNotificationManagerServiceNotificationArrived
D/briefing( 5277): [Briefing]>>> B:52 [0:0] settings CT : androidappReceiverRestrictedContext@422790b8
D/briefing( 5277): [Briefing]>>> UIM:132 [0:0] setContext
D/briefing( 5277): [Briefing]>>> CMM:474 [0:0] onReceive() = comandroidserverNotificationManagerServiceNotificationArrived
D/briefing( 5277): [Briefing]>>> CMM:542 [0:0] MISSED_EVENT_ARRIVED no bundle
D/accuweather( 4542): [AccuTab_Magagine]>>> WC:29 [0:0] action : comandroidserverNotificationManagerServiceNotificationArrived
D/accuweather( 4542): [AccuTab_Magagine]>>> UIMK:218 [0:0] action:comandroidserverNotificationManagerServiceNotificationArrived
D/DisplayPowerController( 2822): applyLightSensorMeasurementSEC : mIsLockZone = false
I/display ( 2289): [DYNAMIC_RECOMP] GLES_2_HWC by high FPS(59)
D/hwcutils( 2289): MppFactory::MppFactory()
D/ ( 2289): virtual LibMpp* MppFactory::CreateMpp(int, int, int, int)(6)
D/libexynosgscaler( 2289): LibMpp::LibMpp()
V/AlarmManager( 2822): waitForAlarm result :8
V/AlarmManager( 2822): ClockReceiver onReceive() ACTION_TIME_TICK
D/KeyguardUpdateMonitor( 3041): received broadcast android.intent.action.TIME_TICK
D/KeyguardUpdateMonitor( 3041): handleTimeUpdate
D/briefing( 5277): [Briefing]>>> BS:181 [0:0] action : androidintentactionTIME_TICK
D/briefing( 5277): [Briefing]>>> B:39 [0:0] action : actionTIME_TICK
D/briefing( 5277): [Briefing]>>> B:52 [0:0] settings CT : androidappReceiverRestrictedContext@422790b8
D/briefing( 5277): [Briefing]>>> UIM:132 [0:0] setContext
D/briefing( 5277): [Briefing]>>> UIM:299 [0:0] isUpdateWidget -> false
D/accuweather( 4542): [AccuTab_Magagine]>>> WCS:171 [0:0] action : androidintentactionTIME_TICK
D/accuweather( 4542): [AccuTab_Magagine]>>> WC:29 [0:0] action : actionTIME_TICK
D/accuweather( 4542): [AccuTab_Magagine]>>> WC:37 [0:0] weather widget id size = 1
D/accuweather( 4542): [AccuTab_Magagine]>>> UIMK:218 [0:0] action:actionTIME_TICK
E/accuweather( 4542): [AccuTab_Magagine]>>> UIMK:1183 [0:0] time : 07:46
E/accuweather( 4542): [AccuTab_Magagine]>>> U:3651 [0:0] This method is only running Activity
I/ActivityManager( 2822): Killing 6807:com.sec.android.service.cm/u0a85 (adj 15): empty #44
I/ActivityManager( 2822): Killing 7159:com.sec.android.app.FileShareServer/u0a75 (adj 15): empty #45
I/display ( 2289): [DYNAMIC_RECOMP] HWC_2_GLES by low FPS(0)
D/libexynosgscaler( 2289): virtual CGscaler::~CGscaler()
D/libexynosgscaler( 2289): virtual LibMpp::~LibMpp()
D/ ( 2289): virtual MppFactory::~MppFactory()
I/dumpstate(16612): waiting for zip started
I/dumpstate(16612): waiting for zip end
I/dumpstate(16612): done
D/STATUSBAR-NetworkController( 3041): onSignalStrengthsChanged signalStrength=SignalStrength: 13 -1 -1 -1 -1 -1 -1 99 2147483647 2147483647 2147483647 -1 2147483647 gsm|lte 0x4 level=4
D/STATUSBAR-NetworkController( 3041): Nothing, mRoamingIconId = 0
I/SurfaceFlinger( 2289): id=4952 Removed TurfaceView (21/27)
I/SurfaceFlinger( 2289): id=4952 Removed TurfaceView (-2/27)
I/ActivityManager( 2822): Process org.sigrok.pulseview (pid 14109) (adj 13) has died.
I/WindowState( 2822): WIN DEATH: Window{46f56ed0 u0 org.sigrok.pulseview/org.sigrok.pulseview.PulseViewActivity}
W/WindowManager( 2822): Force-removing child win Window{44e8d5c0 u0 SurfaceView} from container Window{46f56ed0 u0 org.sigrok.pulseview/org.sigrok.pulseview.PulseViewActivity}
D/KeyguardUpdateMonitor( 3041): sendKeyguardVisibilityChanged(true)
D/KeyguardUpdateMonitor( 3041): handleKeyguardVisibilityChanged(1)
I/SurfaceFlinger( 2289): id=4953 Removed QulseViewAc (22/26)
I/SurfaceFlinger( 2289): id=4953 Removed QulseViewAc (-2/26)
D/KeyguardUpdateMonitor( 3041): sendKeyguardVisibilityChanged(true)
D/KeyguardUpdateMonitor( 3041): handleKeyguardVisibilityChanged(1)
I/SurfaceFlinger( 2289): id=4951 Removed EimLayer (5/25)
I/SurfaceFlinger( 2289): id=4950 Removed EimLayer (20/24)
I/SurfaceFlinger( 2289): id=4951 Removed EimLayer (-2/24)
I/SurfaceFlinger( 2289): id=4950 Removed EimLayer (-2/24)
W/WindowManager( 2822): Failed looking up window
W/WindowManager( 2822): java.lang.IllegalArgumentException: Requested window android.os.BinderProxy@44e8d3b0 does not exist
W/WindowManager( 2822): at com.android.server.wm.WindowManagerService.windowForClientLocked(WindowManagerService.java:10126)
W/WindowManager( 2822): at com.android.server.wm.WindowManagerService.windowForClientLocked(WindowManagerService.java:10117)
W/WindowManager( 2822): at com.android.server.wm.WindowState$DeathRecipient.binderDied(WindowState.java:1505)
W/WindowManager( 2822): at android.os.BinderProxy.sendDeathNotice(Binder.java:493)
W/WindowManager( 2822): at dalvik.system.NativeStart.run(Native Method)
I/WindowState( 2822): WIN DEATH: null
D/KeyguardUpdateMonitor( 3041): sendKeyguardVisibilityChanged(true)
D/KeyguardUpdateMonitor( 3041): handleKeyguardVisibilityChanged(1)
D/Zygote ( 2290): Process 14109 terminated by signal (6)
D/SensorService( 2822): 0.3 1.1 13.7
D/UsbHostNotification( 2822): setUsbObserverNotification : cancel id = 998563545, device = UsbDevices
W/ContextImpl( 2822): Calling a method in the system process without a qualified user: android.app.ContextImpl.sendBroadcast:1510 com.android.server.StatusBarManagerService.sendNotification:990 com.android.server.StatusBarManagerService.removeNotification:715 com.android.server.NotificationManagerService.cancelNotificationLocked:2461 com.android.server.NotificationManagerService.access$5100:160
D/NotificationService( 2822): cancelNotificationLocked
D/NotificationService( 2822): hasClearableItems
D/NotificationService( 2822): has clearable items no
D/NotificationService( 2822): cancelNotificationLocked: cancel alarm
D/NotificationService( 2822): cancelNotificationLocked: cancel alarm
D/STATUSBAR-StatusBarManagerService( 2822): sendNotification(3) - 998563545
D/NotificationService( 2822): Sending broadcast for cancel notification = StatusBarNotification(pkg=android user=UserHandle{-1} id=998563545 tag=null score=10: Notification(pri=1 icon=1080828 contentView=android/0x1090080 vibrate=null sound=null defaults=0x0 flags=0x2 when=0 ledARGB=0x0 contentIntent=Y deleteIntent=N contentTitle=27 contentText=0 tickerText=27 kind=[null]))
W/ContextImpl( 2822): Calling a method in the system process without a qualified user: android.app.ContextImpl.sendBroadcast:1496 com.android.server.NotificationManagerService.cancelNotificationLocked:2539 com.android.server.NotificationManagerService.access$5100:160 com.android.server.NotificationManagerService$8.run:2585 android.os.Handler.handleCallback:733
D/RCPManagerService( 2822): NotificationReceiver onReceive()
D/RCPManagerService( 2822): NotificationReceiver sbn.getPackageName() android sbn.getUser().getIdentifier() -1
D/RCPManagerService( 2822): getPolicy: Policy checking block entered for Notifications; for user/persona = -1 ; Policy = knox-sanitize-data ; token = 4294967298822
D/LightsService( 2822): [api] [SvcLED] turnOff:: id = 4 (uid: 1000 pid: 2822)
D/LightsService( 2822): [SvcLED] setSvcLedStateLocked:: SvcLEDState : 0x0 -> 0x0 | SvcLED(id=4) set Off
D/LightsService( 2822): [SvcLED] Lux failed to be updated in 700ms. -> handleForcedSvcLEDTasK
D/LightsService( 2822): [SvcLED] setSvcLedLightLocked :: Current SvcLED(id=4) maintains its priority right
D/RCPManagerService( 2822): getPolicy: policy value returned = false
D/RCPManagerService( 2822): going to get the app label for pkg == android
D/RCPManagerService( 2822): app label == android
D/RCPManagerService( 2822): NotificationReceiver ACTION_CANCEL_NOTIFICATION
D/UserManagerService( 2822): User -1does not exists!!
D/STATUSBAR-IconMerger( 3041): checkOverflow(2160), More:false, Req:false Child:1
I/display ( 2289): [DYNAMIC_RECOMP] GLES_2_HWC by high FPS(43)
D/hwcutils( 2289): MppFactory::MppFactory()
D/ ( 2289): virtual LibMpp* MppFactory::CreateMpp(int, int, int, int)(6)
D/libexynosgscaler( 2289): LibMpp::LibMpp()
I/display ( 2289): [DYNAMIC_RECOMP] HWC_2_GLES by low FPS(0)
D/libexynosgscaler( 2289): virtual CGscaler::~CGscaler()
D/libexynosgscaler( 2289): virtual LibMpp::~LibMpp()
D/ ( 2289): virtual MppFactory::~MppFactory()
D/TimaService( 2822): TIMA: TimaService scheduler is intialized.
D/TimaService( 2822): TIMA: checkEvent, operation: 50000 subject: 10000
D/TimaService( 2822): TimaServiceHandler.handleMessage what =1
D/STATUSBAR-NetworkController( 3041): onSignalStrengthsChanged signalStrength=SignalStrength: 14 -1 -1 -1 -1 -1 -1 99 2147483647 2147483647 2147483647 -1 2147483647 gsm|lte 0x4 level=4
D/STATUSBAR-NetworkController( 3041): Nothing, mRoamingIconId = 0
I/TLC_TIMA_PKM( 2822): TIMA: recv_cmd_id = 2
I/TLC_TIMA_PKM( 2822): TIMA: recv_cmd ret = 0, result_ondemand = MSG=Kernel Verification Success;
D/TimaService( 2822): TIMA MEASUREMENT Result: TIMA_STATUS=0;MSG=Kernel Verification Success;
D/TimaService( 2822): TIMA MEASUREMENT success status: TIMA_STATUS=0;MSG=Kernel Verification Success;
D/SensorService( 2822): -0.1 0.3 10.1
D/AmoledAdjustTimer( 2822): prevTemp = 227, currTemp = 233, prevStep = 4, currStep = 4
D/SSRMv2:SIOP( 2822): SIOP:: AP = 280, Delta = -40
D/SensorService( 2822): -0.1 0.3 10.0
D/SensorService( 2822): -0.1 0.3 10.0
D/BtGatt.btif( 4958): btif_gattc_upstreams_evt: Event 4096
D/BtGatt.GattService( 4958): onScanResult() - address=C4:B3:20:5B:4B:0F, rssi=-96
D/BluetoothAdapter( 4929): onScanResult() - Device=C4:B3:20:5B:4B:0F RSSI=-96
W/QuickConnect[1.1][2] ( 4929): BleHelper.getSConnectDataFromBLE - can not resolve length info
D/SensorService( 2822): -0.1 0.3 10.0
D/STATUSBAR-NetworkController( 3041): onSignalStrengthsChanged signalStrength=SignalStrength: 15 -1 -1 -1 -1 -1 -1 99 2147483647 2147483647 2147483647 -1 2147483647 gsm|lte 0x4 level=4
D/STATUSBAR-NetworkController( 3041): Nothing, mRoamingIconId = 0
D/SensorService( 2822): -0.1 0.2 10.0
D/AmoledAdjustTimer( 2822): prevTemp = 233, currTemp = 233, prevStep = 4, currStep = 4
D/SSRMv2:SIOP( 2822): SIOP:: AP = 260, Delta = -20
D/BtGatt.btif( 4958): btif_gattc_upstreams_evt: Event 4096
D/BtGatt.GattService( 4958): onScanResult() - address=C4:B3:20:5B:4B:0F, rssi=-97
D/BluetoothAdapter( 4929): onScanResult() - Device=C4:B3:20:5B:4B:0F RSSI=-97
W/QuickConnect[1.1][2] ( 4929): BleHelper.getSConnectDataFromBLE - can not resolve length info
D/SensorService( 2822): -0.1 0.3 10.0
D/SensorService( 2822): -0.1 0.3 10.0
D/SensorService( 2822): -0.6 0.6 10.0
D/BtGatt.btif( 4958): btif_gattc_upstreams_evt: Event 4096
D/BtGatt.GattService( 4958): onScanResult() - address=C4:B3:20:5B:4B:0F, rssi=-96
D/BluetoothAdapter( 4929): onScanResult() - Device=C4:B3:20:5B:4B:0F RSSI=-96
D/AmoledAdjustTimer( 2822): prevTemp = 233, currTemp = 233, prevStep = 4, currStep = 4
W/QuickConnect[1.1][2] ( 4929): BleHelper.getSConnectDataFromBLE - can not resolve length info
D/SSRMv2:SIOP( 2822): SIOP:: AP = 250, Delta = -10
D/SensorService( 2822): [AR] 2.4 6.8 8.1
D/SensorService( 2822): ScreenOrientationSensor::Rotation Old->New [255 -> 0]
V/WindowOrientationListener( 2822): Rotation Sensor : x=0.0
V/WindowOrientationListener( 2822): Proposed rotation changed! proposedRotation=0currentRotation = 1
V/WindowOrientationListener( 2822): ScreenOrientationEventListenerImpl.getProposedRotationLocked, Rotation: 0
V/WindowOrientationListener( 2822): ScreenOrientationEventListenerImpl.getProposedRotationLocked, Rotation: 0
V/WindowManager( 2822): rotationForOrientationLw(orient=-1, last=1); user=0 sensorRotation=0 mLidState=-1 mDockMode=0 mHdmiPlugged=false mAccelerometerDefault=false gripRotationLock=false
D/SamsungWindowManager( 2822): setRotationLw() : rotation=0
D/DisplayPowerController( 2822): applyLightSensorMeasurementSEC : mIsLockZone = true
D/SSRMv2:TSP:AirViewOnOff( 2822): SettingsAirViewInfo:: 000000000
D/InputDispatcher( 2822): setInputDispatchMode: enabled=1, frozen=1
D/CustomFrequencyManagerService( 2822): acquireDVFSLockLocked : type : DVFS_MIN_LIMIT frequency : 1900000 uid : 1000 pid : 2822 pkgName : ROTATION_BOOSTER@27
I/SurfaceFlinger( 2289): id=4969 createSurf (1600x2560),2 flag=404, TcreenshotS
D/SensorService( 2822): [AR] -4.8 -0.4 11.2
D/SensorService( 2822): ScreenOrientationSensor::Rotation Old->New [0 -> 255]
I/SurfaceFlinger( 2289): Orientation 1=>0
I/InputReader( 2822): Reconfiguring input devices. changes=0x00000004
I/InputReader( 2822): Device reconfigured: id=4, name='sec_touchscreen', size 1600x2560, orientation 0, mode 1, display id 0
I/ActivityManager( 2822): Config changes=480 {0 1.0 ?mcc?mnc en_GB ldltr sw800dp w800dp h1255dp 320dpi xlrg port finger -keyb/v/h -nav/h s.229}
D/Launcher( 8194): onConfigurationChanged. orientation: 1
D/briefing( 5277): [Briefing]>>> MWRP:100 [0:0] onConfigurationChanged >>>>
I/SamsungIME( 3456): [Before] hardKeyboardHidden(2) keyboardType(1)
I/SamsungIME( 3456): mHwKeyboardShown [isHWKeyboardOpen()] = false --> false
E/SamsungIME( 3456): isHWKeyboardConnected() = false --> false
I/SamsungIME( 3456): [hasToCallSuper] true
D/KeyguardUpdateMonitor( 3041): sendKeyguardVisibilityChanged(true)
I/display ( 2289): [DYNAMIC_RECOMP] GLES_2_HWC by BW check
D/AudioHardwareTinyALSA( 2293): AudioHardware::getParameters(keys="call_forwarding")
D/AudioHardwareTinyALSA( 2293): AudioHardwareALSA::getParameters() call_forwarding=
I/str_params( 2293): key: 'call_forwarding' value: ''
D/PhoneApp( 3228): updateProximitySensorMode: lock already released.
D/CenterBarWindow( 8169): onConfigurationChanged point = Point(800, 1280)
E/SMD ( 2302): InvokeOemRequestHookRaw usbstatus true is success
D/PhoneStatusBar( 3041): mSettingsPanelGravity = 8388661
D/KeyguardUpdateMonitor( 3041): handleKeyguardVisibilityChanged(1)
D/PhoneStatusBarView( 3041): marqueeStatusBar:12-3, mClearCover:0
D/KeyguardUpdateMonitor( 3041): sendKeyguardVisibilityChanged(true)
E/Tethering( 2822): No numeric data
I/AudioService( 2822): getStreamVolume 2 index 10
D/ExtSeekBar( 2822): setProgress = 0
D/ExtSeekBar( 2822): setProgress = 0, fromUser = false, isEnableChangeColor() = false
D/KeyguardUpdateMonitor( 3041): sendKeyguardVisibilityChanged(true)
D/ExtSeekBar( 2822): updateDrawable this.mThumb = android.graphics.drawable.StateListDrawable@4335c3e8, msetDrawable = android.graphics.drawable.LayerDrawable@4312bf20, mOffsetThumb = 36
D/ExtSeekBar( 2822): updateDrawable getProgress() = 0, getMax() = 15GeneralUtil.isTablet() = true
D/ProgressBar( 2822): setProgressDrawable drawableHeight = 14
I/AudioService( 2822): getStreamVolume 3 index 60
D/ExtSeekBar( 2822): setProgress = 6
E/SmartFaceService( 2822): onReceive: android.intent.action.CONFIGURATION_CHANGED
E/SmartFaceService( 2822): mFolderCoverOpened: (true, true) -> true
D/ExtSeekBar( 2822): setProgress = 6, fromUser = false, isEnableChangeColor() = false
D/ExtSeekBar( 2822): updateDrawable this.mThumb = android.graphics.drawable.StateListDrawable@43165918, msetDrawable = android.graphics.drawable.LayerDrawable@44024b40, mOffsetThumb = 36
D/ExtSeekBar( 2822): updateDrawable getProgress() = 6, getMax() = 15GeneralUtil.isTablet() = true
D/ProgressBar( 2822): setProgressDrawable drawableHeight = 14
I/AudioService( 2822): getStreamVolume 5 index 70
D/ExtSeekBar( 2822): setProgress = 0
D/ExtSeekBar( 2822): setProgress = 0, fromUser = false, isEnableChangeColor() = false
D/ExtSeekBar( 2822): updateDrawable this.mThumb = android.graphics.drawable.StateListDrawable@4251f9f8, msetDrawable = android.graphics.drawable.LayerDrawable@42d45f28, mOffsetThumb = 36
D/ExtSeekBar( 2822): updateDrawable getProgress() = 0, getMax() = 15GeneralUtil.isTablet() = true
D/ProgressBar( 2822): setProgressDrawable drawableHeight = 14
I/AudioService( 2822): getStreamVolume 1 index 110
D/ExtSeekBar( 2822): setProgress = 0
D/ExtSeekBar( 2822): setProgress = 0, fromUser = false, isEnableChangeColor() = false
D/ExtSeekBar( 2822): updateDrawable this.mThumb = android.graphics.drawable.StateListDrawable@4323bf58, msetDrawable = android.graphics.drawable.LayerDrawable@430e3d88, mOffsetThumb = 36
D/ExtSeekBar( 2822): updateDrawable getProgress() = 0, getMax() = 15GeneralUtil.isTablet() = true
D/ProgressBar( 2822): setProgressDrawable drawableHeight = 14
D/KeyguardUpdateMonitor( 3041): sendKeyguardVisibilityChanged(true)
D/accuweather( 4542): [AccuTab_Magagine]>>> WCS:171 [0:0] action : androidintentactionCONFIGURATION_CHANGED
D/STATUSBAR-QuickSettingPanel( 3041): setSingleLine:true
D/STATUSBAR-QuickSettingPanel( 3041): updateButtonInfo mButtonWidth : 266 mColumnNumber:6 orien: 1
D/STATUSBAR-QuickSettingPanel( 3041): onConfigurationChanged - dynamicallyReduceTextSize
D/STATUSBAR-QuickSettingButton( 3041): dynamicallyReduceTextSize: 266
D/STATUSBAR-QuickSettingButton( 3041): dynamicallyReduceTextSize: 266
D/STATUSBAR-QuickSettingButton( 3041): dynamicallyReduceTextSize: 266
D/STATUSBAR-QuickSettingButton( 3041): dynamicallyReduceTextSize: 266
D/STATUSBAR-QuickSettingButton( 3041): dynamicallyReduceTextSize: 266
D/STATUSBAR-QuickSettingButton( 3041): dynamicallyReduceTextSize: 266
D/STATUSBAR-QuickSettingButton( 3041): dynamicallyReduceTextSize: 266
