D/STATUSBAR-QuickSettingButton( 3041): dynamicallyReduceTextSize: 266
D/STATUSBAR-QuickSettingButton( 3041): dynamicallyReduceTextSize: 266
D/STATUSBAR-QuickSettingButton( 3041): dynamicallyReduceTextSize: 266
D/STATUSBAR-QuickSettingButton( 3041): dynamicallyReduceTextSize: 266
D/KeyguardUpdateMonitor( 3041): sendKeyguardVisibilityChanged(true)
D/STATUSBAR-QuickSettingButton( 3041): dynamicallyReduceTextSize: 266
D/STATUSBAR-QuickSettingButton( 3041): dynamicallyReduceTextSize: 266
D/STATUSBAR-QuickSettingButton( 3041): dynamicallyReduceTextSize: 266
D/STATUSBAR-QuickSettingButton( 3041): dynamicallyReduceTextSize: 266
D/STATUSBAR-QuickSettingButton( 3041): dynamicallyReduceTextSize: 266
D/STATUSBAR-QuickSettingButton( 3041): dynamicallyReduceTextSize: 266
D/STATUSBAR-QuickSettingButton( 3041): dynamicallyReduceTextSize: 266
D/STATUSBAR-QuickSettingButton( 3041): dynamicallyReduceTextSize: 266
D/STATUSBAR-QuickSettingButton( 3041): dynamicallyReduceTextSize: 266
D/STATUSBAR-QuickSettingButton( 3041): dynamicallyReduceTextSize: 266
D/STATUSBAR-QuickSettingButton( 3041): dynamicallyReduceTextSize: 266
D/KeyguardUpdateMonitor( 3041): sendKeyguardVisibilityChanged(true) E/com.sec.android.app.sbrowser.placeholder.controller.PlaceHolderContentViewRenderViewAdapter( 3804): APPLOGS: configHasChanged w=2560 h=1380 E/com.sec.android.app.sbrowser.placeholder.controller.PlaceHolderContentViewRenderViewAdapter( 3804): APPLOGS: configHasChanged updating dimensions for XLarge UI w =2560 h =1380 widthCache =1280.0 heightCache =690.0
D/SbrContentView( 3804): onConfigurationChanged
I/MultiUserPreferences( 8169): openUserData
I/MultiUserPreferences( 8169): validate
I/MultiUserPreferences( 8169): writeElement
I/MultiUserPreferences( 8169): commit
D/DisplayPowerController( 2822): applyLightSensorMeasurementSEC : mIsLockZone = false
D/accuweather( 4542): [AccuTab_Magagine]>>> WC:29 [0:0] action : actionCONFIGURATION_CHANGED
D/accuweather( 4542): [AccuTab_Magagine]>>> UIMK:218 [0:0] action:actionCONFIGURATION_CHANGED
D/KeyguardUpdateMonitor( 3041): sendKeyguardVisibilityChanged(true)
D/mali_winsys( 3041): new_window_surface returns 0x3000
D/KeyguardUpdateMonitor( 3041): sendKeyguardVisibilityChanged(true)
D/STATUSBAR-IconMerger( 3041): checkOverflow(1200), More:false, Req:false Child:1
D/KeyguardUpdateMonitor( 3041): handleKeyguardVisibilityChanged(1)
D/KeyguardUpdateMonitor( 3041): handleKeyguardVisibilityChanged(1)
D/KeyguardUpdateMonitor( 3041): sendKeyguardVisibilityChanged(true)
D/STATUSBAR-NetworkController( 3041): onReceive() - ACTION_CONFIGURATION_CHANGED
D/STATUSBAR-NetworkController( 3041): Nothing, mRoamingIconId = 0
I/MultiWindowTrayInfo( 8169): getAppCnt
E/SMD ( 2302): [*] dr_smd_dsr_event_hdlr event received is received
E/SMD ( 2302): data pin is DSR
E/SMD ( 2302): DSR pinstatus is ON
D/KeyguardUpdateMonitor( 3041): handleKeyguardVisibilityChanged(1)
D/KeyguardUpdateMonitor( 3041): handleKeyguardVisibilityChanged(1)
D/KeyguardUpdateMonitor( 3041): handleKeyguardVisibilityChanged(1)
D/KeyguardUpdateMonitor( 3041): handleKeyguardVisibilityChanged(1)
D/STATUSBAR-IconMerger( 3041): checkOverflow(1200), More:false, Req:false Child:1
I/MultiWindowTrayInfo( 8169): makeInstancebadgeForGridView
D/KeyguardUpdateMonitor( 3041): handleKeyguardVisibilityChanged(1)
D/KeyguardUpdateMonitor( 3041): handleKeyguardVisibilityChanged(1)
I/MultiWindowTrayInfo( 8169): getAppCnt
I/MultiWindowTrayInfo( 8169): makeInstancebadgeForGridView
D/KeyguardUpdateMonitor( 3041): sendKeyguardVisibilityChanged(true)
D/KeyguardUpdateMonitor( 3041): handleKeyguardVisibilityChanged(1)
D/KeyguardUpdateMonitor( 3041): sendKeyguardVisibilityChanged(true)
D/KeyguardUpdateMonitor( 3041): handleKeyguardVisibilityChanged(1)
D/KeyguardUpdateMonitor( 3041): sendKeyguardVisibilityChanged(true)
D/KeyguardUpdateMonitor( 3041): handleKeyguardVisibilityChanged(1)
D/mali_winsys( 8169): new_window_surface returns 0x3000
D/KeyguardUpdateMonitor( 3041): sendKeyguardVisibilityChanged(true)
D/KeyguardUpdateMonitor( 3041): handleKeyguardVisibilityChanged(1)
D/SensorService( 2822): 0.7 0.4 10.0
I/MultiWindowTrayInfo( 8169): getAppCnt
I/MultiWindowTrayInfo( 8169): makeInstancebadgeForGridView
I/MultiWindowTrayInfo( 8169): getAppCnt
I/MultiWindowTrayInfo( 8169): makeInstancebadgeForGridView
D/KeyguardUpdateMonitor( 3041): sendKeyguardVisibilityChanged(true)
D/KeyguardUpdateMonitor( 3041): handleKeyguardVisibilityChanged(1)
D/mali_winsys( 8194): new_window_surface returns 0x3000
D/KeyguardUpdateMonitor( 3041): sendKeyguardVisibilityChanged(true)
D/KeyguardUpdateMonitor( 3041): handleKeyguardVisibilityChanged(1)
D/KeyguardUpdateMonitor( 3041): sendKeyguardVisibilityChanged(true)
D/KeyguardUpdateMonitor( 3041): handleKeyguardVisibilityChanged(1)
D/KeyguardUpdateMonitor( 3041): sendKeyguardVisibilityChanged(true)
D/KeyguardUpdateMonitor( 3041): handleKeyguardVisibilityChanged(1)
I/SurfaceFlinger( 2289): id=4970 createSurf (5120x1600),-1 flag=20004, ClackSurfac
I/WindowManager( 2822): Screen frozen for +414ms due to Window{43008a38 u0 com.sec.android.app.launcher/com.android.launcher2.Launcher}
I/SurfaceFlinger( 2289): id=4971 createSurf (2560x3200),-1 flag=20004, ClackSurfac
I/SurfaceFlinger( 2289): id=4972 createSurf (5120x1600),-1 flag=20004, ClackSurfac
I/SurfaceFlinger( 2289): id=4973 createSurf (2560x3200),-1 flag=20004, ClackSurfac
D/InputDispatcher( 2822): setInputDispatchMode: enabled=1, frozen=0
V/UsbDeviceManager( 2822): USB UEVENT: {USB_STATE=CONNECTED, SUBSYSTEM=android_usb, DEVPATH=/devices/virtual/android_usb/android0, SEQNUM=299532, ACTION=change}
D/UsbDeviceManager( 2822): handleMessage -> MSG_UPDATE_STATE connected = 1,configured = 0
D/UsbDeviceManager( 2822): updateUsbNotification : mConnected = true, mConfigured = false, mCurrentFunctions = mtp
D/UsbDeviceManager( 2822): isUsb30Enabled: read '/sys/class/android_usb/android0/bcdUSB', state = 0200
D/UsbDeviceManager( 2822): isUsb30Enabled: read '/sys/class/android_usb/android0/bcdUSB', state = 0200
D/UsbDeviceManager( 2822): updateUsbNotification : notify id = 17041198, title = Connected as a media device
D/UsbDeviceManager( 2822): sending intent : ACTION_USB_STATE : connected = true, configured = false, functions = mtp
I/SELinux (16729): Function: selinux_android_load_priority [0], There is no sepolicy file.
I/SELinux (16729):
D/NotificationService( 2822): Sending broadcast with sbn as extra = StatusBarNotification(pkg=android user=UserHandle{-1} id=17041198 tag=null score=10: Notification(pri=1 icon=1080826 contentView=android/0x1090080 vibrate=null sound=null defaults=0x0 flags=0x2 when=0 ledARGB=0x0 contentIntent=Y deleteIntent=N contentTitle=27 contentText=28 tickerText=27 kind=[null]))
W/ContextImpl( 2822): Calling a method in the system process without a qualified user: android.app.ContextImpl.sendBroadcast:1510 com.android.server.StatusBarManagerService.sendNotification:990 com.android.server.StatusBarManagerService.addNotification:679 com.android.server.NotificationManagerService$7.run:2148 android.os.Handler.handleCallback:733
D/STATUSBAR-StatusBarManagerService( 2822): sendNotification(1) - 17041198
W/ContextImpl( 2822): Calling a method in the system process without a qualified user: android.app.ContextImpl.sendBroadcast:1510 com.android.server.NotificationManagerService$7.run:2178 android.os.Handler.handleCallback:733 android.os.Handler.dispatchMessage:95 android.os.Looper.loop:146
I/SELinux (16729): Function: selinux_android_load_priority , spota verifySig and checkHash pass. priority version is VE=SEPF_SM-T705_4.4.2_0040
I/SELinux (16729):
I/SELinux (16729):
I/SELinux (16729): selinux_android_seapp_context_reload: seapp_contexts file is loaded from /data/security/spota/seapp_contexts
E/SELinux (16729): [DEBUG] seapp_context_lookup: seinfoCategory = platform
E/dalvikvm(16729): >>>>> Normal User
E/dalvikvm(16729): >>>>> com.samsung.android.MtpApplication [ userId:0 | appId:1000 ]
W/ResourceType( 3041): Attempt to retrieve bag 0x01030068 which is invalid or in a cycle.
D/RCPManagerService( 2822): NotificationReceiver onReceive()
D/RCPManagerService( 2822): NotificationReceiver sbn.getPackageName() android sbn.getUser().getIdentifier() -1
D/RCPManagerService( 2822): getPolicy: Policy checking block entered for Notifications; for user/persona = -1 ; Policy = knox-sanitize-data ; token = 4294967298822
D/RCPManagerService( 2822): getPolicy: policy value returned = false
D/RCPManagerService( 2822): going to get the app label for pkg == android
D/RCPManagerService( 2822): app label == android
D/RCPManagerService( 2822): getPolicy: Policy checking block entered for Notifications; for user/persona = -1 ; Policy = knox-export-data ; token = 4294967298822
D/RCPManagerService( 2822): getPolicy: policy value returned = true
D/RCPManagerService( 2822): Calling User is -1
E/SELinux (16729): [DEBUG] seapp_context_lookup: seinfoCategory = platform
D/RCPManagerService( 2822): userid of SBN ==-1
D/ProgressBar( 3041): setProgressDrawable drawableHeight = 14
D/UserManagerService( 2822): User -1does not exists!!
E/PersonaManagerService( 2822): returning null in getPersonasForUser
D/PhoneStatusBar( 3041): tick(): knoxCustomManager = android.app.enterprise.knoxcustom.KnoxCustomManager@4226a690
W/View ( 3041): requestLayout() improperly called by com.android.systemui.statusbar.AnimatedImageView{4239f690 V.ED.... ......ID 0,0-48,48} during layout: running second layout pass
V/UsbDeviceManager( 2822): USB UEVENT: {USB_STATE=CONFIGURED, SUBSYSTEM=android_usb, DEVPATH=/devices/virtual/android_usb/android0, SEQNUM=299533, ACTION=change}
D/UsbDeviceManager( 2822): handleMessage -> MSG_UPDATE_STATE connected = 1,configured = 1
D/UsbDeviceManager( 2822): updateUsbNotification : mConnected = true, mConfigured = true, mCurrentFunctions = mtp
D/UsbDeviceManager( 2822): isUsb30Enabled: read '/sys/class/android_usb/android0/bcdUSB', state = 0200
D/UsbDeviceManager( 2822): sending intent : ACTION_USB_STATE : connected = true, configured = true, functions = mtp
D/UsbDeviceManager( 2822): isUsb30Enabled: read '/sys/class/android_usb/android0/bcdUSB', state = 0200
D/UsbManager( 2822): :::: isUsb30Enabled :: return = false from pid = 2822
D/dalvikvm(16729): GC_CONCURRENT freed 3000K, 36% free 7038K/10980K, paused 3ms+1ms, total 26ms
D/dalvikvm(16729): WAIT_FOR_CONCURRENT_GC blocked 18ms
E/Watchdog( 2822): !@Sync 14259
E/MTPRx (16729): In MtpReceiverandroid.hardware.usb.action.USB_STATE
E/MTPRx (16729): check value of boot_completed is1
E/MTPRx (16729): check booting is completed_sys.boot_completed
E/MTPRx (16729): Sd-Card path/storage/extSdCard
E/MTPRx (16729): Status for mount/Unmount :mounted
E/MTPRx (16729): SDcard is available
W/MTPRx (16729): value of connected istrue
W/MTPRx (16729): value of configured isfalse
W/MTPRx (16729): value of mtpEnabled istrue
W/MTPRx (16729): value of ptpEnabled isfalse
E/MTPRx (16729): Received USB_STATE with sdCardLaunch = 0
E/MTPRx (16729): configured is false
D/BatteryService( 2822): level:25, scale:100, status:3, health:2, present:true, voltage: 3558, temperature: 232, technology: Li-ion, AC powered:false, USB powered:true, Wireless powered:false, icon:17303560, invalid charger:0, online:4, current avg:-384, charge type:1, power sharing:false
D/BatteryService( 2822): Sending ACTION_BATTERY_CHANGED.
D/Brightness( 3804): mIntentReceiver.onReceive: action=android.intent.action.BATTERY_CHANGED, intent=Intent { act=android.intent.action.BATTERY_CHANGED flg=0x60000010 (has extras) }
D/MainActivityBaseUi.java( 3804): in brightness disabled on critical battery low
D/UsbDeviceManager( 2822): handleMessage -> MSG_POWER_STATE = 1
D/PowerManagerService( 2822): [api] updateIsPoweredLocked : mIsPowered: true mPlugType: 2
I/EntropyMixer( 2822): Writing entropy...
V/AlarmManager( 2822): waitForAlarm result :4
D/UsbDeviceManager( 2822): sending intent : ACTION_USB_CABLE_STATE : connected = true
V/AlarmManager( 2822): trigger ELAPSED_REALTIME_WAKEUP or RTC_WAKEUP
D/KeyguardUpdateMonitor( 3041): received broadcast android.intent.action.BATTERY_CHANGED
V/Vibrator( 3041): Called vibrateImmVibe(int) API - PUID: 10016, PackageName: com.android.keyguard
V/Vibrator( 3041): vibrateImmVibe - PUID: 10016, PackageName: com.android.keyguard, type: 10, magType: TouchMagnitude
D/PowerUI ( 3041): playSound : 1
V/VibratorService( 2822): vibrateImmVibeMagnitudeType - magnitudeType: TouchMagnitude
D/VibratorService( 2822): ImmVibe vibratorOff()
V/VibratorService( 2822): vibrateImmVibe - package: com.android.keyguard, type: 10, magnitude: 6000
D/hwcutils( 2289): MppFactory::MppFactory()
D/ ( 2289): virtual LibMpp* MppFactory::CreateMpp(int, int, int, int)(6)
D/libexynosgscaler( 2289): LibMpp::LibMpp()
D/PowerUI ( 3041): RINGER_MODE_VIBRATE
D/STATUSBAR-PhoneStatusBar( 3041): mBrightnessEnablebySettings = true mBrightnessEnablebyBattery = true mBrightnessEnablebyDisableFlag = true mPmsBrightnessEnablebySettings = true
D/BatteryMeterView( 3041): ACTION_BATTERY_CHANGED : level:25 status:3 health:2
D/KeyguardUpdateMonitor( 3041): handleBatteryUpdate
D/SideSync30_SideSyncReceiver( 7030): [65:onReceive] onReceive() action : android.hardware.usb.action.USB_STATE
D/SideSync30_ConnectionManager( 7030): [309:setConnectionState] setConnectionState state : 1
I/SurfaceFlinger( 2289): id=4969 Removed TcreenshotS (24/28)
I/SurfaceFlinger( 2289): id=4970 Removed ClackSurfac (24/27)
I/SurfaceFlinger( 2289): id=4969 Removed TcreenshotS (-2/27)
I/SurfaceFlinger( 2289): id=4971 Removed ClackSurfac (24/26)
I/SurfaceFlinger( 2289): id=4970 Removed ClackSurfac (-2/26)
I/SurfaceFlinger( 2289): id=4972 Removed ClackSurfac (24/25)
I/SurfaceFlinger( 2289): id=4971 Removed ClackSurfac (-2/25)
D/BatteryMeterView( 3041): onDraw batteryColor : -1
I/SurfaceFlinger( 2289): id=4973 Removed ClackSurfac (24/24)
I/SurfaceFlinger( 2289): id=4972 Removed ClackSurfac (-2/24)
D/SideSync30_ConnectionManager( 7030): [103:getMainContolState] getMainContolState CONNECTED : 0, DISCONNECTED : 1 1
D/briefing( 5277): [Briefing]>>> B:39 [0:0] action : comandroidserverNotificationManagerServiceNotificationArrived
D/briefing( 5277): [Briefing]>>> B:52 [0:0] settings CT : androidappReceiverRestrictedContext@422790b8
D/briefing( 5277): [Briefing]>>> UIM:132 [0:0] setContext
D/briefing( 5277): [Briefing]>>> CMM:474 [0:0] onReceive() = comandroidserverNotificationManagerServiceNotificationArrived
D/briefing( 5277): [Briefing]>>> CMM:542 [0:0] MISSED_EVENT_ARRIVED no bundle
D/KeyguardUpdateMonitor( 3041): sendKeyguardVisibilityChanged(true)
V/WindowOrientationListener( 2822): ScreenOrientationEventListenerImpl.getProposedRotationLocked, Rotation: -1
V/WindowOrientationListener( 2822): ScreenOrientationEventListenerImpl.getProposedRotationLocked, Rotation: -1
D/accuweather( 4542): [AccuTab_Magagine]>>> WC:29 [0:0] action : comandroidserverNotificationManagerServiceNotificationArrived
V/WindowManager( 2822): rotationForOrientationLw(orient=-1, last=0); user=0 sensorRotation=-1 mLidState=-1 mDockMode=0 mHdmiPlugged=false mAccelerometerDefault=false gripRotationLock=false
D/accuweather( 4542): [AccuTab_Magagine]>>> UIMK:218 [0:0] action:comandroidserverNotificationManagerServiceNotificationArrived
D/KeyguardUpdateMonitor( 3041): handleKeyguardVisibilityChanged(1)
E/MTPRx (16729): In MtpReceiverandroid.hardware.usb.action.USB_STATE
E/MTPRx (16729): check value of boot_completed is1
E/MTPRx (16729): check booting is completed_sys.boot_completed
E/MTPRx (16729): Sd-Card path/storage/extSdCard
E/MTPRx (16729): Status for mount/Unmount :mounted
E/MTPRx (16729): SDcard is available
W/MTPRx (16729): value of connected istrue
W/MTPRx (16729): value of configured istrue
W/MTPRx (16729): value of mtpEnabled istrue
W/MTPRx (16729): value of ptpEnabled isfalse
E/MTPRx (16729): Received USB_STATE with sdCardLaunch = 0
E/MTPRx (16729): mFirstTime: false
D/ (16729): MTP: reading debug level property
E/MTPRx (16729): String obtained from jar = 0b1e96db05d64ea4
E/MTPJNIInterface(16729): Getting CryptionKey from JAVA
E/MTPRx (16729): currentUserId is 0
E/MTPRx (16729): Start observing USB_STATE_MATCH
E/MTPRx (16729): usbMode is 0200
E/MTPRx (16729): is_secretmode is NOT 1
D/MTPRx (16729): inside checkKnoxStatus
D/libexynosgscaler( 2289): virtual CGscaler::~CGscaler()
D/libexynosgscaler( 2289): virtual LibMpp::~LibMpp()
D/ ( 2289): virtual MppFactory::~MppFactory()
D/MTPRx (16729): inside checkKnoxStatus_isKnoxModeActive : false
E/MTPRx (16729): sending MTP_ICON_ENABLED to stack
E/MTPRx (16729): else part ... so first time!!!
E/MTPPlaObsrvr(16729): inside setContext()
E/MTPPlaObsrvr(16729): inside createplafiles
D/STATUSBAR-NetworkController( 3041): onSignalStrengthsChanged signalStrength=SignalStrength: 16 -1 -1 -1 -1 -1 -1 99 2147483647 2147483647 2147483647 -1 2147483647 gsm|lte 0x4 level=4
D/STATUSBAR-NetworkController( 3041): Nothing, mRoamingIconId = 0
E/MTPPlaObsrvr(16729): playlist count is0
E/MTPPlaObsrvr(16729): inside try branch createplafiles
E/MTPPlaObsrvr(16729): inside deleteing plas createplafiles
E/MTPPlaObsrvr(16729): Inside registerContentObserver
E/MtpAdbObserver(16729): inside setContext()
E/MtpAdbObserver(16729): Inside registerContentObserver
W/Settings(16729): Setting adb_enabled has moved from android.provider.Settings.System to android.provider.Settings.Global, returning read-only global URI.
E/MtpService(16729): onCreate.
E/MtpService(16729): < MTP > Registering BroadCast receiver :::::
E/MtpService(16729): < MTP > Registering BroadCast registerBroadCastPolicyRec :::::
E/MtpService(16729): < MTP > Registering BroadCast registerBroadCastEmergencyRec :::::
E/MtpService(16729): onStartCommand.
W/MTPRx (16729): calling native method
E/MTPJNIInterface(16729): < MTP > Registering BroadCast receiver :::::
E/MtpService(16729): handleMessage. msg= { when=-4ms what=0 arg1=1 obj=Intent { cmp=com.samsung.android.MtpApplication/.MtpService } target=com.samsung.android.MtpApplication.MtpService$ServiceHandler }
E/MTPJNIInterface(16729): < MTP > Registering BroadCast receiver :::::::
D/MtpService(12011): addStorageLocked 65537 /storage/emulated/0
D/MtpService(12011): addStorageLocked 131073 /storage/extSdCard
E/MTPJNIInterface(16729): noti = 10
D/SideSync30_SideSyncReceiver( 7030): [65:onReceive] onReceive() action : android.hardware.usb.action.USB_STATE
D/SideSync30_ConnectionManager( 7030): [309:setConnectionState] setConnectionState state : 1
D/MtpService(12011): starting MTP server in MTP mode
E/MtpService(16729): onStartCommand.
W/MTPRx (16729): calling native method
E/MTPRx (16729): Checking the driver time out
E/MTPJNIInterface(16729): noti = 2
D/ (16729): deleting sockets before message queue initialization
D/ (16729): event handler thread is created, so set the flag
E/MTPRx (16729): called native method
E/MTPJNIInterface(16729): setting Media scanner status0
E/MTPJNIInterface(16729): After setting Media scanner status0
D/SideSync30_ConnectionManager( 7030): [103:getMainContolState] getMainContolState CONNECTED : 0, DISCONNECTED : 1 1
E/MtpService(16729): handleMessage. msg= { when=-2ms what=0 arg1=2 obj=Intent { cmp=com.samsung.android.MtpApplication/.MtpService } target=com.samsung.android.MtpApplication.MtpService$ServiceHandler }
E/MTPJNIInterface(16729): Getting media scanner status0
W/MTPRx (16729): notification from stack 1
E/MTPJNIInterface(16729): DeviceName is ikkedintablet
I/SELinux (16749): Function: selinux_android_load_priority [0], There is no sepolicy file.
I/SELinux (16749):
E/MtpServerJNI(12011): could not open MTP driver, errno: 2
D/MtpService(12011): addStorageLocked 65537 /storage/emulated/0
E/MtpServerJNI(12011): server is null in add_storage
D/MtpService(12011): addStorageLocked 131073 /storage/extSdCard
E/MtpServerJNI(12011): server is null in add_storage
E/MtpServerJNI(12011): server is null in run
E/MtpServerJNI(12011): server is null in cleanup
I/SELinux (16749): Function: selinux_android_load_priority , spota verifySig and checkHash pass. priority version is VE=SEPF_SM-T705_4.4.2_0040
I/SELinux (16749):
I/SELinux (16749):
I/SELinux (16749): selinux_android_seapp_context_reload: seapp_contexts file is loaded from /data/security/spota/seapp_contexts
E/SELinux (16749): [DEBUG] seapp_context_lookup: seinfoCategory = platform
E/dalvikvm(16749): >>>>> Normal User
E/dalvikvm(16749): >>>>> com.sec.android.app.videoplayer [ userId:0 | appId:10049 ]
E/SELinux (16749): [DEBUG] seapp_context_lookup: seinfoCategory = platform
D/dalvikvm( 2290): GC_EXPLICIT freed 43K, 13% free 6973K/7964K, paused 1ms+1ms, total 21ms
D/dalvikvm( 2290): GC_EXPLICIT freed <1K, 13% free 6973K/7964K, paused 2ms+1ms, total 15ms
D/dalvikvm( 2290): GC_EXPLICIT freed <1K, 13% free 6973K/7964K, paused 1ms+1ms, total 16ms
D/dalvikvm(16749): GC_CONCURRENT freed 2992K, 36% free 7048K/10980K, paused 2ms+0ms, total 14ms
D/dalvikvm(16749): WAIT_FOR_CONCURRENT_GC blocked 7ms
E/TranscodeReceiver(16749): onReceive : android.intent.action.ACTION_POWER_CONNECTED
D/videowall-Global(16749): core_num = 4
D/dalvikvm(16749): No JNI_OnLoad found in /system/lib/libsavsff.so 0x4226c588, skipping init
W/linker (16749): libvwengine.so has text relocations. This is wasting memory and is a security risk. Please fix.
D/videowall-Global(16749): density : 2.0 width : 1600 height : 2560 Raw width : 1600 Raw height : 2560
D/videowall-Global(16749): dsp : 1600, swkey : false, Cores : 4, Clock : 0
I/SCloudBackupReceiver(13532): Other Intent
D/TranscodeService(16749): onCreate()
I/SELinux (16762): Function: selinux_android_load_priority [0], There is no sepolicy file.
I/SELinux (16762):
D/dalvikvm(16749): No JNI_OnLoad found in /system/lib/libsavsvc.so 0x4226c588, skipping init
D/dalvikvm(16749): No JNI_OnLoad found in /system/lib/libsavscmn.so 0x4226c588, skipping init
D/dalvikvm(16749): No JNI_OnLoad found in /system/lib/libsthmb.so 0x4226c588, skipping init
D/TranscodeService(16749): power? : true / screen off : false
D/TranscodeService(16749): releaseTranscodeThread.
I/SELinux (16762): Function: selinux_android_load_priority , spota verifySig and checkHash pass. priority version is VE=SEPF_SM-T705_4.4.2_0040
I/SELinux (16762):
I/SELinux (16762):
I/SELinux (16762): selinux_android_seapp_context_reload: seapp_contexts file is loaded from /data/security/spota/seapp_contexts
E/SELinux (16762): [DEBUG] seapp_context_lookup: seinfoCategory = untrusted
E/dalvikvm(16762): >>>>> Normal User
E/dalvikvm(16762): >>>>> com.google.android.apps.uploader [ userId:0 | appId:10116 ]
E/SELinux (16762): [DEBUG] seapp_context_lookup: seinfoCategory = untrusted
D/dalvikvm(16762): GC_CONCURRENT freed 3001K, 36% free 7036K/10980K, paused 3ms+0ms, total 20ms
D/dalvikvm(16762): WAIT_FOR_CONCURRENT_GC blocked 16ms
W/ActivityManager( 2822): Permission Denial: getCurrentUser() from pid=16762, uid=10116 requires android.permission.INTERACT_ACROSS_USERS
E/MTPJNIInterface(16729): Status for mount/Unmount :mounted
E/MTPJNIInterface(16729): SDcard is available
D/PicasaUploader(16762): wifiOnlyPhoto changed to true
D/PicasaUploader(16762): wifiOnlyVideo changed to true
D/PicasaUploader(16762): syncOnBattery changed to true
D/PicasaUploaderSync(16762): sync account database
D/PicasaUploaderSync(16762): accounts in DB=1
D/PicasaUploaderSyncManager(16762): background data: true
D/PicasaUploaderSyncManager(16762): battery info: true
I/display ( 2289): [DYNAMIC_RECOMP] HWC_2_GLES by low FPS(0)
D/dalvikvm( 2822): GC_EXPLICIT freed 5925K, 24% free 67382K/88648K, paused 5ms+10ms, total 172ms
I/iu.Environment( 4617): update battery state; isPlugged? true*
I/iu.SyncManager( 4617): SYNC; picasa accounts
I/GCoreUlr(12099): Starting service, intent=Intent { act=com.google.android.location.reporting.ACTION_UPDATE_WORLD cmp=com.google.android.gms/com.google.android.location.reporting.service.DispatchingService (has extras) }, extras=Bundle[{receiverAction=android.intent.action.ACTION_POWER_CONNECTED}]
I/GCoreUlr(12099): DispatchingService.onCreate()
I/iu.FingerprintManager( 4617): Start processing all media
I/iu.UploadsManager( 4617): num queued entries: 0
I/iu.UploadsManager( 4617): num updated entries: 0
I/iu.FingerprintManager( 4617): Start processing media store URI: content://media/external/images/media
I/iu.SyncManager( 4617): NEXT; no task
I/SELinux (16784): Function: selinux_android_load_priority [0], There is no sepolicy file.
I/SELinux (16784):
I/SELinux (16784): Function: selinux_android_load_priority , spota verifySig and checkHash pass. priority version is VE=SEPF_SM-T705_4.4.2_0040
I/SELinux (16784):
I/SELinux (16784):
I/SELinux (16784): selinux_android_seapp_context_reload: seapp_contexts file is loaded from /data/security/spota/seapp_contexts
E/SELinux (16784): [DEBUG] seapp_context_lookup: seinfoCategory = platform
E/dalvikvm(16784): >>>>> Normal User
E/dalvikvm(16784): >>>>> com.sec.android.app.popupuireceiver [ userId:0 | appId:1000 ]
E/SELinux (16784): [DEBUG] seapp_context_lookup: seinfoCategory = platform
V/AlarmManager( 2822): waitForAlarm result :4
V/AlarmManager( 2822): trigger ELAPSED_REALTIME_WAKEUP or RTC_WAKEUP
I/SensorManagerA(12099): getReportingMode :: sensor.mType = 1
D/SensorManager(12099): registerListener :: 0, BMI055 Accelerometer Sensor, 20000, 0,
D/dalvikvm(12011): GC_EXPLICIT freed 980K, 31% free 8201K/11832K, paused 2ms+5ms, total 39ms
I/GCoreUlr(12099): WorldUpdater received intent Intent { act=com.google.android.location.reporting.ACTION_UPDATE_WORLD cmp=com.google.android.gms/com.google.android.location.reporting.service.DispatchingService (has extras) } with receiverAction android.intent.action.ACTION_POWER_CONNECTED
D/dalvikvm(16784): GC_CONCURRENT freed 3011K, 37% free 7028K/10984K, paused 3ms+1ms, total 26ms
D/dalvikvm(16784): WAIT_FOR_CONCURRENT_GC blocked 15ms
D/PopupuiReceiver(16784): onReceive() getAction : com.android.systemui.power.action.ACTION_CABLE_CONNECTED
D/PopupuiReceiver(16784): Action cable connected ! on -
I/ActivityManager( 2822): Killing 6833:com.samsung.android.app.watchmanagerstub/u0a107 (adj 15): empty #44
E/MTPJNIInterface(16729): Status for mount/Unmount :removed
E/MTPJNIInterface(16729): SDcard is not available
I/dalvikvm( 4617): Jit: resizing JitTable from 4096 to 8192
E/MTPJNIInterface(16729): Status for mount/Unmount :removed
E/MTPJNIInterface(16729): SDcard is not available
E/MTPJNIInterface(16729): Status for mount/Unmount :removed
E/MTPJNIInterface(16729): SDcard is not available
I/iu.FingerprintManager( 4617): Start processing media store URI: content://media/external/video/media
I/iu.FingerprintManager( 4617): Start processing media store URI: content://media/phoneStorage/images/media
I/iu.FingerprintManager( 4617): Start processing media store URI: content://media/phoneStorage/video/media
I/iu.FingerprintManager( 4617): Finished generating fingerprints; 0.252 seconds
I/iu.FingerprintManager( 4617): numSeen=645 numGenerated=0 numDeleted=0 numFailed=0
E/MTPJNIInterface(16729): Status for mount/Unmount :mounted
E/MTPJNIInterface(16729): SDcard is available
E/SQLiteLog(16729): (21) API call with NULL database connection pointer
E/SQLiteLog(16729): (21) misuse at line 96835 of [00bb9c9ce4]
E/SQLiteLog(16729): (21) API call with NULL database connection pointer
E/SQLiteLog(16729): (21) misuse at line 93311 of [00bb9c9ce4]
E/SQLiteLog(16729): (21) API call with NULL database connection pointer
E/SQLiteLog(16729): (21) misuse at line 93311 of [00bb9c9ce4]
E/SQLiteLog(16729): (21) API call with NULL database connection pointer
E/SQLiteLog(16729): (21) misuse at line 96835 of [00bb9c9ce4]
D/ (16729): [mtp_init_device] Going to open(): /dev/usb_mtp_gadget
W/MTPRx (16729): notification from stack 2
E/ (16729): [mtp_init_device] After open the MTP fd = 55 and line = 678...
D/ (16729): [mtp_init_device] IOCTL SET_MTP_USER_PID Sucesss
D/ (16729): *****Starting mtp_io()
W/MTPRx (16729): notification from stack 3
D/ (16729): [mtp_start_io] source_thread Creation
D/ (16729): [mtp_start_io] sink_thread Creation
D/ (16729): [mtp_start_io:360] sink thread created so set th_sink
W/MTPRx (16729): notification from stack 14
E/MTPRx (16729): Open session has come remove the Message false
W/MTPRx (16729): notification from stack 3
W/MTPRx (16729): notification from stack 14
E/MTPRx (16729): Open session has come remove the Message false
W/MTPRx (16729): notification from stack 3
I/GCoreUlr(12099): WorldUpdater:android.intent.action.ACTION_POWER_CONNECTED: Ensuring that reporting is stopped because of reasons: {account#-9#=[InactiveReason{mVersionCode=0, mIdentifier=6, mName='ReportingNotEnabled'}, InactiveReason{mVersionCode=0, mIdentifier=14, mName='HistoryNotEnabled'}]}
I/GCoreUlr(12099): Unbound from all location providers
W/GAV2 ( 7046): Thread[Background Blocking-18,5,main]: dispatch call queued. Need to call GAServiceManager.getInstance().initialize().
I/GCoreUlr(12099): DispatchingService.onDestroy()
I/GCoreUlr(12099): Unbound from all location providers
D/CustomFrequencyManagerService( 2822): releaseDVFSLockLocked : Getting Lock type frm List : DVFS_MIN_LIMIT frequency : 1900000 uid : 1000 pid : 2822 tag : ROTATION_BOOSTER@27
D/dalvikvm( 2822): GC_EXPLICIT freed 687K, 25% free 67296K/88648K, paused 23ms+13ms, total 263ms
D/BtGatt.btif( 4958): btif_gattc_upstreams_evt: Event 4096
D/BtGatt.GattService( 4958): onScanResult() - address=4A:9A:4A:DE:59:BF, rssi=-100
D/BluetoothAdapter( 4929): onScanResult() - Device=4A:9A:4A:DE:59:BF RSSI=-100
W/QuickConnect[1.1][2] ( 4929): BleHelper.getSConnectDataFromBLE - can not resolve length info
D/SensorService( 2822): -0.0 0.3 10.0
D/STATUSBAR-IconMerger( 3041): checkOverflow(1200), More:false, Req:false Child:2
I/display ( 2289): [DYNAMIC_RECOMP] GLES_2_HWC by high FPS(59)
I/display ( 2289): [DYNAMIC_RECOMP] HWC_2_GLES by low FPS(7)
D/SensorManager(12099): unregisterListener ::
D/STATUSBAR-NetworkController( 3041): onSignalStrengthsChanged signalStrength=SignalStrength: 17 -1 -1 -1 -1 -1 -1 99 2147483647 2147483647 2147483647 -1 2147483647 gsm|lte 0x4 level=4
D/STATUSBAR-NetworkController( 3041): Nothing, mRoamingIconId = 0
D/SensorService( 2822): -0.0 0.3 10.1
D/AmoledAdjustTimer( 2822): prevTemp = 233, currTemp = 232, prevStep = 4, currStep = 4
D/SSRMv2:SIOP( 2822): SIOP:: AP = 270, Delta = 20
I/wpa_supplicant( 8301): Scan requested (ret=0) - scan timeout 30 seconds
D/SensorService( 2822): -0.0 0.3 10.0
V/AlarmManager( 2822): waitForAlarm result :4
V/AlarmManager( 2822): trigger ELAPSED_REALTIME_WAKEUP or RTC_WAKEUP
I/SensorManagerA(12099): getReportingMode :: sensor.mType = 1
D/SensorManager(12099): registerListener :: 0, BMI055 Accelerometer Sensor, 20000, 0,
D/BatteryService( 2822): level:25, scale:100, status:3, health:2, present:true, voltage: 3790, temperature: 230, technology: Li-ion, AC powered:false, USB powered:true, Wireless powered:false, icon:17303560, invalid charger:0, online:4, current avg:-89, charge type:1, power sharing:false
D/BatteryService( 2822): Sending ACTION_BATTERY_CHANGED.
D/KeyguardUpdateMonitor( 3041): received broadcast android.intent.action.BATTERY_CHANGED
D/KeyguardUpdateMonitor( 3041): handleBatteryUpdate
D/Brightness( 3804): mIntentReceiver.onReceive: action=android.intent.action.BATTERY_CHANGED, intent=Intent { act=android.intent.action.BATTERY_CHANGED flg=0x60000010 (has extras) }
D/MainActivityBaseUi.java( 3804): in brightness disabled on critical battery low
D/STATUSBAR-PhoneStatusBar( 3041): mBrightnessEnablebySettings = true mBrightnessEnablebyBattery = true mBrightnessEnablebyDisableFlag = true mPmsBrightnessEnablebySettings = true
D/BatteryMeterView( 3041): ACTION_BATTERY_CHANGED : level:25 status:3 health:2
D/STATUSBAR-IconMerger( 3041): checkOverflow(1200), More:false, Req:false Child:2
D/STATUSBAR-NetworkController( 3041): onSignalStrengthsChanged signalStrength=SignalStrength: 18 -1 -1 -1 -1 -1 -1 99 2147483647 2147483647 2147483647 -1 2147483647 gsm|lte 0x4 level=4
D/STATUSBAR-NetworkController( 3041): Nothing, mRoamingIconId = 0
V/AlarmManager( 2822): waitForAlarm result :4
V/AlarmManager( 2822): trigger ELAPSED_REALTIME_WAKEUP or RTC_WAKEUP
D/dalvikvm(12099): GC_CONCURRENT freed 1977K, 24% free 9952K/12988K, paused 6ms+8ms, total 83ms
D/dalvikvm(12099): WAIT_FOR_CONCURRENT_GC blocked 18ms
V/AlarmManager( 2822): next == MAX_VALUE
D/SensorService( 2822): -0.0 0.3 10.1
I/wpa_supplicant( 8301): nl80211: Received scan results (35 BSSes)
I/wpa_supplicant( 8301): wlan0: Setting scan request: 128 sec 0 usec
D/Tethering( 2822): interfaceLinkStateChanged wlan0, true
D/Tethering( 2822): interfaceStatusChanged wlan0, true
I/wpa_supplicant( 8301): wlan0: CTRL-EVENT-NO-CONNECTION
I/wpa_supplicant( 8301): wlan0: Setting scan request: 128 sec 0 usec
D/WifiP2pService( 2822): InactiveState{ what=147461 }
D/WifiP2pService( 2822): P2pEnabledState{ what=147461 }
D/WifiP2pService( 2822): DefaultState{ what=147461 }
D/SensorManager(12099): unregisterListener ::
D/BtGatt.btif( 4958): btif_gattc_upstreams_evt: Event 4096
D/BtGatt.GattService( 4958): onScanResult() - address=C4:B3:20:5B:4B:0F, rssi=-101
D/BluetoothAdapter( 4929): onScanResult() - Device=C4:B3:20:5B:4B:0F RSSI=-101
W/QuickConnect[1.1][2] ( 4929): BleHelper.getSConnectDataFromBLE - can not resolve length info
D/SensorService( 2822): -0.0 0.3 10.0
I/ActivityManager( 2822): Waited long enough for: ServiceRecord{42b949a0 u0 com.samsung.android.MtpApplication/.MtpService}
I/ActivityManager( 2822): Waited long enough for: ServiceRecord{44f85aa0 u0 com.sec.android.app.videoplayer/.videowall.TranscodeService}
D/BtGatt.btif( 4958): btif_gattc_upstreams_evt: Event 4096
D/BtGatt.GattService( 4958): onScanResult() - address=4A:9A:4A:DE:59:BF, rssi=-103
D/BluetoothAdapter( 4929): onScanResult() - Device=4A:9A:4A:DE:59:BF RSSI=-103
W/QuickConnect[1.1][2] ( 4929): BleHelper.getSConnectDataFromBLE - can not resolve length info
D/SensorService( 2822): -0.0 0.3 10.1
D/AmoledAdjustTimer( 2822): prevTemp = 232, currTemp = 230, prevStep = 4, currStep = 4
D/SSRMv2:SIOP( 2822): SIOP:: AP = 260, Delta = -10
V/AlarmManager( 2822): waitForAlarm result :4
V/AlarmManager( 2822): trigger ELAPSED_REALTIME_WAKEUP or RTC_WAKEUP
I/SensorManagerA(12099): getReportingMode :: sensor.mType = 1
D/SensorManager(12099): registerListener :: 0, BMI055 Accelerometer Sensor, 20000, 0,
D/BatteryService( 2822): level:25, scale:100, status:3, health:2, present:true, voltage: 3815, temperature: 230, technology: Li-ion, AC powered:false, USB powered:true, Wireless powered:false, icon:17303560, invalid charger:0, online:4, current avg:113, charge type:1, power sharing:false
D/BatteryService( 2822): Sending ACTION_BATTERY_CHANGED.
D/KeyguardUpdateMonitor( 3041): received broadcast android.intent.action.BATTERY_CHANGED
D/KeyguardUpdateMonitor( 3041): handleBatteryUpdate
D/STATUSBAR-PhoneStatusBar( 3041): mBrightnessEnablebySettings = true mBrightnessEnablebyBattery = true mBrightnessEnablebyDisableFlag = true mPmsBrightnessEnablebySettings = true
D/BatteryMeterView( 3041): ACTION_BATTERY_CHANGED : level:25 status:3 health:2
D/Brightness( 3804): mIntentReceiver.onReceive: action=android.intent.action.BATTERY_CHANGED, intent=Intent { act=android.intent.action.BATTERY_CHANGED flg=0x60000010 (has extras) }
D/MainActivityBaseUi.java( 3804): in brightness disabled on critical battery low
D/STATUSBAR-IconMerger( 3041): checkOverflow(1200), More:false, Req:false Child:2
D/SensorService( 2822): -0.0 0.3 10.1
D/BtGatt.btif( 4958): btif_gattc_upstreams_evt: Event 4096
D/BtGatt.GattService( 4958): onScanResult() - address=C4:B3:20:5B:4B:0F, rssi=-97
D/BluetoothAdapter( 4929): onScanResult() - Device=C4:B3:20:5B:4B:0F RSSI=-97
W/QuickConnect[1.1][2] ( 4929): BleHelper.getSConnectDataFromBLE - can not resolve length info
D/SensorManager(12099): unregisterListener ::
D/dalvikvm(12099): GC_FOR_ALLOC freed 954K, 25% free 9786K/13008K, paused 38ms, total 38ms
D/BtGatt.btif( 4958): btif_gattc_upstreams_evt: Event 4096
D/BtGatt.GattService( 4958): onScanResult() - address=70:6B:A5:E6:AB:E2, rssi=-103
D/BluetoothAdapter( 4929): onScanResult() - Device=70:6B:A5:E6:AB:E2 RSSI=-103
W/QuickConnect[1.1][2] ( 4929): BleHelper.getSConnectDataFromBLE - can not resolve length info
D/SensorService( 2822): -0.0 0.3 10.0
D/BtGatt.btif( 4958): btif_gattc_upstreams_evt: Event 4096
D/BtGatt.GattService( 4958): onScanResult() - address=4A:9A:4A:DE:59:BF, rssi=-100
D/BluetoothAdapter( 4929): onScanResult() - Device=4A:9A:4A:DE:59:BF RSSI=-100
W/QuickConnect[1.1][2] ( 4929): BleHelper.getSConnectDataFromBLE - can not resolve length info
D/SensorService( 2822): -0.0 0.3 10.0
D/AmoledAdjustTimer( 2822): prevTemp = 230, currTemp = 230, prevStep = 4, currStep = 4
D/SSRMv2:SIOP( 2822): SIOP:: AP = 250, Delta = -10
D/STATUSBAR-NetworkController( 3041): onSignalStrengthsChanged signalStrength=SignalStrength: 19 -1 -1 -1 -1 -1 -1 99 2147483647 2147483647 2147483647 -1 2147483647 gsm|lte 0x4 level=4
D/STATUSBAR-NetworkController( 3041): Nothing, mRoamingIconId = 0
D/SensorService( 2822): -0.0 0.3 10.0
E/Watchdog( 2822): !@Sync 14260
D/KeyguardUpdateMonitor( 3041): received broadcast android.intent.action.BATTERY_CHANGED
D/KeyguardUpdateMonitor( 3041): handleBatteryUpdate
D/BatteryService( 2822): level:25, scale:100, status:3, health:2, present:true, voltage: 3819, temperature: 231, technology: Li-ion, AC powered:false, USB powered:true, Wireless powered:false, icon:17303560, invalid charger:0, online:4, current avg:203, charge type:1, power sharing:false
D/BatteryService( 2822): Sending ACTION_BATTERY_CHANGED.
D/Brightness( 3804): mIntentReceiver.onReceive: action=android.intent.action.BATTERY_CHANGED, intent=Intent { act=android.intent.action.BATTERY_CHANGED flg=0x60000010 (has extras) }
D/MainActivityBaseUi.java( 3804): in brightness disabled on critical battery low
D/STATUSBAR-PhoneStatusBar( 3041): mBrightnessEnablebySettings = true mBrightnessEnablebyBattery = true mBrightnessEnablebyDisableFlag = true mPmsBrightnessEnablebySettings = true
D/BatteryMeterView( 3041): ACTION_BATTERY_CHANGED : level:25 status:3 health:2
D/STATUSBAR-IconMerger( 3041): checkOverflow(1200), More:false, Req:false Child:2
V/AlarmManager( 2822): waitForAlarm result :8
V/AlarmManager( 2822): ClockReceiver onReceive() ACTION_TIME_TICK
D/KeyguardUpdateMonitor( 3041): received broadcast android.intent.action.TIME_TICK
D/KeyguardUpdateMonitor( 3041): handleTimeUpdate
D/STATUSBAR-IconMerger( 3041): checkOverflow(1200), More:false, Req:false Child:2
D/briefing( 5277): [Briefing]>>> BS:181 [0:0] action : androidintentactionTIME_TICK
D/briefing( 5277): [Briefing]>>> B:39 [0:0] action : actionTIME_TICK
D/briefing( 5277): [Briefing]>>> B:52 [0:0] settings CT : androidappReceiverRestrictedContext@422790b8
D/briefing( 5277): [Briefing]>>> UIM:132 [0:0] setContext
D/briefing( 5277): [Briefing]>>> UIM:299 [0:0] isUpdateWidget -> false
D/accuweather( 4542): [AccuTab_Magagine]>>> WCS:171 [0:0] action : androidintentactionTIME_TICK
D/accuweather( 4542): [AccuTab_Magagine]>>> WC:29 [0:0] action : actionTIME_TICK
D/accuweather( 4542): [AccuTab_Magagine]>>> WC:37 [0:0] weather widget id size = 1
D/accuweather( 4542): [AccuTab_Magagine]>>> UIMK:218 [0:0] action:actionTIME_TICK
E/accuweather( 4542): [AccuTab_Magagine]>>> UIMK:1183 [0:0] time : 07:47
E/accuweather( 4542): [AccuTab_Magagine]>>> U:3651 [0:0] This method is only running Activity
D/SensorService( 2822): -0.0 0.3 10.0
D/SensorService( 2822): -0.0 0.3 10.1
D/BtGatt.btif( 4958): btif_gattc_upstreams_evt: Event 4096
D/BtGatt.GattService( 4958): onScanResult() - address=70:6B:A5:E6:AB:E2, rssi=-101
D/BluetoothAdapter( 4929): onScanResult() - Device=70:6B:A5:E6:AB:E2 RSSI=-101
W/QuickConnect[1.1][2] ( 4929): BleHelper.getSConnectDataFromBLE - can not resolve length info
D/AmoledAdjustTimer( 2822): prevTemp = 230, currTemp = 231, prevStep = 4, currStep = 4
D/SSRMv2:SIOP( 2822): SIOP:: AP = 250, Delta = 0
D/SensorService( 2822): -0.0 0.3 10.0
D/BatteryService( 2822): level:25, scale:100, status:3, health:2, present:true, voltage: 3822, temperature: 232, technology: Li-ion, AC powered:false, USB powered:true, Wireless powered:false, icon:17303560, invalid charger:0, online:4, current avg:245, charge type:1, power sharing:false
D/BatteryService( 2822): Sending ACTION_BATTERY_CHANGED.
D/KeyguardUpdateMonitor( 3041): received broadcast android.intent.action.BATTERY_CHANGED
D/KeyguardUpdateMonitor( 3041): handleBatteryUpdate
D/STATUSBAR-PhoneStatusBar( 3041): mBrightnessEnablebySettings = true mBrightnessEnablebyBattery = true mBrightnessEnablebyDisableFlag = true mPmsBrightnessEnablebySettings = true
D/BatteryMeterView( 3041): ACTION_BATTERY_CHANGED : level:25 status:3 health:2
D/Brightness( 3804): mIntentReceiver.onReceive: action=android.intent.action.BATTERY_CHANGED, intent=Intent { act=android.intent.action.BATTERY_CHANGED flg=0x60000010 (has extras) }
D/MainActivityBaseUi.java( 3804): in brightness disabled on critical battery low
D/STATUSBAR-IconMerger( 3041): checkOverflow(1200), More:false, Req:false Child:2
D/SensorService( 2822): -0.0 0.3 10.0
D/BtGatt.btif( 4958): btif_gattc_upstreams_evt: Event 4096
D/BtGatt.GattService( 4958): onScanResult() - address=C4:B3:20:5B:4B:0F, rssi=-96
D/BluetoothAdapter( 4929): onScanResult() - Device=C4:B3:20:5B:4B:0F RSSI=-96
W/QuickConnect[1.1][2] ( 4929): BleHelper.getSConnectDataFromBLE - can not resolve length info
D/BtGatt.btif( 4958): btif_gattc_upstreams_evt: Event 4096
D/BtGatt.GattService( 4958): onScanResult() - address=4A:9A:4A:DE:59:BF, rssi=-103
D/BluetoothAdapter( 4929): onScanResult() - Device=4A:9A:4A:DE:59:BF RSSI=-103
W/QuickConnect[1.1][2] ( 4929): BleHelper.getSConnectDataFromBLE - can not resolve length info
D/SensorService( 2822): -0.0 0.3 10.0
D/SensorService( 2822): -0.0 0.3 10.1
D/AmoledAdjustTimer( 2822): prevTemp = 231, currTemp = 232, prevStep = 4, currStep = 4
D/SSRMv2:SIOP( 2822): SIOP:: AP = 250, Delta = 0
D/BatteryService( 2822): level:25, scale:100, status:3, health:2, present:true, voltage: 3822, temperature: 232, technology: Li-ion, AC powered:false, USB powered:true, Wireless powered:false, icon:17303560, invalid charger:0, online:4, current avg:263, charge type:1, power sharing:false
D/BatteryService( 2822): Sending ACTION_BATTERY_CHANGED.
D/KeyguardUpdateMonitor( 3041): received broadcast android.intent.action.BATTERY_CHANGED
D/KeyguardUpdateMonitor( 3041): handleBatteryUpdate
D/STATUSBAR-PhoneStatusBar( 3041): mBrightnessEnablebySettings = true mBrightnessEnablebyBattery = true mBrightnessEnablebyDisableFlag = true mPmsBrightnessEnablebySettings = true
D/Brightness( 3804): mIntentReceiver.onReceive: action=android.intent.action.BATTERY_CHANGED, intent=Intent { act=android.intent.action.BATTERY_CHANGED flg=0x60000010 (has extras) }
D/MainActivityBaseUi.java( 3804): in brightness disabled on critical battery low
D/STATUSBAR-IconMerger( 3041): checkOverflow(1200), More:false, Req:false Child:2
D/BatteryMeterView( 3041): ACTION_BATTERY_CHANGED : level:25 status:3 health:2
D/SensorService( 2822): -0.0 0.3 10.0
D/BtGatt.btif( 4958): btif_gattc_upstreams_evt: Event 4096
D/BtGatt.GattService( 4958): onScanResult() - address=C4:B3:20:5B:4B:0F, rssi=-99
D/BluetoothAdapter( 4929): onScanResult() - Device=C4:B3:20:5B:4B:0F RSSI=-99
W/QuickConnect[1.1][2] ( 4929): BleHelper.getSConnectDataFromBLE - can not resolve length info
D/SensorService( 2822): -0.0 0.3 10.0
D/BtGatt.btif( 4958): btif_gattc_upstreams_evt: Event 4096
D/BtGatt.GattService( 4958): onScanResult() - address=70:6B:A5:E6:AB:E2, rssi=-101
D/BluetoothAdapter( 4929): onScanResult() - Device=70:6B:A5:E6:AB:E2 RSSI=-101
W/QuickConnect[1.1][2] ( 4929): BleHelper.getSConnectDataFromBLE - can not resolve length info
D/SensorService( 2822): -0.0 0.3 10.0
D/AmoledAdjustTimer( 2822): prevTemp = 232, currTemp = 232, prevStep = 4, currStep = 4
D/SSRMv2:SIOP( 2822): SIOP:: AP = 250, Delta = 0
D/SensorService( 2822): -0.0 0.3 10.1
E/Watchdog( 2822): !@Sync 14261
D/BtGatt.btif( 4958): btif_gattc_upstreams_evt: Event 4096
D/BtGatt.GattService( 4958): onScanResult() - address=C4:B3:20:5B:4B:0F, rssi=-98
D/BluetoothAdapter( 4929): onScanResult() - Device=C4:B3:20:5B:4B:0F RSSI=-98
W/QuickConnect[1.1][2] ( 4929): BleHelper.getSConnectDataFromBLE - can not resolve length info
D/BtGatt.btif( 4958): btif_gattc_upstreams_evt: Event 4096
D/BtGatt.GattService( 4958): onScanResult() - address=70:6B:A5:E6:AB:E2, rssi=-101
D/BluetoothAdapter( 4929): onScanResult() - Device=70:6B:A5:E6:AB:E2 RSSI=-101
W/QuickConnect[1.1][2] ( 4929): BleHelper.getSConnectDataFromBLE - can not resolve length info
D/BatteryService( 2822): level:25, scale:100, status:3, health:2, present:true, voltage: 3821, temperature: 233, technology: Li-ion, AC powered:false, USB powered:true, Wireless powered:false, icon:17303560, invalid charger:0, online:4, current avg:269, charge type:1, power sharing:false
D/BatteryService( 2822): Sending ACTION_BATTERY_CHANGED.
D/KeyguardUpdateMonitor( 3041): received broadcast android.intent.action.BATTERY_CHANGED
D/KeyguardUpdateMonitor( 3041): handleBatteryUpdate
D/STATUSBAR-PhoneStatusBar( 3041): mBrightnessEnablebySettings = true mBrightnessEnablebyBattery = true mBrightnessEnablebyDisableFlag = true mPmsBrightnessEnablebySettings = true
D/BatteryMeterView( 3041): ACTION_BATTERY_CHANGED : level:25 status:3 health:2
D/Brightness( 3804): mIntentReceiver.onReceive: action=android.intent.action.BATTERY_CHANGED, intent=Intent { act=android.intent.action.BATTERY_CHANGED flg=0x60000010 (has extras) }
D/MainActivityBaseUi.java( 3804): in brightness disabled on critical battery low
D/STATUSBAR-IconMerger( 3041): checkOverflow(1200), More:false, Req:false Child:2
D/SensorService( 2822): -0.0 0.3 10.0
D/SensorService( 2822): -0.0 0.3 10.0
D/BtGatt.btif( 4958): btif_gattc_upstreams_evt: Event 4096
D/BtGatt.GattService( 4958): onScanResult() - address=4A:9A:4A:DE:59:BF, rssi=-106
D/BluetoothAdapter( 4929): onScanResult() - Device=4A:9A:4A:DE:59:BF RSSI=-106
W/QuickConnect[1.1][2] ( 4929): BleHelper.getSConnectDataFromBLE - can not resolve length info
D/BtGatt.btif( 4958): btif_gattc_upstreams_evt: Event 4096
D/BtGatt.GattService( 4958): onScanResult() - address=C4:B3:20:5B:4B:0F, rssi=-96
D/BluetoothAdapter( 4929): onScanResult() - Device=C4:B3:20:5B:4B:0F RSSI=-96
W/QuickConnect[1.1][2] ( 4929): BleHelper.getSConnectDataFromBLE - can not resolve length info
D/AmoledAdjustTimer( 2822): prevTemp = 232, currTemp = 233, prevStep = 4, currStep = 4
D/SSRMv2:SIOP( 2822): SIOP:: AP = 250, Delta = 0
D/SensorService( 2822): 0.0 0.3 10.0
D/BatteryService( 2822): level:25, scale:100, status:3, health:2, present:true, voltage: 3821, temperature: 234, technology: Li-ion, AC powered:false, USB powered:true, Wireless powered:false, icon:17303560, invalid charger:0, online:4, current avg:269, charge type:1, power sharing:false
D/BatteryService( 2822): Sending ACTION_BATTERY_CHANGED.
D/KeyguardUpdateMonitor( 3041): received broadcast android.intent.action.BATTERY_CHANGED
D/KeyguardUpdateMonitor( 3041): handleBatteryUpdate
D/Brightness( 3804): mIntentReceiver.onReceive: action=android.intent.action.BATTERY_CHANGED, intent=Intent { act=android.intent.action.BATTERY_CHANGED flg=0x60000010 (has extras) }
D/STATUSBAR-PhoneStatusBar( 3041): mBrightnessEnablebySettings = true mBrightnessEnablebyBattery = true mBrightnessEnablebyDisableFlag = true mPmsBrightnessEnablebySettings = true
D/BatteryMeterView( 3041): ACTION_BATTERY_CHANGED : level:25 status:3 health:2
D/MainActivityBaseUi.java( 3804): in brightness disabled on critical battery low
D/STATUSBAR-IconMerger( 3041): checkOverflow(1200), More:false, Req:false Child:2
D/SensorService( 2822): -0.0 0.3 10.0
D/SensorService( 2822): -0.0 0.3 10.0
D/SensorService( 2822): -0.0 0.3 10.1
D/AmoledAdjustTimer( 2822): prevTemp = 233, currTemp = 234, prevStep = 4, currStep = 4
D/SSRMv2:SIOP( 2822): SIOP:: AP = 250, Delta = 0
D/BtGatt.btif( 4958): btif_gattc_upstreams_evt: Event 4096
D/BtGatt.GattService( 4958): onScanResult() - address=70:6B:A5:E6:AB:E2, rssi=-100
D/BluetoothAdapter( 4929): onScanResult() - Device=70:6B:A5:E6:AB:E2 RSSI=-100
W/QuickConnect[1.1][2] ( 4929): BleHelper.getSConnectDataFromBLE - can not resolve length info
D/KeyguardUpdateMonitor( 3041): received broadcast android.intent.action.BATTERY_CHANGED
D/BatteryService( 2822): level:25, scale:100, status:3, health:2, present:true, voltage: 3824, temperature: 234, technology: Li-ion, AC powered:false, USB powered:true, Wireless powered:false, icon:17303560, invalid charger:0, online:4, current avg:266, charge type:1, power sharing:false
D/BatteryService( 2822): Sending ACTION_BATTERY_CHANGED.
D/KeyguardUpdateMonitor( 3041): handleBatteryUpdate
D/Brightness( 3804): mIntentReceiver.onReceive: action=android.intent.action.BATTERY_CHANGED, intent=Intent { act=android.intent.action.BATTERY_CHANGED flg=0x60000010 (has extras) }
D/MainActivityBaseUi.java( 3804): in brightness disabled on critical battery low
D/STATUSBAR-PhoneStatusBar( 3041): mBrightnessEnablebySettings = true mBrightnessEnablebyBattery = true mBrightnessEnablebyDisableFlag = true mPmsBrightnessEnablebySettings = true
D/STATUSBAR-IconMerger( 3041): checkOverflow(1200), More:false, Req:false Child:2
D/BatteryMeterView( 3041): ACTION_BATTERY_CHANGED : level:25 status:3 health:2
D/SensorService( 2822): -0.0 0.3 10.1
D/SensorService( 2822): -0.0 0.3 10.0
D/SensorService( 2822): -0.0 0.3 10.0
D/BtGatt.btif( 4958): btif_gattc_upstreams_evt: Event 4096
D/BtGatt.GattService( 4958): onScanResult() - address=4A:9A:4A:DE:59:BF, rssi=-101
D/BluetoothAdapter( 4929): onScanResult() - Device=4A:9A:4A:DE:59:BF RSSI=-101
W/QuickConnect[1.1][2] ( 4929): BleHelper.getSConnectDataFromBLE - can not resolve length info
D/AmoledAdjustTimer( 2822): prevTemp = 234, currTemp = 234, prevStep = 4, currStep = 4
D/SSRMv2:SIOP( 2822): SIOP:: AP = 250, Delta = 0
D/SensorService( 2822): -0.0 0.3 10.1
E/Watchdog( 2822): !@Sync 14262
