D/BatteryService( 2822): level:25, scale:100, status:3, health:2, present:true, voltage: 3822, temperature: 235, technology: Li-ion, AC powered:false, USB powered:true, Wireless powered:false, icon:17303560, invalid charger:0, online:4, current avg:263, charge type:1, power sharing:false
D/BatteryService( 2822): Sending ACTION_BATTERY_CHANGED.
D/KeyguardUpdateMonitor( 3041): received broadcast android.intent.action.BATTERY_CHANGED
D/KeyguardUpdateMonitor( 3041): handleBatteryUpdate
D/Brightness( 3804): mIntentReceiver.onReceive: action=android.intent.action.BATTERY_CHANGED, intent=Intent { act=android.intent.action.BATTERY_CHANGED flg=0x60000010 (has extras) }
D/MainActivityBaseUi.java( 3804): in brightness disabled on critical battery low
D/STATUSBAR-PhoneStatusBar( 3041): mBrightnessEnablebySettings = true mBrightnessEnablebyBattery = true mBrightnessEnablebyDisableFlag = true mPmsBrightnessEnablebySettings = true
D/BatteryMeterView( 3041): ACTION_BATTERY_CHANGED : level:25 status:3 health:2
D/STATUSBAR-IconMerger( 3041): checkOverflow(1200), More:false, Req:false Child:2
V/AlarmManager( 2822): waitForAlarm result :8
V/AlarmManager( 2822): ClockReceiver onReceive() ACTION_TIME_TICK
D/KeyguardUpdateMonitor( 3041): received broadcast android.intent.action.TIME_TICK
D/KeyguardUpdateMonitor( 3041): handleTimeUpdate
D/STATUSBAR-IconMerger( 3041): checkOverflow(1200), More:false, Req:false Child:2
D/briefing( 5277): [Briefing]>>> BS:181 [0:0] action : androidintentactionTIME_TICK
D/briefing( 5277): [Briefing]>>> B:39 [0:0] action : actionTIME_TICK
D/briefing( 5277): [Briefing]>>> B:52 [0:0] settings CT : androidappReceiverRestrictedContext@422790b8
D/briefing( 5277): [Briefing]>>> UIM:132 [0:0] setContext
D/briefing( 5277): [Briefing]>>> UIM:299 [0:0] isUpdateWidget -> false
D/accuweather( 4542): [AccuTab_Magagine]>>> WCS:171 [0:0] action : androidintentactionTIME_TICK
D/accuweather( 4542): [AccuTab_Magagine]>>> WC:29 [0:0] action : actionTIME_TICK
D/accuweather( 4542): [AccuTab_Magagine]>>> WC:37 [0:0] weather widget id size = 1
D/accuweather( 4542): [AccuTab_Magagine]>>> UIMK:218 [0:0] action:actionTIME_TICK
E/accuweather( 4542): [AccuTab_Magagine]>>> UIMK:1183 [0:0] time : 07:48
E/accuweather( 4542): [AccuTab_Magagine]>>> U:3651 [0:0] This method is only running Activity
D/BtGatt.btif( 4958): btif_gattc_upstreams_evt: Event 4096
D/BtGatt.GattService( 4958): onScanResult() - address=C4:B3:20:5B:4B:0F, rssi=-97
D/BluetoothAdapter( 4929): onScanResult() - Device=C4:B3:20:5B:4B:0F RSSI=-97
W/QuickConnect[1.1][2] ( 4929): BleHelper.getSConnectDataFromBLE - can not resolve length info
D/BtGatt.btif( 4958): btif_gattc_upstreams_evt: Event 4096
D/BtGatt.GattService( 4958): onScanResult() - address=4A:9A:4A:DE:59:BF, rssi=-101
D/BluetoothAdapter( 4929): onScanResult() - Device=4A:9A:4A:DE:59:BF RSSI=-101
W/QuickConnect[1.1][2] ( 4929): BleHelper.getSConnectDataFromBLE - can not resolve length info
D/SensorService( 2822): -0.0 0.3 10.1
D/BtGatt.btif( 4958): btif_gattc_upstreams_evt: Event 4096
D/BtGatt.GattService( 4958): onScanResult() - address=70:6B:A5:E6:AB:E2, rssi=-105
D/BluetoothAdapter( 4929): onScanResult() - Device=70:6B:A5:E6:AB:E2 RSSI=-105
W/QuickConnect[1.1][2] ( 4929): BleHelper.getSConnectDataFromBLE - can not resolve length info
D/SensorService( 2822): -0.0 0.3 10.1
D/BtGatt.btif( 4958): btif_gattc_upstreams_evt: Event 4096
D/BtGatt.GattService( 4958): onScanResult() - address=70:6B:A5:E6:AB:E2, rssi=-101
D/BluetoothAdapter( 4929): onScanResult() - Device=70:6B:A5:E6:AB:E2 RSSI=-101
W/QuickConnect[1.1][2] ( 4929): BleHelper.getSConnectDataFromBLE - can not resolve length info
D/AmoledAdjustTimer( 2822): prevTemp = 234, currTemp = 235, prevStep = 4, currStep = 4
D/SSRMv2:SIOP( 2822): SIOP:: AP = 250, Delta = 0
D/SensorService( 2822): -0.1 0.3 10.1
D/BtGatt.btif( 4958): btif_gattc_upstreams_evt: Event 4096
D/BtGatt.GattService( 4958): onScanResult() - address=C4:B3:20:5B:4B:0F, rssi=-105
D/BluetoothAdapter( 4929): onScanResult() - Device=C4:B3:20:5B:4B:0F RSSI=-105
W/QuickConnect[1.1][2] ( 4929): BleHelper.getSConnectDataFromBLE - can not resolve length info
D/BatteryService( 2822): level:25, scale:100, status:3, health:2, present:true, voltage: 3827, temperature: 236, technology: Li-ion, AC powered:false, USB powered:true, Wireless powered:false, icon:17303560, invalid charger:0, online:4, current avg:259, charge type:1, power sharing:false
D/BatteryService( 2822): Sending ACTION_BATTERY_CHANGED.
D/KeyguardUpdateMonitor( 3041): received broadcast android.intent.action.BATTERY_CHANGED
D/KeyguardUpdateMonitor( 3041): handleBatteryUpdate
D/STATUSBAR-PhoneStatusBar( 3041): mBrightnessEnablebySettings = true mBrightnessEnablebyBattery = true mBrightnessEnablebyDisableFlag = true mPmsBrightnessEnablebySettings = true
D/BatteryMeterView( 3041): ACTION_BATTERY_CHANGED : level:25 status:3 health:2
D/Brightness( 3804): mIntentReceiver.onReceive: action=android.intent.action.BATTERY_CHANGED, intent=Intent { act=android.intent.action.BATTERY_CHANGED flg=0x60000010 (has extras) }
D/MainActivityBaseUi.java( 3804): in brightness disabled on critical battery low
D/STATUSBAR-IconMerger( 3041): checkOverflow(1200), More:false, Req:false Child:2
D/SensorService( 2822): -0.0 0.3 10.1
D/SensorService( 2822): -0.0 0.3 10.1
D/BtGatt.btif( 4958): btif_gattc_upstreams_evt: Event 4096
D/BtGatt.GattService( 4958): onScanResult() - address=4A:9A:4A:DE:59:BF, rssi=-101
D/BluetoothAdapter( 4929): onScanResult() - Device=4A:9A:4A:DE:59:BF RSSI=-101
W/QuickConnect[1.1][2] ( 4929): BleHelper.getSConnectDataFromBLE - can not resolve length info
D/BtGatt.btif( 4958): btif_gattc_upstreams_evt: Event 4096
D/BtGatt.GattService( 4958): onScanResult() - address=C4:B3:20:5B:4B:0F, rssi=-97
D/BluetoothAdapter( 4929): onScanResult() - Device=C4:B3:20:5B:4B:0F RSSI=-97
W/QuickConnect[1.1][2] ( 4929): BleHelper.getSConnectDataFromBLE - can not resolve length info
D/SensorService( 2822): -0.0 0.3 10.1
D/AmoledAdjustTimer( 2822): prevTemp = 235, currTemp = 236, prevStep = 4, currStep = 4
D/SSRMv2:SIOP( 2822): SIOP:: AP = 250, Delta = 0
D/InputReader( 2822): Input event: value=1
I/InputReader( 2822): Touch event's action is 0x0 (deviceType=0) [pCnt=1, s=0.15474 ] when=428583887801000
I/InputDispatcher( 2822): Delivering touch to: action: 0x4, toolType: 1
I/InputDispatcher( 2822): Delivering touch to: action: 0x4, toolType: 1
I/InputDispatcher( 2822): Delivering touch to: action: 0x0, toolType: 1
I/InputDispatcher( 2822): Delivering touch to: action: 0x0, toolType: 1
D/CustomFrequencyManagerService( 2822): acquireDVFSLockLocked : type : DVFS_MIN_LIMIT frequency : 1700000 uid : 10020 pid : 8194 pkgName : com.sec.android.app.launcher@1
D/InputReader( 2822): Input event: value=0
I/InputReader( 2822): Touch event's action is 0x1 (deviceType=0) [pCnt=1, s=] when=428584044159000
I/InputDispatcher( 2822): Delivering touch to: action: 0x1, toolType: 1
I/InputDispatcher( 2822): Delivering touch to: action: 0x1, toolType: 1
D/KeyguardUpdateMonitor( 3041): received broadcast android.intent.action.BATTERY_CHANGED
D/BatteryService( 2822): level:25, scale:100, status:3, health:2, present:true, voltage: 3819, temperature: 236, technology: Li-ion, AC powered:false, USB powered:true, Wireless powered:false, icon:17303560, invalid charger:0, online:4, current avg:265, charge type:1, power sharing:false
D/BatteryService( 2822): Sending ACTION_BATTERY_CHANGED.
D/KeyguardUpdateMonitor( 3041): handleBatteryUpdate
D/Brightness( 3804): mIntentReceiver.onReceive: action=android.intent.action.BATTERY_CHANGED, intent=Intent { act=android.intent.action.BATTERY_CHANGED flg=0x60000010 (has extras) }
D/MainActivityBaseUi.java( 3804): in brightness disabled on critical battery low
D/STATUSBAR-PhoneStatusBar( 3041): mBrightnessEnablebySettings = true mBrightnessEnablebyBattery = true mBrightnessEnablebyDisableFlag = true mPmsBrightnessEnablebySettings = true
D/STATUSBAR-IconMerger( 3041): checkOverflow(1200), More:false, Req:false Child:2
D/BatteryMeterView( 3041): ACTION_BATTERY_CHANGED : level:25 status:3 health:2
D/SensorService( 2822): -0.0 0.3 10.1
I/display ( 2289): [DYNAMIC_RECOMP] GLES_2_HWC by high FPS(59)
D/CustomFrequencyManagerService( 2822): releaseDVFSLockLocked : Getting Lock type frm List : DVFS_MIN_LIMIT frequency : 1700000 uid : 10020 pid : 8194 tag : com.sec.android.app.launcher@1
I/display ( 2289): [DYNAMIC_RECOMP] HWC_2_GLES by low FPS(0)
D/InputReader( 2822): Input event: value=1
I/InputReader( 2822): Touch event's action is 0x0 (deviceType=0) [pCnt=1, s=0.15475 ] when=428585025203000
I/InputDispatcher( 2822): Delivering touch to: action: 0x4, toolType: 1
I/InputDispatcher( 2822): Delivering touch to: action: 0x4, toolType: 1
I/InputDispatcher( 2822): Delivering touch to: action: 0x0, toolType: 1
I/InputDispatcher( 2822): Delivering touch to: action: 0x0, toolType: 1
D/CustomFrequencyManagerService( 2822): acquireDVFSLockLocked : type : DVFS_MIN_LIMIT frequency : 1700000 uid : 10020 pid : 8194 pkgName : com.sec.android.app.launcher@1
D/InputReader( 2822): Input event: value=0
I/InputReader( 2822): Touch event's action is 0x1 (deviceType=0) [pCnt=1, s=] when=428585103533000
I/InputDispatcher( 2822): Delivering touch to: action: 0x1, toolType: 1
I/InputDispatcher( 2822): Delivering touch to: action: 0x1, toolType: 1
V/ApplicationPolicy( 2822): isApplicationStateBlocked userId 0 pkgname com.android.settings
D/CustomFrequencyManagerService( 2822): acquireDVFSLockLocked : type : DVFS_MIN_LIMIT frequency : 1900000 uid : 10020 pid : 8194 pkgName : LAUNCHER_APP_BOOSTER_CPU@2943
I/SurfaceFlinger( 2289): id=4974 createSurf (16x16),-1 flag=20004, EimLayer
I/SurfaceFlinger( 2289): id=4975 createSurf (16x16),-1 flag=20004, EimLayer
D/KeyguardUpdateMonitor( 3041): sendKeyguardVisibilityChanged(true)
D/KeyguardUpdateMonitor( 3041): handleKeyguardVisibilityChanged(1)
D/CustomFrequencyManagerService( 2822): acquireDVFSLockLocked : type : DVFS_MIN_LIMIT frequency : 1800000 uid : 1000 pid : 2822 pkgName : ACTIVITY_RESUME_BOOSTER@4
W/ActivityManager( 2822): mDVFSHelper.acquire() V/SmartFaceService - 3rd party pause( 2822): onReceive [android.intent.action.ACTIVITY_STATE/com.sec.android.app.launcher/pause]
D/Launcher.HomeView( 8194): onPause
D/Launcher.Workspace( 8194): exitWidgetResizeMode State: NORMAL, newDragStarted: false
D/PhoneStatusBar( 3041): setTransGradationMode=false, mTransparentMode=false, mSemiTransparentMode=false, mMultiWindowMode=false
D/StatusBarManagerService( 2822): tr p:8194,o:f
E/MoreInfoHPW_ViewGroup( 2822): Parent view is not a TextView
D/PhoneStatusBar( 3041): setTransGradationMode=false, mTransparentMode=false, mSemiTransparentMode=false, mMultiWindowMode=false
D/KeyguardUpdateMonitor( 3041): sendKeyguardVisibilityChanged(true)
D/KeyguardUpdateMonitor( 3041): handleKeyguardVisibilityChanged(1)
D/StatusBarManagerService( 2822): tr p:2822,o:f
D/PhoneStatusBar( 3041): setSemiTransparentMode=false, mTransparentMode=false, mSemiTransparentMode=false, mMultiWindowMode=false
I/SurfaceFlinger( 2289): id=4976 createSurf (1x1),1 flag=404, tettings V/SmartFaceService - 3rd party pause( 2822): onReceive [android.intent.action.ACTIVITY_STATE/com.android.settings/create]
D/StatusBarManagerService( 2822): semi p:2822,o:f
D/KeyguardUpdateMonitor( 3041): sendKeyguardVisibilityChanged(true)
D/KeyguardUpdateMonitor( 3041): handleKeyguardVisibilityChanged(1)
D/KeyguardUpdateMonitor( 3041): sendKeyguardVisibilityChanged(true)
D/KeyguardUpdateMonitor( 3041): handleKeyguardVisibilityChanged(1)
D/PointerIcon( 2822): setMouseIconStyle1 pointerType: 1001iconType:101 flag:0
D/PointerIcon( 2822): setMouseCustomIcon IconType is same.101
D/PointerIcon( 2822): setHoveringSpenIconStyle1 pointerType: 10001iconType:1 flag:0
D/PointerIcon( 2822): setHoveringSpenCustomIcon IconType is same.1
D/KeyguardUpdateMonitor( 3041): sendKeyguardVisibilityChanged(true)
D/KeyguardUpdateMonitor( 3041): handleKeyguardVisibilityChanged(1)
D/KeyguardUpdateMonitor( 3041): sendKeyguardVisibilityChanged(true)
D/KeyguardUpdateMonitor( 3041): handleKeyguardVisibilityChanged(1)
D/BarController.StatusBar( 2822): mState: WINDOW_STATE_HIDING
D/KeyguardUpdateMonitor( 3041): sendKeyguardVisibilityChanged(true)
D/KeyguardUpdateMonitor( 3041): handleKeyguardVisibilityChanged(1)
V/RecentsWindow( 3041): hide mShowing = false
D/STATUSBAR-StatusBarManagerService( 2822): manageDisableList what=0x0 pkg=WindowManager.LayoutParams
W/ContextImpl( 2822): Calling a method in the system process without a qualified user: android.app.ContextImpl.sendBroadcast:1496 com.android.internal.policy.impl.PhoneWindowManager.notifyToSSRM:6323 com.android.internal.policy.impl.PhoneWindowManager.access$200:195 com.android.internal.policy.impl.PhoneWindowManager$PolicyHandler.handleMessage:775 android.os.Handler.dispatchMessage:102
D/SSRMv2:TSP:AirViewOnOff( 2822): SettingsAirViewInfo:: 000000000
D/PhoneStatusBar( 3041): Status bar WINDOW_STATE_HIDING
I/display ( 2289): [DYNAMIC_RECOMP] GLES_2_HWC by high FPS(39)
I/PersonaManager( 6734): getPersonaService() name persona_policy
D/KeyguardUpdateMonitor( 3041): sendKeyguardVisibilityChanged(true)
D/KeyguardUpdateMonitor( 3041): sendKeyguardVisibilityChanged(true)
D/hwcutils( 2289): MppFactory::MppFactory()
D/ ( 2289): virtual LibMpp* MppFactory::CreateMpp(int, int, int, int)(6)
D/libexynosgscaler( 2289): LibMpp::LibMpp()
E/MoreInfoHPW_ViewGroup( 6734): Parent view is not a TextView
D/KeyguardUpdateMonitor( 3041): handleKeyguardVisibilityChanged(1)
D/KeyguardUpdateMonitor( 3041): handleKeyguardVisibilityChanged(1)
D/StatusBarManagerService( 2822): tr p:6734,o:f
D/PhoneStatusBar( 3041): setTransGradationMode=false, mTransparentMode=false, mSemiTransparentMode=false, mMultiWindowMode=false
D/AbsListView( 6734): Get MotionRecognitionManager
D/MotionRecognitionService( 2822): ssp status : false
D/libexynosgscaler( 2289): virtual CGscaler::~CGscaler()
D/libexynosgscaler( 2289): virtual LibMpp::~LibMpp()
D/ ( 2289): virtual MppFactory::~MppFactory()
E/Tethering( 2822): No numeric data
I/ConnectivityService( 2822): defaultVal : 1, tetherEnabledInSettings : true
D/[SBeam] ( 6734): SBeamEnabler.isSBeamSupported : [-1]
D/[SBeam] ( 6734): SBeamEnabler.isSBeamSupported : NOT EXIST
D/KeyguardUpdateMonitor( 3041): sendKeyguardVisibilityChanged(true)
D/KeyguardUpdateMonitor( 3041): handleKeyguardVisibilityChanged(1)
I/SurfaceFlinger( 2289): id=4968 Removed Mauncher (15/26)
I/SurfaceFlinger( 2289): id=4968 Removed Mauncher (-2/26)
D/LocalBluetoothProfileManager( 6734): PANU : true
D/LocalBluetoothProfileManager( 6734): Adding local MAP profile
W/ContextImpl( 6734): Calling a method in the system process without a qualified user: android.app.ContextImpl.bindService:1925 android.content.ContextWrapper.bindService:529 android.bluetooth.BluetoothPan.doBind:173 android.bluetooth.BluetoothPan.:162 android.bluetooth.BluetoothAdapter.getProfileProxy:1412
D/BluetoothMap( 6734): Create BluetoothMap proxy object
W/ContextImpl( 6734): Calling a method in the system process without a qualified user: android.app.ContextImpl.bindService:1925 android.content.ContextWrapper.bindService:529 android.bluetooth.BluetoothMap.doBind:109 android.bluetooth.BluetoothMap.:102 android.bluetooth.BluetoothAdapter.getProfileProxy:1418
W/ContextImpl( 6734): Calling a method in the system process without a qualified user: android.app.ContextImpl.bindService:1925 android.content.ContextWrapper.bindService:529 android.bluetooth.BluetoothPbap.doBind:164 android.bluetooth.BluetoothPbap.:157 com.android.settings.bluetooth.PbapServerProfile.:68
E/Bluetoothsap( 6734): Could not bind to Bluetooth SAP Service with Intent { act=com.broadcom.bt.service.sap.IBluetoothSap }
D/LocalBluetoothProfileManager( 6734): LocalBluetoothProfileManager construction complete
D/CustomFrequencyManagerService( 2822): releaseDVFSLockLocked : Getting Lock type frm List : DVFS_MIN_LIMIT frequency : 1700000 uid : 10020 pid : 8194 tag : com.sec.android.app.launcher@1
D/CustomFrequencyManagerService( 2822): releaseDVFSLockLocked : Getting Lock type frm List : DVFS_MIN_LIMIT frequency : 1900000 uid : 10020 pid : 8194 tag : LAUNCHER_APP_BOOSTER_CPU@2943
D/[SBeam] ( 6734): SBeamEnabler.isSBeamSupported : [0]
I/NearbySettings( 6734): NearbyEnabler.NearbyEnabler -
I/NearbySettings( 6734): NearbyEnabler.initEnabler - create new HandlerThread!!
I/NearbySettings( 6734): NearbyEnabler.initEnabler - start HandlerThread!!
I/NearbySettings( 6734): NearbyEnabler.initEnabler - create new Handler!!
V/NearbySettings( 6734): NearbyEnabler.initChangePreferenceHandler -
D/TAG ( 6734): deployGuide: nullfalse
D/BarController.StatusBar( 2822): mState: WINDOW_STATE_HIDDEN
D/KeyguardUpdateMonitor( 3041): sendKeyguardVisibilityChanged(true)
D/KeyguardUpdateMonitor( 3041): handleKeyguardVisibilityChanged(1)
D/dalvikvm( 6734): GC_CONCURRENT freed 2113K, 28% free 7917K/10972K, paused 5ms+1ms, total 21ms
D/KeyguardUpdateMonitor( 3041): sendKeyguardVisibilityChanged(true)
D/KeyguardUpdateMonitor( 3041): handleKeyguardVisibilityChanged(1)
W/Settings( 6734): Setting mobile_data has moved from android.provider.Settings.Secure to android.provider.Settings.Global, returning global URI.
D/PhoneStatusBar( 3041): Status bar WINDOW_STATE_HIDDEN
D/AbsListView( 6734): Get MotionRecognitionManager
D/PhoneStatusBar( 3041): setSemiTransparentMode=false, mTransparentMode=false, mSemiTransparentMode=false, mMultiWindowMode=false
I/WifiEnabler( 6734): Resume : 3
D/StatusBarManagerService( 2822): semi p:6734,o:f
W/Settings( 6734): Setting airplane_mode_on has moved from android.provider.Settings.System to android.provider.Settings.Global, returning read-only global URI.
W/Settings( 6734): Setting location_providers_allowed has moved from android.provider.Settings.System to android.provider.Settings.Secure, returning Secure URI.
I/LocationModeEnabler( 6734): isRestricted() mdmRestricted= false UserRestricted = false
V/NearbySettings( 6734): NearbyEnabler.resume - TYPE_SETTINGS
W/ContextImpl( 6734): Implicit intents with startService are not safe: Intent { act=com.sec.android.nearby.MediaServer.START } android.content.ContextWrapper.startService:506 com.android.settings.nearby.NearbyEnabler.startDmsService:546 com.android.settings.nearby.NearbyEnabler.resume:316
W/ContextImpl( 6734): Calling a method in the system process without a qualified user: android.app.ContextImpl.startService:1852 android.content.ContextWrapper.startService:506 com.android.settings.nearby.NearbyEnabler.startDmsService:546 com.android.settings.nearby.NearbyEnabler.resume:316 com.android.settings.Settings$HeaderAdapter.resume:4687
I/SELinux (16830): Function: selinux_android_load_priority [0], There is no sepolicy file.
I/SELinux (16830):
V/NearbySettings( 6734): NearbyEnabler.startDmsService - isBound: false
W/ContextImpl( 6734): Implicit intents with startService are not safe: Intent { act=com.sec.android.nearby.MediaServer.START } android.content.ContextWrapper.bindService:529 com.android.settings.nearby.NearbyEnabler.startDmsService:548 com.android.settings.nearby.NearbyEnabler.resume:316
V/NearbySettings( 6734): NearbyEnabler. - setBroadcastReceiver()
V/NearbySettings( 6734): NearbyEnabler.setCheckedState - TYPE_SETTINGS
W/Settings( 6734): Setting mobile_data has moved from android.provider.Settings.Secure to android.provider.Settings.Global, returning global URI.
W/ContextImpl( 6734): Calling a method in the system process without a qualified user: android.app.ContextImpl.bindService:1925 android.content.ContextWrapper.bindService:529 com.android.settings.nearby.NearbyEnabler.startDmsService:548 com.android.settings.nearby.NearbyEnabler.resume:316 com.android.settings.Settings$HeaderAdapter.resume:4687
I/WifiSettings( 6734): WifiSettings onResume
D/WifiStateMachine( 2822): WifiManager.SEC_COMMAND_ID_SET_WIFI_ENABLED_WITH_P2P mSkipScanAssoc : false
D/WifiNative( 2822): callSECApiBoolean - ID [13]
I/wpa_supplicant( 8301): USE_NETWORK : USE_NETWORK ON
D/WifiSettings( 6734): Start scan, start assoc !!!!!!!!!!!!!!
I/SELinux (16830): Function: selinux_android_load_priority , spota verifySig and checkHash pass. priority version is VE=SEPF_SM-T705_4.4.2_0040
I/SELinux (16830):
I/SELinux (16830):
I/SELinux (16830): selinux_android_seapp_context_reload: seapp_contexts file is loaded from /data/security/spota/seapp_contexts
E/WifiService( 2822): Start scan, start assoc
E/SELinux (16830): [DEBUG] seapp_context_lookup: seinfoCategory = platform
E/dalvikvm(16830): >>>>> Normal User
E/dalvikvm(16830): >>>>> com.sec.android.nearby.mediaserver:server [ userId:0 | appId:10076 ]
D/WifiSettings( 6734): [updateAccessPoints] wifiState : 3
E/SELinux (16830): [DEBUG] seapp_context_lookup: seinfoCategory = platform
D/Settings.AccessPoint( 6734): loadConfig: config.allowedKeyManagement: {1}
D/Settings.AccessPoint( 6734): loadConfig: config.allowedKeyManagement: {1}
D/Settings.AccessPoint( 6734): loadConfig: config.allowedKeyManagement: {1}
D/Settings.AccessPoint( 6734): loadConfig: config.allowedKeyManagement: {1}
D/Settings.AccessPoint( 6734): loadConfig: config.allowedKeyManagement: {1}
D/Settings.AccessPoint( 6734): loadConfig: config.allowedKeyManagement: {1}
D/Settings.AccessPoint( 6734): loadConfig: config.allowedKeyManagement: {0}
D/Settings.AccessPoint( 6734): loadConfig: config.allowedKeyManagement: {0}
D/Settings.AccessPoint( 6734): loadConfig: config.allowedKeyManagement: {1}
D/Settings.AccessPoint( 6734): loadConfig: config.allowedKeyManagement: {0}
D/Settings.AccessPoint( 6734): loadConfig: config.allowedKeyManagement: {0}
D/Settings.AccessPoint( 6734): loadConfig: config.allowedKeyManagement: {0}
D/Settings.AccessPoint( 6734): loadConfig: config.allowedKeyManagement: {1}
E/Tethering( 2822): No numeric data
I/ConnectivityService( 2822): defaultVal : 1, tetherEnabledInSettings : true
D/dalvikvm(16830): GC_CONCURRENT freed 3010K, 36% free 7027K/10980K, paused 2ms+1ms, total 15ms
D/dalvikvm(16830): WAIT_FOR_CONCURRENT_GC blocked 12ms
D/[SBeam] ( 6734): SBeamEnabler.isSBeamSupported : [0] V/AllShare(ASF-DMSLIB)(16830): (Service)MediaServerService: .onCreate -
D/PhoneStatusBar( 3041): setSemiTransparentMode=false, mTransparentMode=false, mSemiTransparentMode=false, mMultiWindowMode=false
D/StatusBarManagerService( 2822): semi p:6734,o:f V/AllShare(ASF-DMSLIB)(16830): (Service)AccessDeviceList: .loadDeviceList - AllshareAcceptList V/AllShare(ASF-DMSLIB)(16830): (Service)AccessDeviceList: .loadDeviceList - AllshareRejectList
I/SELinux (16847): Function: selinux_android_load_priority [0], There is no sepolicy file.
I/SELinux (16847):
D/checkbox( 6734): setButtonDrawable(Drawable d) mButtonBgHasBeenSet=false
D/checkbox( 6734): This is not checkbox or checkbox with ADVANCED_VI_EFFECTS disabled
D/checkbox( 6734): setChecked(1) checked=false, mCheckBoxAnimationEnabled=false, mIsAttached=false
D/checkbox( 6734): checkMarkDrawable=null, checkRectangleDrawable=null, enabled=false
D/checkbox( 6734): setChecked(2) checked=false, animate=false, mCheckBoxAnimationEnabled=false, mIsAttached=false
I/SELinux (16847): Function: selinux_android_load_priority , spota verifySig and checkHash pass. priority version is VE=SEPF_SM-T705_4.4.2_0040
I/SELinux (16847):
I/SELinux (16847):
I/SELinux (16847): selinux_android_seapp_context_reload: seapp_contexts file is loaded from /data/security/spota/seapp_contexts
E/SELinux (16847): [DEBUG] seapp_context_lookup: seinfoCategory = platform
I/SurfaceFlinger( 2289): id=4977 createSurf (1x1),1 flag=404, Tettings
E/dalvikvm(16847): >>>>> Normal User
E/dalvikvm(16847): >>>>> com.sec.android.nearby.mediaserver [ userId:0 | appId:10076 ]
I/SpenGestureManager( 2822): setFocusWindow21060
E/SELinux (16847): [DEBUG] seapp_context_lookup: seinfoCategory = platform
D/KeyguardUpdateMonitor( 3041): sendKeyguardVisibilityChanged(true)
D/KeyguardUpdateMonitor( 3041): handleKeyguardVisibilityChanged(1)
D/KeyguardUpdateMonitor( 3041): sendKeyguardVisibilityChanged(true)
D/KeyguardUpdateMonitor( 3041): handleKeyguardVisibilityChanged(1)
D/PointerIcon( 2822): setMouseIconStyle1 pointerType: 1001iconType:101 flag:0
D/PointerIcon( 2822): setMouseCustomIcon IconType is same.101
D/PointerIcon( 2822): setHoveringSpenIconStyle1 pointerType: 10001iconType:1 flag:0
D/PointerIcon( 2822): setHoveringSpenCustomIcon IconType is same.1
I/ ( 6734): PLATFORM VERSION : JB-MR-2
I/HWUI ( 6734): EGLImpl-HWUI Protected EGL context created
D/mali_winsys( 6734): new_window_surface returns 0x3000
D/dalvikvm(16847): GC_CONCURRENT freed 3021K, 37% free 7020K/10984K, paused 1ms+1ms, total 14ms
D/dalvikvm(16847): WAIT_FOR_CONCURRENT_GC blocked 12ms
D/OpenGLRenderer( 6734): Enabling debug mode 0 I/AllShare(ASF-DMSLIB)(16830): (Service)MediaServerService: .onCreate - TABLET Device
D/ (16830): PNG_doEncode true 48, 48
D/ (16830): PNG_doEncode true 120, 120 V/AllShare(ASF-DMSLIB)(16830): (Service)MediaServerService: .onBind - V/AllShare(ASF-DMSLIB)(16830): (Service)MediaServerService: .onStartCommand - Stop Foreground D/AllShare(ASF-DMSLIB)(16830): (Service)MediaServerService: .mBroadcastReceiver - action: android.net.wifi.STATE_CHANGE W/AllShare(ASF-DMSLIB)(16830): (Service)MediaServerService: .mBroadcastReceiver - isInitialStickyBroadcast: android.net.wifi.STATE_CHANGE D/AllShare(ASF-DMSLIB)(16830): (Service)MediaServerService: .mBroadcastReceiver - action: android.net.wifi.p2p.CONNECTION_STATE_CHANGE W/AllShare(ASF-DMSLIB)(16830): (Service)MediaServerService: .getP2pSubnet - P2P NOT CONNECTED
E/Tethering( 2822): No numeric data I/AllShare(ASF-DMSLIB)(16830): (Service)MediaServerService: .mBroadcastReceiver - mP2pSubnet: null
I/ConnectivityService( 2822): defaultVal : 1, tetherEnabledInSettings : true W/AllShare(ASF-DMSLIB)(16830): (Service)MediaServerService: .mBroadcastReceiver - isInitialStickyBroadcast: android.net.wifi.p2p.CONNECTION_STATE_CHANGE
E/Tethering( 2822): No numeric data
E/Tethering( 2822): No numeric data
E/Tethering( 2822): No numeric data
E/Tethering( 2822): No numeric data
E/Tethering( 2822): No numeric data
I/ConnectivityService( 2822): defaultVal : 1, tetherEnabledInSettings : true
I/ConnectivityService( 2822): defaultVal : 1, tetherEnabledInSettings : true
I/ConnectivityService( 2822): defaultVal : 1, tetherEnabledInSettings : true
I/ConnectivityService( 2822): defaultVal : 1, tetherEnabledInSettings : true
I/ConnectivityService( 2822): defaultVal : 1, tetherEnabledInSettings : true
I/LocationModeEnabler( 6734): setSwitch : mSwitch = true
I/LocationModeEnabler( 6734): isRestricted() mdmRestricted= false UserRestricted = false
V/NearbySettings( 6734): NearbyEnabler.setSwitch - android.widget.Switch{42290710 V.ED..C. ......I. 0,0-0,0 #102038e android:id/switchWidget}, TYPE_SETTINGS
V/NearbySettings( 6734): NearbyEnabler.setCheckedState - TYPE_SETTINGS
D/dalvikvm( 6734): GC_FOR_ALLOC freed 739K, 19% free 8947K/10972K, paused 12ms, total 12ms
D/checkbox( 6734): setChecked(2) checked=false, animate=false, mCheckBoxAnimationEnabled=false, mIsAttached=false
D/checkbox( 6734): TwCheckBox.onAttachedToWindow()
W/Settings( 6734): Setting airplane_mode_on has moved from android.provider.Settings.System to android.provider.Settings.Global, returning read-only value.
I/SensorManagerA( 2822): getReportingMode :: sensor.mType = 65558
D/SensorService( 2822): ScreenOrientationSensor::changed settle time to [1]
D/SensorService( 2822): ScreenOrientationSensor::activate (ident=0x7dba5590, enabled=1)
D/SensorManager( 2822): registerListener :: 1600221811, Screen Orientation Sensor, 66667, 0,
V/MotionRecognitionManager( 6734): .registerListenerEvent : success. listener count = 0->1, motion_events=2,
D/WifiSettings( 6734): [updateAccessPoints] wifiState : 3
D/MotionRecognitionService( 2822): open api 0
D/MotionRecognitionService( 2822): .registerCallback : 1, motion_sensors=1, client=
D/MotionRecognitionService( 2822): .isMotionEngineEnabled : true
D/MotionRecognitionService( 2822): .initializeMotionEngine
D/MotionRecognitionService( 2822): SERVICETYPE_MOTION Condition changed : MOTION_STARTSTOP
D/MotionRecognitionService( 2822): SERVICETYPE_MOTION can't start : SETTING
D/MotionRecognitionService( 2822): SERVICETYPE_MOTION can't start : REGISTER_LISTENER
V/MotionRecognitionService( 2822): .updateOrientation : 28
D/MotionRecognitionService( 2822): Acquire sensors : Settings = 1101001000010000000100
D/MotionRecognitionService( 2822): Acquired sensors for motion : 0
D/SensorService( 2822): ScreenOrientationSensor::Reset Rotation Old [100], Init [1]
D/Settings.AccessPoint( 6734): loadConfig: config.allowedKeyManagement: {1}
D/Settings.AccessPoint( 6734): loadConfig: config.allowedKeyManagement: {1}
D/Settings.AccessPoint( 6734): loadConfig: config.allowedKeyManagement: {1}
D/Settings.AccessPoint( 6734): loadConfig: config.allowedKeyManagement: {1}
D/Settings.AccessPoint( 6734): loadConfig: config.allowedKeyManagement: {1}
D/Settings.AccessPoint( 6734): loadConfig: config.allowedKeyManagement: {1}
D/Settings.AccessPoint( 6734): loadConfig: config.allowedKeyManagement: {0}
D/Settings.AccessPoint( 6734): loadConfig: config.allowedKeyManagement: {0}
D/Settings.AccessPoint( 6734): loadConfig: config.allowedKeyManagement: {1}
D/Settings.AccessPoint( 6734): loadConfig: config.allowedKeyManagement: {0}
D/Settings.AccessPoint( 6734): loadConfig: config.allowedKeyManagement: {0}
D/Settings.AccessPoint( 6734): loadConfig: config.allowedKeyManagement: {0}
D/Settings.AccessPoint( 6734): loadConfig: config.allowedKeyManagement: {1}
D/SensorService( 2822): [AR] -0.0 0.3 10.1
D/SensorService( 2822): ScreenOrientationSensor::Rotation Old->New [100 -> 255]
V/MotionRecognitionService( 2822): .updateOrientation : 28
D/WifiStateMachine( 2822): WifiManager.SEC_COMMAND_ID_SET_WIFI_ENABLED_WITH_P2P mSkipScanAssoc : false
D/WifiSettings( 6734): mSkipScanAssocLock set false
D/MotionRecognitionManager( 6734): @ member 0 =
E/WifiService( 2822): Start scan, start assoc
D/SensorService( 2822): ScreenOrientationSensor::activate (ident=0x7dba5590, enabled=0)
D/SensorManager( 2822): unregisterListener ::
I/MotionRecognitionManager( 6734): .unregisterListener : / listener count = 1->0,
W/Settings( 6734): Setting mobile_data has moved from android.provider.Settings.Secure to android.provider.Settings.Global, returning global URI.
D/MotionRecognitionService( 2822): open api 0
D/MotionRecognitionService( 2822): .unregisterCallback : 0, client=
D/MotionRecognitionService( 2822): SERVICETYPE_MOTION Condition changed = MOTION_STARTSTOP
D/MotionRecognitionService( 2822): .finalizeMotionEngine
D/AbsListView( 6734): Get MotionRecognitionManager
I/WifiSettings( 6734): WifiSettings onResume
D/WifiStateMachine( 2822): WifiManager.SEC_COMMAND_ID_SET_WIFI_ENABLED_WITH_P2P mSkipScanAssoc : false
D/WifiNative( 2822): callSECApiBoolean - ID [13]
I/wpa_supplicant( 8301): USE_NETWORK : USE_NETWORK ON
D/WifiSettings( 6734): Start scan, start assoc !!!!!!!!!!!!!!
D/WifiSettings( 6734): [updateAccessPoints] wifiState : 3
E/WifiService( 2822): Start scan, start assoc
D/Settings.AccessPoint( 6734): loadConfig: config.allowedKeyManagement: {1}
D/Settings.AccessPoint( 6734): loadConfig: config.allowedKeyManagement: {1}
D/Settings.AccessPoint( 6734): loadConfig: config.allowedKeyManagement: {1}
D/Settings.AccessPoint( 6734): loadConfig: config.allowedKeyManagement: {1}
D/Settings.AccessPoint( 6734): loadConfig: config.allowedKeyManagement: {1}
D/Settings.AccessPoint( 6734): loadConfig: config.allowedKeyManagement: {1}
D/Settings.AccessPoint( 6734): loadConfig: config.allowedKeyManagement: {0}
D/Settings.AccessPoint( 6734): loadConfig: config.allowedKeyManagement: {0}
D/Settings.AccessPoint( 6734): loadConfig: config.allowedKeyManagement: {1}
D/Settings.AccessPoint( 6734): loadConfig: config.allowedKeyManagement: {0}
D/Settings.AccessPoint( 6734): loadConfig: config.allowedKeyManagement: {0}
D/Settings.AccessPoint( 6734): loadConfig: config.allowedKeyManagement: {0}
D/Settings.AccessPoint( 6734): loadConfig: config.allowedKeyManagement: {1}
E/Tethering( 2822): No numeric data
I/ConnectivityService( 2822): defaultVal : 1, tetherEnabledInSettings : true
E/Tethering( 2822): No numeric data
E/Tethering( 2822): No numeric data
E/Tethering( 2822): No numeric data
E/Tethering( 2822): No numeric data
E/Tethering( 2822): No numeric data
I/ConnectivityService( 2822): defaultVal : 1, tetherEnabledInSettings : true
I/ConnectivityService( 2822): defaultVal : 1, tetherEnabledInSettings : true
I/ConnectivityService( 2822): defaultVal : 1, tetherEnabledInSettings : true
I/ConnectivityService( 2822): defaultVal : 1, tetherEnabledInSettings : true
I/ConnectivityService( 2822): defaultVal : 1, tetherEnabledInSettings : true
I/LocationModeEnabler( 6734): setSwitch : mSwitch = true
I/LocationModeEnabler( 6734): isRestricted() mdmRestricted= false UserRestricted = false
V/NearbySettings( 6734): NearbyEnabler.setSwitch - android.widget.Switch{425bac48 V.ED..C. ......I. 0,0-0,0 #102038e android:id/switchWidget}, TYPE_SETTINGS
V/NearbySettings( 6734): NearbyEnabler.setCheckedState - TYPE_SETTINGS
V/RenderScript( 6734): 0x7d924678 Launching thread(s), CPUs 4
D/KeyguardUpdateMonitor( 3041): sendKeyguardVisibilityChanged(true)
D/KeyguardUpdateMonitor( 3041): handleKeyguardVisibilityChanged(1)
D/KeyguardUpdateMonitor( 3041): sendKeyguardVisibilityChanged(true)
D/KeyguardUpdateMonitor( 3041): handleKeyguardVisibilityChanged(1)
W/ContextImpl( 2822): Calling a method in the system process without a qualified user: android.app.ContextImpl.sendBroadcast:1496 com.android.server.InputMethodManagerService$4.run:2689 java.lang.Thread.run:841
W/IInputConnectionWrapper( 8194): showStatusIcon on inactive InputConnection
V/NearbySettings( 6734): NearbyEnabler.onServiceConnected - V/AllShare(ASF-DMSLIB)(16830): (Service)MediaServerService: .mIBinder - resume: cancel delayed finish:TYPE_SETTINGS
V/NearbySettings( 6734): NearbyEnabler.setCheckedState - TYPE_SETTINGS V/AllShare(ASF-DMSLIB)(16830): (Service)MediaServerService: .mIBinder : isServerStarted -
V/NearbySettings( 6734): NearbyEnabler.setDefaultValues -
V/NearbySettings( 6734): NearbyEnabler.getDeviceName -
V/NearbySettings( 6734): NearbyEnabler.checkDeviceName - ikkedintablet
I/NearbySettings( 6734): NearbyEnabler.checkDeviceName - TABLET Device V/AllShare(ASF-DMSLIB)(16830): (Service)MediaServerService: .mIBinder : setSharedMediaType - ffffff V/AllShare(ASF-DMSLIB)(16830): (Service)MediaServerService: .shareContents - 16777215 V/AllShare(ASF-DMSLIB)(16830): (Service)MediaServerService: .mIBinder : setMediaServerName - V/AllShare(ASF-DMSLIB)(16830): (Service)MediaServerService: .mIBinder : isServerStarted - V/AllShare(ASF-DMSLIB)(16830): (Service)MediaServerService: .mIBinder : isServerStarted -
D/KeyguardUpdateMonitor( 3041): sendKeyguardVisibilityChanged(true)
D/KeyguardUpdateMonitor( 3041): handleKeyguardVisibilityChanged(1)
D/CustomFrequencyManagerService( 2822): acquireDVFSLockLocked : type : DVFS_MIN_LIMIT frequency : 1800000 uid : 1000 pid : 2822 pkgName : ACTIVITY_RESUME_BOOSTER@8
D/CustomFrequencyManagerService( 2822): releaseDVFSLockLocked : Getting Lock type frm List : DVFS_MIN_LIMIT frequency : 1800000 uid : 1000 pid : 2822 tag : ACTIVITY_RESUME_BOOSTER@4
W/ActivityManager( 2822): mDVFSHelper.release()
D/KeyguardUpdateMonitor( 3041): sendKeyguardVisibilityChanged(true)
D/KeyguardUpdateMonitor( 3041): handleKeyguardVisibilityChanged(1) D/AllShare(ASF-DMSLIB)(16830): (Service)MediaServerService: .mIBinder : setUploadPath: PATH - V/AllShare(ASF-DMSLIB)(16830): (Service)MediaServerService: .mIBinder : setContentUploadAllowed - 1
D/dalvikvm( 6734): GC_CONCURRENT freed 1026K, 17% free 9847K/11812K, paused 1ms+4ms, total 24ms
W/ContextImpl( 6734): Calling a method in the system process without a qualified user: android.app.ContextImpl.sendBroadcast:1496 android.content.ContextWrapper.sendBroadcast:377 com.android.settings.nearby.NearbyEnabler$3.onServiceConnected:609 android.app.LoadedApk$ServiceDispatcher.doConnected:1114 android.app.LoadedApk$ServiceDispatcher$RunConnection.run:1131
I/SensorManagerA( 2822): getReportingMode :: sensor.mType = 65558
D/SensorService( 2822): ScreenOrientationSensor::changed settle time to [1]
D/SensorService( 2822): ScreenOrientationSensor::activate (ident=0x843f5910, enabled=1)
D/SensorManager( 2822): registerListener :: 1600221811, Screen Orientation Sensor, 66667, 0,
V/MotionRecognitionManager( 6734): .registerListenerEvent : success. listener count = 0->1, motion_events=2,
D/WifiSettings( 6734): [updateAccessPoints] wifiState : 3
D/MotionRecognitionService( 2822): open api 0
D/MotionRecognitionService( 2822): .registerCallback : 1, motion_sensors=1, client=
D/MotionRecognitionService( 2822): .isMotionEngineEnabled : true
D/MotionRecognitionService( 2822): .initializeMotionEngine
D/MotionRecognitionService( 2822): SERVICETYPE_MOTION Condition changed : MOTION_STARTSTOP
D/MotionRecognitionService( 2822): SERVICETYPE_MOTION can't start : SETTING
D/MotionRecognitionService( 2822): SERVICETYPE_MOTION can't start : REGISTER_LISTENER
V/MotionRecognitionService( 2822): .updateOrientation : 28
D/MotionRecognitionService( 2822): Acquire sensors : Settings = 1101001000010000000100
D/MotionRecognitionService( 2822): Acquired sensors for motion : 0
D/Settings.AccessPoint( 6734): loadConfig: config.allowedKeyManagement: {1}
D/Settings.AccessPoint( 6734): loadConfig: config.allowedKeyManagement: {1}
D/Settings.AccessPoint( 6734): loadConfig: config.allowedKeyManagement: {1}
D/Settings.AccessPoint( 6734): loadConfig: config.allowedKeyManagement: {1}
D/Settings.AccessPoint( 6734): loadConfig: config.allowedKeyManagement: {1}
D/Settings.AccessPoint( 6734): loadConfig: config.allowedKeyManagement: {1}
D/Settings.AccessPoint( 6734): loadConfig: config.allowedKeyManagement: {0}
D/Settings.AccessPoint( 6734): loadConfig: config.allowedKeyManagement: {0}
D/Settings.AccessPoint( 6734): loadConfig: config.allowedKeyManagement: {1}
D/Settings.AccessPoint( 6734): loadConfig: config.allowedKeyManagement: {0}
D/Settings.AccessPoint( 6734): loadConfig: config.allowedKeyManagement: {0}
D/Settings.AccessPoint( 6734): loadConfig: config.allowedKeyManagement: {0}
D/Settings.AccessPoint( 6734): loadConfig: config.allowedKeyManagement: {1}
D/SensorService( 2822): ScreenOrientationSensor::Reset Rotation Old [100], Init [1]
D/checkbox( 6734): TwCheckBox.onDetachedToWindow()
D/SensorService( 2822): [AR] -0.0 0.3 10.0
D/SensorService( 2822): ScreenOrientationSensor::Rotation Old->New [100 -> 255]
D/AbsListView( 6734): onDetachedFromWindow
V/MotionRecognitionService( 2822): .updateOrientation : 28
D/checkbox( 6734): setButtonDrawable(Drawable d) mButtonBgHasBeenSet=false
D/checkbox( 6734): This is not checkbox or checkbox with ADVANCED_VI_EFFECTS disabled
D/checkbox( 6734): setChecked(1) checked=false, mCheckBoxAnimationEnabled=false, mIsAttached=false
D/checkbox( 6734): checkMarkDrawable=null, checkRectangleDrawable=null, enabled=false
D/checkbox( 6734): setChecked(2) checked=false, animate=false, mCheckBoxAnimationEnabled=false, mIsAttached=false
D/checkbox( 6734): setChecked(2) checked=false, animate=false, mCheckBoxAnimationEnabled=false, mIsAttached=false
D/checkbox( 6734): TwCheckBox.onAttachedToWindow()
D/KeyguardUpdateMonitor( 3041): sendKeyguardVisibilityChanged(true)
D/KeyguardUpdateMonitor( 3041): handleKeyguardVisibilityChanged(1)
I/SurfaceFlinger( 2289): id=4976 Removed tettings (19/26)
I/SurfaceFlinger( 2289): id=4976 Removed tettings (-2/26)
D/KeyguardUpdateMonitor( 3041): sendKeyguardVisibilityChanged(true)
D/KeyguardUpdateMonitor( 3041): handleKeyguardVisibilityChanged(1)
I/wpa_supplicant( 8301): wlan0: Setting scan request: 0 sec 0 usec
D/WifiService( 2822): startScan by pid=6734, uid=1000
D/checkbox( 6734): setButtonDrawable(Drawable d) mButtonBgHasBeenSet=false
D/checkbox( 6734): This is not checkbox or checkbox with ADVANCED_VI_EFFECTS disabled
D/checkbox( 6734): setChecked(1) checked=false, mCheckBoxAnimationEnabled=false, mIsAttached=false
D/checkbox( 6734): checkMarkDrawable=null, checkRectangleDrawable=null, enabled=false
D/checkbox( 6734): setChecked(2) checked=false, animate=false, mCheckBoxAnimationEnabled=false, mIsAttached=false
D/checkbox( 6734): setChecked(2) checked=false, animate=false, mCheckBoxAnimationEnabled=false, mIsAttached=true
D/ProgressBar( 6734): updateDrawableBounds: left = 0
D/ProgressBar( 6734): updateDrawableBounds: top = 0
D/ProgressBar( 6734): updateDrawableBounds: right = 40
D/ProgressBar( 6734): updateDrawableBounds: bottom = 40
I/wpa_supplicant( 8301): Scan requested (ret=0) - scan timeout 30 seconds
D/checkbox( 6734): setButtonDrawable(Drawable d) mButtonBgHasBeenSet=false
D/checkbox( 6734): This is not checkbox or checkbox with ADVANCED_VI_EFFECTS disabled
D/checkbox( 6734): setChecked(1) checked=false, mCheckBoxAnimationEnabled=false, mIsAttached=false
D/checkbox( 6734): checkMarkDrawable=null, checkRectangleDrawable=null, enabled=false
D/checkbox( 6734): setChecked(2) checked=false, animate=false, mCheckBoxAnimationEnabled=false, mIsAttached=false
D/Launcher.HomeView( 8194): onStop
D/CustomFrequencyManagerService( 2822): releaseDVFSLockLocked : Getting Lock type frm List : DVFS_MIN_LIMIT frequency : 1800000 uid : 1000 pid : 2822 tag : ACTIVITY_RESUME_BOOSTER@8
D/Launcher( 8194): onTrimMemory. Level: 20
D/SensorService( 2822): -0.0 0.3 10.1
D/InputReader( 2822): Input event: value=1
I/InputReader( 2822): Touch event's action is 0x0 (deviceType=0) [pCnt=1, s=0.15476 ] when=428589006164000
I/InputDispatcher( 2822): Delivering touch to: action: 0x4, toolType: 1
I/InputDispatcher( 2822): Delivering touch to: action: 0x0, toolType: 1
D/InputReader( 2822): Input event: value=0
I/InputReader( 2822): Touch event's action is 0x1 (deviceType=0) [pCnt=1, s=] when=428589083568000
I/InputDispatcher( 2822): Delivering touch to: action: 0x1, toolType: 1
D/WifiStateMachine( 2822): WifiManager.SEC_COMMAND_ID_SET_WIFI_ENABLED_WITH_P2P mSkipScanAssoc : false
D/WifiSettings( 6734): mSkipScanAssocLock set false
D/MotionRecognitionManager( 6734): @ member 0 =
D/SensorService( 2822): ScreenOrientationSensor::activate (ident=0x843f5910, enabled=0)
D/SensorManager( 2822): unregisterListener ::
I/MotionRecognitionManager( 6734): .unregisterListener : / listener count = 1->0,
E/WifiService( 2822): Start scan, start assoc
D/MotionRecognitionService( 2822): open api 0
D/MotionRecognitionService( 2822): .unregisterCallback : 0, client=
D/MotionRecognitionService( 2822): SERVICETYPE_MOTION Condition changed = MOTION_STARTSTOP
D/MotionRecognitionService( 2822): .finalizeMotionEngine
D/VolumePreference( 6734): setSteamType : 2
V/VibratorService( 2822): hasVibrator - useVibetonz: true
D/AbsListView( 6734): Get MotionRecognitionManager
V/AudioPolicyManagerBase( 2293): getNewDevice() selected device 0
I/AudioPolicyManagerBase( 2293): ### curdevice : 2
I/AudioFlinger( 2293): sleepTime is reduced to minimum forcely
I/AudioFlinger( 2293): sleepTime is reduced to minimum forcely
D/RingtoneManager( 6734): getActualDefaultRingtoneUri type :1
D/RingtoneManager( 6734): checkDefaultRingtoneProperUri : InternalMediaAudio uriString not null type:1
I/AudioFlinger( 2293): sleepTime is reduced to minimum forcely
I/AudioFlinger( 2293): sleepTime is reduced to minimum forcely
D/RingtoneManager( 6734): getActualDefaultRingtoneUri type :2
D/RingtoneManager( 6734): checkDefaultRingtoneProperUri : InternalMediaAudio uriString not null type:2
I/AudioFlinger( 2293): sleepTime is reduced to minimum forcely
D/RingtoneManager( 6734): getActualDefaultRingtoneUri type :8
I/AudioFlinger( 2293): sleepTime is reduced to minimum forcely
I/AudioFlinger( 2293): sleepTime is reduced to minimum forcely
I/AudioFlinger( 2293): sleepTime is reduced to minimum forcely
I/AudioFlinger( 2293): sleepTime is reduced to minimum forcely
I/AudioFlinger( 2293): sleepTime is reduced to minimum forcely
D/checkbox( 6734): setButtonDrawable(Drawable d) mButtonBgHasBeenSet=false
D/checkbox( 6734): This is not checkbox or checkbox with ADVANCED_VI_EFFECTS disabled
D/checkbox( 6734): setChecked(1) checked=false, mCheckBoxAnimationEnabled=false, mIsAttached=false
D/checkbox( 6734): checkMarkDrawable=null, checkRectangleDrawable=null, enabled=false
D/checkbox( 6734): setChecked(2) checked=true, animate=false, mCheckBoxAnimationEnabled=false, mIsAttached=false
D/checkbox( 6734): TwCheckBox.onAttachedToWindow()
D/checkbox( 6734): setButtonDrawable(Drawable d) mButtonBgHasBeenSet=false
D/checkbox( 6734): This is not checkbox or checkbox with ADVANCED_VI_EFFECTS disabled
D/checkbox( 6734): setChecked(1) checked=false, mCheckBoxAnimationEnabled=false, mIsAttached=false
D/checkbox( 6734): checkMarkDrawable=null, checkRectangleDrawable=null, enabled=false
D/checkbox( 6734): setChecked(2) checked=false, animate=false, mCheckBoxAnimationEnabled=false, mIsAttached=false
D/checkbox( 6734): TwCheckBox.onAttachedToWindow()
D/checkbox( 6734): setButtonDrawable(Drawable d) mButtonBgHasBeenSet=false
D/checkbox( 6734): This is not checkbox or checkbox with ADVANCED_VI_EFFECTS disabled
D/checkbox( 6734): setChecked(1) checked=false, mCheckBoxAnimationEnabled=false, mIsAttached=false
D/checkbox( 6734): checkMarkDrawable=null, checkRectangleDrawable=null, enabled=false
D/checkbox( 6734): setChecked(2) checked=false, animate=true, mCheckBoxAnimationEnabled=false, mIsAttached=false
D/checkbox( 6734): TwCheckBox.onAttachedToWindow()
D/checkbox( 6734): setButtonDrawable(Drawable d) mButtonBgHasBeenSet=false
D/checkbox( 6734): This is not checkbox or checkbox with ADVANCED_VI_EFFECTS disabled
D/checkbox( 6734): setChecked(1) checked=false, mCheckBoxAnimationEnabled=false, mIsAttached=false
D/checkbox( 6734): checkMarkDrawable=null, checkRectangleDrawable=null, enabled=false
D/checkbox( 6734): setChecked(2) checked=false, animate=true, mCheckBoxAnimationEnabled=false, mIsAttached=false
D/checkbox( 6734): TwCheckBox.onAttachedToWindow()
D/checkbox( 6734): setButtonDrawable(Drawable d) mButtonBgHasBeenSet=false
D/checkbox( 6734): This is not checkbox or checkbox with ADVANCED_VI_EFFECTS disabled
D/checkbox( 6734): setChecked(1) checked=false, mCheckBoxAnimationEnabled=false, mIsAttached=false
D/checkbox( 6734): checkMarkDrawable=null, checkRectangleDrawable=null, enabled=false
D/checkbox( 6734): setChecked(2) checked=true, animate=false, mCheckBoxAnimationEnabled=false, mIsAttached=false
D/checkbox( 6734): TwCheckBox.onAttachedToWindow()
D/checkbox( 6734): setChecked(2) checked=true, animate=false, mCheckBoxAnimationEnabled=false, mIsAttached=true
D/checkbox( 6734): setChecked(2) checked=false, animate=false, mCheckBoxAnimationEnabled=false, mIsAttached=true
D/checkbox( 6734): setChecked(2) checked=false, animate=false, mCheckBoxAnimationEnabled=false, mIsAttached=true
D/checkbox( 6734): setChecked(2) checked=false, animate=false, mCheckBoxAnimationEnabled=false, mIsAttached=true
D/checkbox( 6734): setChecked(2) checked=true, animate=false, mCheckBoxAnimationEnabled=false, mIsAttached=true
D/checkbox( 6734): TwCheckBox.onDetachedToWindow()
D/AbsListView( 6734): onDetachedFromWindow
I/wpa_supplicant( 8301): nl80211: Received scan results (36 BSSes)
I/wpa_supplicant( 8301): wlan0: Setting scan request: 8 sec 0 usec
D/Tethering( 2822): interfaceLinkStateChanged wlan0, true
D/Tethering( 2822): interfaceStatusChanged wlan0, true
I/wpa_supplicant( 8301): wlan0: CTRL-EVENT-NO-CONNECTION
I/wpa_supplicant( 8301): wlan0: Setting scan request: 8 sec 0 usec
D/WifiP2pService( 2822): InactiveState{ what=147461 }
D/WifiP2pService( 2822): P2pEnabledState{ what=147461 }
D/WifiP2pService( 2822): DefaultState{ what=147461 }
D/SensorService( 2822): -0.0 0.3 10.1
D/InputReader( 2822): Input event: value=1
I/InputReader( 2822): Touch event's action is 0x0 (deviceType=0) [pCnt=1, s=0.15477 ] when=428590520379000
I/InputDispatcher( 2822): Delivering touch to: action: 0x4, toolType: 1
I/InputDispatcher( 2822): Delivering touch to: action: 0x0, toolType: 1
D/PowerManagerService( 2822): [api] userActivityFromNative : 30 (event: 2 flags: 0) eventTime = 428590520
D/CustomFrequencyManagerService( 2822): acquireDVFSLockLocked : type : DVFS_MIN_LIMIT frequency : 800000 uid : 1000 pid : 6734 pkgName : LIST_SCROLL_BOOSTER@1
D/InputReader( 2822): Input event: value=0
I/InputReader( 2822): Touch event's action is 0x1 (deviceType=0) [pCnt=1, s=] when=428590631401000
I/InputDispatcher( 2822): Delivering touch to: action: 0x1, toolType: 1
D/CustomFrequencyManagerService( 2822): releaseDVFSLockLocked : Getting Lock type frm List : DVFS_MIN_LIMIT frequency : 800000 uid : 1000 pid : 6734 tag : LIST_SCROLL_BOOSTER@1
D/AmoledAdjustTimer( 2822): prevTemp = 236, currTemp = 236, prevStep = 4, currStep = 4
D/SSRMv2:SIOP( 2822): SIOP:: AP = 280, Delta = 30
D/InputReader( 2822): Input event: value=1
I/InputReader( 2822): Touch event's action is 0x0 (deviceType=0) [pCnt=1, s=0.15478 ] when=428591725903000
I/InputDispatcher( 2822): Delivering touch to: action: 0x4, toolType: 1
I/InputDispatcher( 2822): Delivering touch to: action: 0x0, toolType: 1
D/InputReader( 2822): Input event: value=0
I/InputReader( 2822): Touch event's action is 0x1 (deviceType=0) [pCnt=1, s=] when=428591781909000
I/InputDispatcher( 2822): Delivering touch to: action: 0x1, toolType: 1
D/dalvikvm( 6734): GC_CONCURRENT freed 1582K, 19% free 11251K/13772K, paused 2ms+7ms, total 28ms
D/AbsListView( 6734): Get MotionRecognitionManager
I/SELinux (16876): Function: selinux_android_load_priority [0], There is no sepolicy file.
I/SELinux (16876):
I/SELinux (16876): Function: selinux_android_load_priority , spota verifySig and checkHash pass. priority version is VE=SEPF_SM-T705_4.4.2_0040
I/SELinux (16876):
I/SELinux (16876):
I/SELinux (16876): selinux_android_seapp_context_reload: seapp_contexts file is loaded from /data/security/spota/seapp_contexts
E/SELinux (16876): [DEBUG] seapp_context_lookup: seinfoCategory = samsung
E/dalvikvm(16876): >>>>> Normal User
