D/FactoryTestApp(16961): [XMLDataStorage$redefinitionById] id=CHIPSET_MANUFACTURE
D/FactoryTestApp(16961): [XMLDataStorage$redefinitionById] id=CHIPSET_CP_MANUFACTURE
D/FactoryTestApp(16961): [XMLDataStorage$redefinitionById] id=CHIPSET_NAME
D/FactoryTestApp(16961): [XMLDataStorage$redefinitionById] id=CHIPSET_NAME_CP
D/FactoryTestApp(16961): [XMLDataStorage$redefinitionById] id=DEVICE_TYPE
D/FactoryTestApp(16961): [XMLDataStorage$redefinitionById] id=PANEL_TYPE
D/FactoryTestApp(16961): [XMLDataStorage$redefinitionById] id=SENSOR_NAME_ACCELEROMETER
D/FactoryTestApp(16961): [XMLDataStorage$redefinitionById] id=SENSOR_NAME_MAGNETIC
D/FactoryTestApp(16961): [XMLDataStorage$redefinitionById] id=SENSOR_NAME_GYROSCOPE
D/FactoryTestApp(16961): [XMLDataStorage$redefinitionById] id=REAR_CAMERA_TYPE
D/FactoryTestApp(16961): [XMLDataStorage$redefinitionById] id=FRONT_CAMERA_TYPE
D/FactoryTestApp(16961): [XMLDataStorage$redefinitionById] id=SPEAKER_COUNT
D/FactoryTestApp(16961): [XMLDataStorage$redefinitionById] id=MIC_COUNT
D/FactoryTestApp(16961): [XMLDataStorage$redefinitionById] id=TORCH_MODE_FLASH_ON_CURRENT
D/FactoryTestApp(16961): [XMLDataStorage$redefinitionById] id=SUPPORT_VIBRATOR
D/FactoryTestApp(16961): [XMLDataStorage$redefinitionById] id=SUPPORT_LTE
D/FactoryTestApp(16961): [XMLDataStorage$redefinitionById] id=SUPPORT_MOBILE_TV
D/FactoryTestApp(16961): [XMLDataStorage$redefinitionById] id=SUPPORT_QWERTY_KEY
D/FactoryTestApp(16961): [XMLDataStorage$redefinitionById] id=SUPPORT_FRONT_CAMERA
D/FactoryTestApp(16961): [XMLDataStorage$redefinitionById] id=SUPPORT_RCV
D/FactoryTestApp(16961): [XMLDataStorage$redefinitionById] id=FACTORY_TEST_APO
D/FactoryTestApp(16961): [XMLDataStorage$redefinitionById] id=SUPPORT_BOOST_MEDIASCAN
D/FactoryTestApp(16961): [XMLDataStorage$redefinitionById] id=SUPPORT_NVBACKUP_CMD
D/FactoryTestApp(16961): [XMLDataStorage$redefinitionById] id=SUPPORT_EPEN
D/FactoryTestApp(16961): [XMLDataStorage$redefinitionById] id=SUPPORT_SENSORHUB
D/FactoryTestApp(16961): [XMLDataStorage$redefinitionById] id=SUPPORT_CAM_ISP
D/FactoryTestApp(16961): [XMLDataStorage$redefinitionById] id=SUPPORT_SECOND_MIC_TEST
D/FactoryTestApp(16961): [XMLDataStorage$redefinitionById] id=SUPPORT_IRLED_FEEDBACK_IC
D/FactoryTestApp(16961): [XMLDataStorage$redefinitionById] id=NEED_LPA_MODE_SET
D/FactoryTestApp(16961): [XMLDataStorage$redefinitionById] id=HW_VER_EFS
D/FactoryTestApp(16961): [XMLDataStorage$redefinitionById] id=SUPPORT_BOOK_COVER
D/FactoryTestApp(16961): [XMLDataStorage$redefinitionById] id=SUPPORT_HOVER_HIGHTLIGHT
D/FactoryTestApp(16961): [XMLDataStorage$redefinitionById] id=CONTACT_DIALTACTS_PACKAGE
D/FactoryTestApp(16961): [XMLDataStorage$redefinitionById] id=CONTACT_DIALTACTS_CLASS
D/FactoryTestApp(16961): [XMLDataStorage$redefinitionById] id=SUPPORT_GRAPHIC_ACCLETOR
D/FactoryTestApp(16961): [XMLDataStorage$redefinitionById] id=SUPPORT_LISTEN_KEY
D/FactoryTestApp(16961): [XMLDataStorage$redefinitionById] id=SUPPORT_DUMMY_KEY_FOR_RECENT
D/FactoryTestApp(16961): [XMLDataStorage$redefinitionById] id=GRIPSENSOR_TYPE
D/FactoryTestApp(16961): [XMLDataStorage$redefinitionById] id=SUPPORT_FM_RADIO
D/FactoryTestApp(16961): [XMLDataStorage$redefinitionById] id=SUPPORT_DUAL_MOTOR
D/FactoryTestApp(16961): [XMLDataStorage$redefinitionById] id=SYS_INFO_LTE_FINAL
D/FactoryTestApp(16961): [XMLDataStorage$redefinitionById] id=KEY_TEST_VOLUME_UP
D/FactoryTestApp(16961): [XMLDataStorage$redefinitionById] id=KEY_TEST_VOLUME_DOWN
D/FactoryTestApp(16961): [XMLDataStorage$redefinitionById] id=KEY_TEST_POWER
D/FactoryTestApp(16961): [XMLDataStorage$redefinitionById] id=KEY_TEST_MENU
D/FactoryTestApp(16961): [XMLDataStorage$redefinitionById] id=KEY_TEST_APP_RECENT
D/FactoryTestApp(16961): [XMLDataStorage$redefinitionById] id=KEY_TEST_HOME
D/FactoryTestApp(16961): [XMLDataStorage$redefinitionById] id=KEY_TEST_BACK
D/FactoryTestApp(16961): [XMLDataStorage$redefinitionById] id=KEY_TEST_SEARCH
D/FactoryTestApp(16961): [XMLDataStorage$redefinitionById] id=KEY_TEST_FOCUS
D/FactoryTestApp(16961): [XMLDataStorage$redefinitionById] id=KEY_TEST_CAMERA
D/FactoryTestApp(16961): [XMLDataStorage$redefinitionById] id=KEY_TEST_F1
D/FactoryTestApp(16961): [XMLDataStorage$redefinitionById] id=KEY_TEST_VIEW_TABLE
D/FactoryTestApp(16961): [XMLDataStorage$redefinitionById] id=KEY_TEST_TOUCH_KEY_ODER
D/FactoryTestApp(16961): [XMLDataStorage$redefinitionById] id=IS_TSP_STANDARD_CHANNEL
D/FactoryTestApp(16961): [XMLDataStorage$redefinitionById] id=IS_SENSOR_TEST_ACC_REVERSE
D/FactoryTestApp(16961): [XMLDataStorage$redefinitionById] id=IS_PROXIMITY_TEST_MOTOR_FEEDBACK
D/FactoryTestApp(16961): [XMLDataStorage$redefinitionById] id=IS_DUMMYKEY_SAME_KEYCODE
D/FactoryTestApp(16961): [XMLDataStorage$redefinitionById] id=IS_IRLED_TEST_SPLIT_COMMAND
D/FactoryTestApp(16961): [XMLDataStorage$redefinitionById] id=AT_GPSSTEST
D/dalvikvm( 2822): GC_EXPLICIT freed 2020K, 24% free 68162K/88648K, paused 7ms+10ms, total 160ms
D/FactoryTestApp(16961): [XMLDataStorage$redefinitionById] id=AT_BATTEST_RESET_WHEN_READ
D/FactoryTestApp(16961): [XMLDataStorage$redefinitionById] id=SENSOR_TEST_ACC_BIT
D/FactoryTestApp(16961): [XMLDataStorage$redefinitionById] id=G_VECTOR_SUM_ACC_BIT
D/FactoryTestApp(16961): [XMLDataStorage$redefinitionById] id=HUMITEMP_TEST
D/FactoryTestApp(16961): [XMLDataStorage$redefinitionById] id=HALLIC_TEST_MILLIS_SEC
D/FactoryTestApp(16961): [XMLDataStorage$redefinitionById] id=HALL_IC_TEST
D/FactoryTestApp(16961): [XMLDataStorage$redefinitionById] id=NFC_SWP_TEST
D/FactoryTestApp(16961): [XMLDataStorage$redefinitionById] id=NEED_ACK_FOR_CAMERA_STOP
D/FactoryTestApp(16961): [XMLDataStorage$redefinitionById] id=IS_KEY_TEST_THRESHOLD
D/FactoryTestApp(16961): [XMLDataStorage$redefinitionById] id=SYS_INFO_FONT_SIZE
D/FactoryTestApp(16961): [XMLDataStorage$redefinitionById] id=SYS_INFO_MEMORY_SIZE
D/FactoryTestApp(16961): [XMLDataStorage$redefinitionById] id=TSP_NODE_COUNT_WIDTH
D/FactoryTestApp(16961): [XMLDataStorage$redefinitionById] id=TSP_NODE_COUNT_HEIGHT
D/FactoryTestApp(16961): [XMLDataStorage$redefinitionById] id=TSP_SELFTEST_SPEC_MAX_MINUS_MIN
D/FactoryTestApp(16961): [XMLDataStorage$redefinitionById] id=TSP_SELFTEST_MIN_SYNAPTICS
D/FactoryTestApp(16961): [XMLDataStorage$redefinitionById] id=TSP_SELFTEST_MAX_SYNAPTICS
D/FactoryTestApp(16961): [XMLDataStorage$redefinitionById] id=TSP_SELFTEST_HOVERING_MIN_Y_SYNAPTICS
D/FactoryTestApp(16961): [XMLDataStorage$redefinitionById] id=TSP_SELFTEST_HOVERING_MAX_Y_SYNAPTICS
D/FactoryTestApp(16961): [XMLDataStorage$redefinitionById] id=TSP_SELFTEST_HOVERING_MIN_X_SYNAPTICS
D/FactoryTestApp(16961): [XMLDataStorage$redefinitionById] id=TSP_SELFTEST_HOVERING_MAX_X_SYNAPTICS
D/FactoryTestApp(16961): [XMLDataStorage$redefinitionById] id=TOUCH_KEY_SPEC_MIN
I/IndexService(16945): lucene onDestroy start
I/IndexService(16945): lucene onDestroy end
I/IndexService(16945): lucene cleanupEverything start
D/FactoryTestApp(16961): [XMLDataStorage$redefinitionById] id=TOUCH_KEY_SPEC_MAX
D/FactoryTestApp(16961): [XMLDataStorage$redefinitionById] id=TOUCH_SWITCH_KEY_SPEC_MIN
I/IndexService(16945): ERROR: null
I/IndexService(16945): lucene cleanupEverything end
E/ParserThreadsListManager(16945): Lucene Interrupt in run
I/Process (16945): Sending signal. PID: 16945 SIG: 9
D/FactoryTestApp(16961): [XMLDataStorage$redefinitionById] id=TOUCH_SWITCH_KEY_SPEC_MAX
D/FactoryTestApp(16961): [XMLDataStorage$redefinitionById] id=TOUCH_BACK_KEY_SPEC_MIN
I/ActivityManager( 2822): Process com.samsung.indexservice (pid 16945) (adj 9) has died.
D/FactoryTestApp(16961): [XMLDataStorage$redefinitionById] id=TOUCH_BACK_KEY_SPEC_MAX
D/FactoryTestApp(16961): [XMLDataStorage$redefinitionById] id=FINGERPRINT_PRIMARY_PIXEL_START
D/FactoryTestApp(16961): [XMLDataStorage$redefinitionById] id=FINGERPRINT_PRIMARY_PIXEL_END
D/FactoryTestApp(16961): [XMLDataStorage$redefinitionById] id=FINGERPRINT_SECONDARY_PIXEL_START
D/FactoryTestApp(16961): [XMLDataStorage$redefinitionById] id=FINGERPRINT_SECONDARY_PIXEL_END
D/FactoryTestApp(16961): [XMLDataStorage$redefinitionById] id=FINGERPRINT_PRIMARY_SPEC_MIN
D/FactoryTestApp(16961): [XMLDataStorage$redefinitionById] id=FINGERPRINT_PRIMARY_SPEC_MAX
D/FactoryTestApp(16961): [XMLDataStorage$redefinitionById] id=FINGERPRINT_SECONDARY_SPEC_MIN
D/FactoryTestApp(16961): [XMLDataStorage$redefinitionById] id=FINGERPRINT_SECONDARY_SPEC_MAX
D/FactoryTestApp(16961): [XMLDataStorage$redefinitionById] id=FINGERPRINT_PRIMARY_SPEC_AVG
D/FactoryTestApp(16961): [XMLDataStorage$redefinitionById] id=FINGERPRINT_SECONDARY_SPEC_AVG
D/FactoryTestApp(16961): [XMLDataStorage$redefinitionById] id=FINGERPRINT_STDEV_PRIMARY_SPEC_AVG
D/FactoryTestApp(16961): [XMLDataStorage$redefinitionById] id=FINGERPRINT_STDEV_PRIMARY_SPEC_MAX
D/FactoryTestApp(16961): [XMLDataStorage$redefinitionById] id=FINGERPRINT_STDEV_SECONDARY_SPEC_AVG
D/FactoryTestApp(16961): [XMLDataStorage$redefinitionById] id=FINGERPRINT_STDEV_SECONDARY_SPEC_MAX
D/FactoryTestApp(16961): [XMLDataStorage$redefinitionById] id=FINGERPRINT_STDEV_SECTION1_SPEC_MAX
D/FactoryTestApp(16961): [XMLDataStorage$redefinitionById] id=FINGERPRINT_STDEV_SECTION1_SPEC_AVG
D/FactoryTestApp(16961): [XMLDataStorage$redefinitionById] id=FINGERPRINT_STDEV_SECTION2_SPEC_MAX V/AllShare(ASF-DMSLIB)(16830): (Service)MediaServerService: .ServiceHandler - 3005 V/AllShare(ASF-DMSLIB)(16830): (Service)MediaServerService: .ServiceHandler - EVENT_DELAY_FINISH : com.android.systemui.usb.UsbDebuggingActivity V/AllShare(ASF-DMSLIB)(16830): (Service)MediaServerService: .finishService - V/AllShare(ASF-DMSLIB)(16830): (Service)MediaServerService: .onDestroy -
D/FactoryTestApp(16961): [XMLDataStorage$redefinitionById] id=FINGERPRINT_STDEV_SECTION2_SPEC_AVG
D/FactoryTestApp(16961): [XMLDataStorage$redefinitionById] id=BATTERY_TEST_MODE
D/FactoryTestApp(16961): [XMLDataStorage$redefinitionById] id=BATTERY_VOLT_AVER
D/FactoryTestApp(16961): [XMLDataStorage$redefinitionById] id=BATTERY_VF_OCV
D/FactoryTestApp(16961): [XMLDataStorage$redefinitionById] id=APCHIP_TEMP_ADC
D/FactoryTestApp(16961): [XMLDataStorage$redefinitionById] id=PATH_HALLIC_STATE
D/FactoryTestApp(16961): [XMLDataStorage$redefinitionById] id=KEY_PRESSED_POWER
D/FactoryTestApp(16961): [XMLDataStorage$redefinitionById] id=CPU_BIG_LITTLE_STATUS
D/FactoryTestApp(16961): [Support$Values.getString] id=BINARY_TYPE, key=ro.factory.factory_binary
D/FactoryTestApp(16961): [Support$Properties.get] property=ro.factory.factory_binary
D/FactoryTestApp(16961): [Support$Values.getString] id=CHIPSET_MANUFACTURE, value=S.LSI
D/FactoryTestApp(16961): [Support$Values.getString] id=CHIPSET_MANUFACTURE, value=S.LSI
I/FactoryTestApp(16961): [ModuleCommon$ModuleCommon] Create ModuleCommon
I/FactoryTestApp(16961): [ModuleCommon$setMediascanningCounter]
I/FactoryTestApp(16961): [ModuleCommon$getMediaScanningCount] get : 21
D/FactoryTest(16961): User mode
I/FactoryTestApp(16961): [ModuleCommon$getMediaScanningCount] get : 22
I/FactoryTestApp(16961): [ModuleCommon$getMediaScanningCount] get : 22
I/FactoryTestApp(16961): [ModuleCommon$getMediaScanningCount] get : 22
I/FactoryTestApp(16961): [ModuleCommon$isRunningFtClient] RUNNING_FTCLIENT : false
D/FactoryTestApp(16961): [FactoryTestBroadcastReceiver$killProcessSelf] kill process
I/Process (16961): Sending signal. PID: 16961 SIG: 9
I/ActivityManager( 2822): Process com.sec.factory (pid 16961) (adj 0) has died.
D/GalleryCacheReady( 5599): Receive action.ACTION_MEDIA_SCANNER_FINISHED
D/GalleryCacheReady( 5599): Receive action.ACTION_MEDIA_SCANNER_FINISHED restoreMMC
D/FaceInterface( 5599): requestFaceScan() is called.
I/FaceInterface( 5599): startFaceScan() : waiting 5 sec
W/LocalSuggestAlbumData( 5599): query fail:
W/LocalSuggestAlbumData( 5599): query fail:
D/MyFiles ( 5218): MyFilesReceiver::Received the android.intent.action.MEDIA_SCANNER_FINISHED
D/MyFilesWidget( 5218): onReceive() is called :
D/MyFilesWidget( 5218): updateView() is called
I/SELinux (16979): Function: selinux_android_load_priority [0], There is no sepolicy file.
I/SELinux (16979):
I/SELinux (16979): Function: selinux_android_load_priority , spota verifySig and checkHash pass. priority version is VE=SEPF_SM-T705_4.4.2_0040
I/SELinux (16979):
I/SELinux (16979):
I/SELinux (16979): selinux_android_seapp_context_reload: seapp_contexts file is loaded from /data/security/spota/seapp_contexts
E/SELinux (16979): [DEBUG] seapp_context_lookup: seinfoCategory = platform
E/dalvikvm(16979): >>>>> Normal User
E/dalvikvm(16979): >>>>> com.sec.android.app.music:service [ userId:0 | appId:10155 ]
E/SELinux (16979): [DEBUG] seapp_context_lookup: seinfoCategory = platform
D/dalvikvm(16979): GC_CONCURRENT freed 3009K, 36% free 7032K/10984K, paused 3ms+1ms, total 15ms
D/dalvikvm(16979): WAIT_FOR_CONCURRENT_GC blocked 8ms D/com.samsung.musicplus.bitmapcache.BitmapCache(16979): Allocated bitmap cache: 20132659
I/ActivityManager( 2822): Killing 6899:com.samsung.android.provider.shootingmodeprovider/u0a170 (adj 15): empty #44
I/MediaStoreImporter(32724): Update: incremental Added music: 0 Updated music: 0 Deleted music: 0 Created playlists: 0 Updated playlists: 0 Deleted playlists: 0 Inserted playlist items: 0 Deleted playlist items: 0 Removed orphaned playlist items: 0
I/display ( 2289): [DYNAMIC_RECOMP] GLES_2_HWC by high FPS(59)
I/display ( 2289): [DYNAMIC_RECOMP] HWC_2_GLES by low FPS(0)
D/DataRouter( 2301): After the usb select
D/DataRouter( 2301): read usb data[len:1]
D/DataRouter( 2301): read usb data message:A
D/DataRouter( 2301): Before the usb select
E/SMD ( 2302): ***Received data notification[DR->SMD]***
E/SMD ( 2302): Message:A
E/SMD ( 2302): Sending data to SMD: Len = [1]
E/SMD ( 2302): buffer = [A]
E/SMD ( 2302): Wrote 1 chars to SMD PORT fd=7 ch = 41
D/SensorService( 2822): -0.0 0.3 10.0
D/DataRouter( 2301): After the usb select
D/DataRouter( 2301): read usb data[len:1]
D/DataRouter( 2301): read usb data message:T
D/DataRouter( 2301): Before the usb select
E/SMD ( 2302): ***Received data notification[DR->SMD]***
E/SMD ( 2302): Message:T
E/SMD ( 2302): Sending data to SMD: Len = [1]
E/SMD ( 2302): buffer = [T]
E/SMD ( 2302): Wrote 1 chars to SMD PORT fd=7 ch = 54
D/DataRouter( 2301): After the usb select
D/DataRouter( 2301): read usb data[len:1]
D/DataRouter( 2301): read usb data message:
D/DataRouter( 2301): Before the usb select
E/SMD ( 2302): ***Received data notification[DR->SMD]***
E/SMD ( 2302): Message:
E/SMD ( 2302): Sending data to SMD: Len = [1]
E/SMD ( 2302): buffer = []
E/SMD ( 2302): Wrote 1 chars to SMD PORT fd=7 ch = d
D/STATUSBAR-NetworkController( 3041): onSignalStrengthsChanged signalStrength=SignalStrength: 18 -1 -1 -1 -1 -1 -1 99 2147483647 2147483647 2147483647 -1 2147483647 gsm|lte 0x4 level=4
D/STATUSBAR-NetworkController( 3041): Nothing, mRoamingIconId = 0
I/FaceInterface( 5599): startFaceScan() : going on
D/FaceInterface( 5599): startFaceScan() is called.
D/ContentApp(12011): stopScan() is called.
D/ContentApp(12011): startScan() is called.
D/ContentApp(12011): startScan() is end.
D/ContentApp(12011): face_restore FINISHED_TYPE: 1
D/FaceScanner(12011): getInvalidFileList FINISHED_TYPE_RESTORE_MMC+
D/FaceScanner(12011): resetFileFaceInfo : start
D/FaceScanner(12011): resetFileFaceInfo : end
D/FaceScanner(12011): getInvalidFileList FINISHED_TYPE_RESTORE_MMC-
D/DataRouter( 2301): After the usb select
D/DataRouter( 2301): read usb data[len:1]
D/DataRouter( 2301): read usb data message:A
D/DataRouter( 2301): Before the usb select
E/SMD ( 2302): ***Received data notification[DR->SMD]***
E/SMD ( 2302): Message:A
E/SMD ( 2302): Sending data to SMD: Len = [1]
E/SMD ( 2302): buffer = [A]
E/SMD ( 2302): Wrote 1 chars to SMD PORT fd=7 ch = 41
D/SensorService( 2822): -0.0 0.3 10.0
D/DataRouter( 2301): After the usb select
D/DataRouter( 2301): read usb data[len:1]
D/DataRouter( 2301): read usb data message:T
D/DataRouter( 2301): Before the usb select
E/SMD ( 2302): ***Received data notification[DR->SMD]***
E/SMD ( 2302): Message:T
E/SMD ( 2302): Sending data to SMD: Len = [1]
E/SMD ( 2302): buffer = [T]
E/SMD ( 2302): Wrote 1 chars to SMD PORT fd=7 ch = 54
D/DataRouter( 2301): After the usb select
D/DataRouter( 2301): read usb data[len:1]
D/DataRouter( 2301): read usb data message:
D/DataRouter( 2301): Before the usb select
E/SMD ( 2302): ***Received data notification[DR->SMD]***
E/SMD ( 2302): Message:
E/SMD ( 2302): Sending data to SMD: Len = [1]
E/SMD ( 2302): buffer = []
E/SMD ( 2302): Wrote 1 chars to SMD PORT fd=7 ch = d
D/BtGatt.btif( 4958): btif_gattc_upstreams_evt: Event 4096
D/BtGatt.GattService( 4958): onScanResult() - address=C4:B3:20:5B:4B:0F, rssi=-100
D/BluetoothAdapter( 4929): onScanResult() - Device=C4:B3:20:5B:4B:0F RSSI=-100
W/QuickConnect[1.1][2] ( 4929): BleHelper.getSConnectDataFromBLE - can not resolve length info
D/AmoledAdjustTimer( 2822): prevTemp = 244, currTemp = 243, prevStep = 4, currStep = 4
D/SSRMv2:SIOP( 2822): SIOP:: AP = 290, Delta = 20
D/InputReader( 2822): Input event: value=1
I/InputReader( 2822): Touch event's action is 0x0 (deviceType=0) [pCnt=1, s=0.15484 ] when=428613209516000
I/InputDispatcher( 2822): Delivering touch to: action: 0x4, toolType: 1
I/InputDispatcher( 2822): Delivering touch to: action: 0x0, toolType: 1
D/InputReader( 2822): Input event: value=0
I/InputReader( 2822): Touch event's action is 0x1 (deviceType=0) [pCnt=1, s=] when=428613287518000
I/InputDispatcher( 2822): Delivering touch to: action: 0x1, toolType: 1
D/dalvikvm( 2822): GC_FOR_ALLOC freed 1384K, 24% free 68113K/88648K, paused 151ms, total 151ms V/SmartFaceService - 3rd party pause( 2822): onReceive [android.intent.action.ACTIVITY_STATE/com.android.systemui/pause]
I/SQLiteSecureOpenHelper( 3992): getWritableDatabase(pwd)
I/SQLiteSecureOpenHelper( 3992): getDatabaseLocked(b,b,pwd)...
D/CustomFrequencyManagerService( 2822): acquireDVFSLockLocked : type : DVFS_MIN_LIMIT frequency : 1800000 uid : 1000 pid : 2822 pkgName : ACTIVITY_RESUME_BOOSTER@4
W/ActivityManager( 2822): mDVFSHelper.acquire()
D/KeyguardUpdateMonitor( 3041): sendKeyguardVisibilityChanged(true)
I/SpenGestureManager( 2822): setFocusWindow21065
D/STATUSBAR-StatusBarManagerService( 2822): manageDisableList what=0x0 pkg=WindowManager.LayoutParams
D/KeyguardUpdateMonitor( 3041): sendKeyguardVisibilityChanged(true)
D/PointerIcon( 2822): setMouseIconStyle1 pointerType: 1001iconType:101 flag:0
D/PointerIcon( 2822): setMouseCustomIcon IconType is same.101
D/PointerIcon( 2822): setHoveringSpenIconStyle1 pointerType: 10001iconType:1 flag:0
D/PointerIcon( 2822): setHoveringSpenCustomIcon IconType is same.1
D/KeyguardUpdateMonitor( 3041): handleKeyguardVisibilityChanged(1)
D/KeyguardUpdateMonitor( 3041): handleKeyguardVisibilityChanged(1)
I/WifiEnabler( 6734): Resume : 3 V/SmartFaceService - 3rd party pause( 2822): onReceive [android.intent.action.ACTIVITY_STATE/com.android.settings/resume]
D/StatusBarManagerService( 2822): semi p:6734,o:f
W/Settings( 6734): Setting airplane_mode_on has moved from android.provider.Settings.System to android.provider.Settings.Global, returning read-only global URI.
W/Settings( 6734): Setting location_providers_allowed has moved from android.provider.Settings.System to android.provider.Settings.Secure, returning Secure URI.
I/LocationModeEnabler( 6734): isRestricted() mdmRestricted= false UserRestricted = false
V/NearbySettings( 6734): NearbyEnabler.resume - TYPE_SETTINGS V/AllShare(ASF-DMSLIB)(16830): (Service)MediaServerService: .mIBinder - resume: cancel delayed finish:TYPE_SETTINGS
W/ContextImpl( 6734): Implicit intents with startService are not safe: Intent { act=com.sec.android.nearby.MediaServer.START } android.content.ContextWrapper.startService:506 com.android.settings.nearby.NearbyEnabler.startDmsService:546 com.android.settings.nearby.NearbyEnabler.resume:316
V/NearbySettings( 6734): NearbyEnabler.startDmsService - isBound: false
W/ContextImpl( 6734): Calling a method in the system process without a qualified user: android.app.ContextImpl.startService:1852 android.content.ContextWrapper.startService:506 com.android.settings.nearby.NearbyEnabler.startDmsService:546 com.android.settings.nearby.NearbyEnabler.resume:316 com.android.settings.Settings$HeaderAdapter.resume:4687 V/AllShare(ASF-DMSLIB)(16830): (Service)MediaServerService: .onCreate -
W/ContextImpl( 6734): Implicit intents with startService are not safe: Intent { act=com.sec.android.nearby.MediaServer.START } android.content.ContextWrapper.bindService:529 com.android.settings.nearby.NearbyEnabler.startDmsService:548 com.android.settings.nearby.NearbyEnabler.resume:316
I/display ( 2289): [DYNAMIC_RECOMP] GLES_2_HWC by high FPS(8)
V/NearbySettings( 6734): NearbyEnabler. - setBroadcastReceiver()
W/ContextImpl( 6734): Calling a method in the system process without a qualified user: android.app.ContextImpl.bindService:1925 android.content.ContextWrapper.bindService:529 com.android.settings.nearby.NearbyEnabler.startDmsService:548 com.android.settings.nearby.NearbyEnabler.resume:316 com.android.settings.Settings$HeaderAdapter.resume:4687
V/NearbySettings( 6734): NearbyEnabler.setCheckedState - TYPE_SETTINGS V/AllShare(ASF-DMSLIB)(16830): (Service)MediaServerService: .mIBinder : isServerStarted -
W/Settings( 6734): Setting mobile_data has moved from android.provider.Settings.Secure to android.provider.Settings.Global, returning global URI. V/AllShare(ASF-DMSLIB)(16830): (Service)AccessDeviceList: .loadDeviceList - AllshareAcceptList
W/Settings( 6734): Setting bugreport_in_power_menu has moved from android.provider.Settings.Secure to android.provider.Settings.Global. V/AllShare(ASF-DMSLIB)(16830): (Service)AccessDeviceList: .loadDeviceList - AllshareRejectList
I/CryptfsEE( 2279): Device is not encrypted, aborting
D/KeyguardUpdateMonitor( 3041): sendKeyguardVisibilityChanged(true)
D/PhoneStatusBar( 3041): setSemiTransparentMode=false, mTransparentMode=false, mSemiTransparentMode=false, mMultiWindowMode=false
D/KeyguardUpdateMonitor( 3041): handleKeyguardVisibilityChanged(1)
D/hwcutils( 2289): MppFactory::MppFactory()
D/ ( 2289): virtual LibMpp* MppFactory::CreateMpp(int, int, int, int)(6)
D/libexynosgscaler( 2289): LibMpp::LibMpp()
W/InputMethodManagerService( 2822): Window already focused, ignoring focus gain of: com.android.internal.view.IInputMethodClient$Stub$Proxy@431e8b78 attribute=null, token = android.os.BinderProxy@43477a88
W/Settings( 6734): Setting airplane_mode_on has moved from android.provider.Settings.System to android.provider.Settings.Global, returning read-only value.
V/AlarmManager( 2822): waitForAlarm result :4 I/AllShare(ASF-DMSLIB)(16830): (Service)MediaServerService: .onCreate - TABLET Device
V/AlarmManager( 2822): trigger ELAPSED_REALTIME_WAKEUP or RTC_WAKEUP
D/ (16830): PNG_doEncode true 48, 48
D/ (16830): PNG_doEncode true 120, 120
D/checkbox( 6734): setChecked(2) checked=false, animate=false, mCheckBoxAnimationEnabled=false, mIsAttached=true
D/checkbox( 6734): setChecked(2) checked=false, animate=false, mCheckBoxAnimationEnabled=false, mIsAttached=true
D/checkbox( 6734): setChecked(2) checked=true, animate=false, mCheckBoxAnimationEnabled=false, mIsAttached=true
D/checkbox( 6734): setChecked(2) checked=false, animate=false, mCheckBoxAnimationEnabled=false, mIsAttached=true
D/checkbox( 6734): setChecked(2) checked=false, animate=false, mCheckBoxAnimationEnabled=false, mIsAttached=true V/AllShare(ASF-DMSLIB)(16830): (Service)MediaServerService: .onStartCommand - Stop Foreground
D/checkbox( 6734): setChecked(2) checked=false, animate=false, mCheckBoxAnimationEnabled=false, mIsAttached=true V/AllShare(ASF-DMSLIB)(16830): (Service)MediaServerService: .onBind -
D/dalvikvm(16830): GC_CONCURRENT freed 2657K, 34% free 7327K/10980K, paused 10ms+1ms, total 26ms D/AllShare(ASF-DMSLIB)(16830): (Service)MediaServerService: .mBroadcastReceiver - action: android.net.wifi.STATE_CHANGE W/AllShare(ASF-DMSLIB)(16830): (Service)MediaServerService: .mBroadcastReceiver - isInitialStickyBroadcast: android.net.wifi.STATE_CHANGE D/AllShare(ASF-DMSLIB)(16830): (Service)MediaServerService: .mBroadcastReceiver - action: android.net.wifi.p2p.CONNECTION_STATE_CHANGE W/AllShare(ASF-DMSLIB)(16830): (Service)MediaServerService: .getP2pSubnet - P2P NOT CONNECTED I/AllShare(ASF-DMSLIB)(16830): (Service)MediaServerService: .mBroadcastReceiver - mP2pSubnet: null W/AllShare(ASF-DMSLIB)(16830): (Service)MediaServerService: .mBroadcastReceiver - isInitialStickyBroadcast: android.net.wifi.p2p.CONNECTION_STATE_CHANGE
I/iu.UploadsManager( 4617): End new media; added: 0, uploading: 0, time: 78 ms
V/NearbySettings( 6734): NearbyEnabler.onServiceConnected - V/AllShare(ASF-DMSLIB)(16830): (Service)MediaServerService: .mIBinder - resume: cancel delayed finish:TYPE_SETTINGS
V/NearbySettings( 6734): NearbyEnabler.setCheckedState - TYPE_SETTINGS V/AllShare(ASF-DMSLIB)(16830): (Service)MediaServerService: .mIBinder : isServerStarted -
V/NearbySettings( 6734): NearbyEnabler.setDefaultValues -
V/NearbySettings( 6734): NearbyEnabler.getDeviceName -
V/NearbySettings( 6734): NearbyEnabler.checkDeviceName - ikkedintablet
I/NearbySettings( 6734): NearbyEnabler.checkDeviceName - TABLET Device V/AllShare(ASF-DMSLIB)(16830): (Service)MediaServerService: .mIBinder : setSharedMediaType - ffffff V/AllShare(ASF-DMSLIB)(16830): (Service)MediaServerService: .shareContents - 16777215 V/AllShare(ASF-DMSLIB)(16830): (Service)MediaServerService: .mIBinder : setMediaServerName - V/AllShare(ASF-DMSLIB)(16830): (Service)MediaServerService: .mIBinder : isServerStarted - V/AllShare(ASF-DMSLIB)(16830): (Service)MediaServerService: .mIBinder : isServerStarted - D/AllShare(ASF-DMSLIB)(16830): (Service)MediaServerService: .mIBinder : setUploadPath: PATH - V/AllShare(ASF-DMSLIB)(16830): (Service)MediaServerService: .mIBinder : setContentUploadAllowed - 1
W/ContextImpl( 6734): Calling a method in the system process without a qualified user: android.app.ContextImpl.sendBroadcast:1496 android.content.ContextWrapper.sendBroadcast:377 com.android.settings.nearby.NearbyEnabler$3.onServiceConnected:609 android.app.LoadedApk$ServiceDispatcher.doConnected:1114 android.app.LoadedApk$ServiceDispatcher$RunConnection.run:1131
D/libexynosgscaler( 2289): virtual CGscaler::~CGscaler()
D/libexynosgscaler( 2289): virtual LibMpp::~LibMpp()
D/ ( 2289): virtual MppFactory::~MppFactory()
D/KeyguardUpdateMonitor( 3041): sendKeyguardVisibilityChanged(true)
D/KeyguardUpdateMonitor( 3041): handleKeyguardVisibilityChanged(1)
I/SurfaceFlinger( 2289): id=4980 Removed VsbDebuggin (22/26)
I/SurfaceFlinger( 2289): id=4980 Removed VsbDebuggin (-2/26)
D/KeyguardUpdateMonitor( 3041): sendKeyguardVisibilityChanged(true)
D/KeyguardUpdateMonitor( 3041): sendKeyguardVisibilityChanged(true)
D/KeyguardUpdateMonitor( 3041): handleKeyguardVisibilityChanged(1)
D/KeyguardUpdateMonitor( 3041): handleKeyguardVisibilityChanged(1)
D/DataRouter( 2301): After the usb select
D/DataRouter( 2301): read usb data[len:5]
D/DataRouter( 2301): read usb data message:~
D/DataRouter( 2301): Before the usb select
E/SMD ( 2302): ***Received data notification[DR->SMD]***
E/SMD ( 2302): Path set is DATA_PATH_DR_SMD_MANAGER
E/SMD ( 2302): Message:~
E/SMD ( 2302): Sending data to SMD: Len = [5]
E/SMD ( 2302): buffer = [~]
E/SMD ( 2302): Wrote 5 chars to SMD PORT fd=7 ch = 7e
D/SensorService( 2822): -0.1 0.3 10.1
D/BatteryService( 2822): level:25, scale:100, status:3, health:2, present:true, voltage: 3685, temperature: 241, technology: Li-ion, AC powered:false, USB powered:true, Wireless powered:false, icon:17303560, invalid charger:0, online:4, current avg:52, charge type:1, power sharing:false
D/BatteryService( 2822): Sending ACTION_BATTERY_CHANGED.
D/KeyguardUpdateMonitor( 3041): received broadcast android.intent.action.BATTERY_CHANGED
D/KeyguardUpdateMonitor( 3041): handleBatteryUpdate
D/STATUSBAR-PhoneStatusBar( 3041): mBrightnessEnablebySettings = true mBrightnessEnablebyBattery = true mBrightnessEnablebyDisableFlag = true mPmsBrightnessEnablebySettings = true
D/Brightness( 3804): mIntentReceiver.onReceive: action=android.intent.action.BATTERY_CHANGED, intent=Intent { act=android.intent.action.BATTERY_CHANGED flg=0x60000010 (has extras) }
D/MainActivityBaseUi.java( 3804): in brightness disabled on critical battery low
D/STATUSBAR-IconMerger( 3041): checkOverflow(1200), More:false, Req:false Child:2
D/BatteryMeterView( 3041): ACTION_BATTERY_CHANGED : level:25 status:3 health:2
D/CustomFrequencyManagerService( 2822): releaseDVFSLockLocked : Getting Lock type frm List : DVFS_MIN_LIMIT frequency : 1800000 uid : 1000 pid : 2822 tag : ACTIVITY_RESUME_BOOSTER@4
W/ActivityManager( 2822): mDVFSHelper.release()
D/CustomFrequencyManagerService( 2822): acquireDVFSLockLocked : type : DVFS_MIN_LIMIT frequency : 1800000 uid : 1000 pid : 2822 pkgName : ACTIVITY_RESUME_BOOSTER@8
D/CustomFrequencyManagerService( 2822): releaseDVFSLockLocked : Getting Lock type frm List : DVFS_MIN_LIMIT frequency : 1800000 uid : 1000 pid : 2822 tag : ACTIVITY_RESUME_BOOSTER@8
D/DataRouter( 2301): After the usb select
D/DataRouter( 2301): read usb data[len:5]
D/DataRouter( 2301): read usb data message:~
D/DataRouter( 2301): Before the usb select
E/SMD ( 2302): ***Received data notification[DR->SMD]***
E/SMD ( 2302): Path set is DATA_PATH_DR_SMD_MANAGER
E/SMD ( 2302): Message:~
E/SMD ( 2302): Sending data to SMD: Len = [5]
E/SMD ( 2302): buffer = [~]
E/SMD ( 2302): Wrote 5 chars to SMD PORT fd=7 ch = 7e
D/SensorService( 2822): -0.1 0.4 10.0
I/wpa_supplicant( 8301): Scan requested (ret=0) - scan timeout 30 seconds
I/ActivityManager( 2822): Waited long enough for: ServiceRecord{4538f408 u0 com.samsung.android.MtpApplication/.MtpService}
D/SensorService( 2822): -0.0 0.3 10.0
I/wpa_supplicant( 8301): nl80211: Received scan results (40 BSSes)
D/Tethering( 2822): interfaceLinkStateChanged wlan0, true
I/wpa_supplicant( 8301): wlan0: Setting scan request: 32 sec 0 usec
D/Tethering( 2822): interfaceStatusChanged wlan0, true
I/wpa_supplicant( 8301): wlan0: CTRL-EVENT-NO-CONNECTION
I/wpa_supplicant( 8301): wlan0: Setting scan request: 32 sec 0 usec
D/WifiP2pService( 2822): InactiveState{ what=147461 }
D/WifiP2pService( 2822): P2pEnabledState{ what=147461 }
D/WifiP2pService( 2822): DefaultState{ what=147461 }