I/MultiWindowTrayInfo( 8169): makeInstancebadgeForGridView
I/MultiWindowTrayInfo( 8169): makeInstancebadgeForGridView
I/MultiWindowTrayInfo( 8169): makeInstancebadgeForGridView
I/MultiWindowTrayInfo( 8169): makeInstancebadgeForGridView
I/MultiWindowTrayInfo( 8169): makeInstancebadgeForGridView
D/dalvikvm(16555): GC_CONCURRENT freed 3005K, 36% free 7030K/10980K, paused 3ms+1ms, total 18ms
D/dalvikvm(16555): WAIT_FOR_CONCURRENT_GC blocked 12ms
I/MultiWindowTrayInfo( 8169): makeInstancebadgeForGridView
I/MultiWindowTrayInfo( 8169): makeInstancebadgeForGridView
I/MultiWindowTrayInfo( 8169): makeInstancebadgeForGridView
I/MultiWindowTrayInfo( 8169): makeInstancebadgeForGridView
I/MultiWindowTrayInfo( 8169): makeInstancebadgeForGridView
I/MultiWindowTrayInfo( 8169): makeInstancebadgeForGridView
I/MultiWindowTrayInfo( 8169): makeInstancebadgeForGridView
I/MultiWindowTrayInfo( 8169): makeInstancebadgeForGridView
I/Yosemite:lifecycle(16555): ================================================================
I/Yosemite:lifecycle(16555): com.sec.yosemite.tab 14111701.2.50.35 (250350) CL:1609282
I/Yosemite:lifecycle(16555): ================================================================
W/ContextImpl(16555): Implicit intents with startService are not safe: Intent { act=com.sec.watchon.phone.service.remotetv.IRemoteTvService } android.content.ContextWrapper.bindService:529 com.sec.msc.android.yosemite.client.helper.RemoteTvServiceBindingHelper.bindService:1409 com.sec.msc.android.yosemite.client.helper.RemoteTvServiceBindingHelper.bindService:1418
W/ContextImpl(16555): Calling a method in the system process without a qualified user: android.app.ContextImpl.bindService:1925 android.content.ContextWrapper.bindService:529 com.sec.msc.android.yosemite.client.helper.RemoteTvServiceBindingHelper.bindService:1409 com.sec.msc.android.yosemite.client.helper.RemoteTvServiceBindingHelper.bindService:1418 com.sec.msc.android.yosemite.YosemiteApplication.onCreate:137
D/BezelQuickConnect( 4942): BezelBroadcastReceiver - onReceive : com.android.systemui.statusbar.EXPANDED_NOTI
D/BezelQuickConnect( 4942): BezelBroadcastReceiver - StartBezelInteractionService
E/BezelQuickConnect( 4942): BezelBroadcastReceiver - StartBezelInteractionService - registed!!
D/UEI.SmartControl(16555): SDKServicesManager.initialize...
E/UEI.SmartControl(16555): QSApp create...
D/UEI.SmartControl(16555): Quickset SDK starts...
D/UEI.SmartControl(16555): Quickset SDK version: 1.0.15
I/UEI.SmartControl(16555): Manufacture = samsung
D/dalvikvm(16555): Trying to load lib /data/data/com.sec.yosemite.tab/app_quicksetsdk/libcurl.so 0x42264c20
D/dalvikvm(16555): Added shared lib /data/data/com.sec.yosemite.tab/app_quicksetsdk/libcurl.so 0x42264c20
D/dalvikvm(16555): No JNI_OnLoad found in /data/data/com.sec.yosemite.tab/app_quicksetsdk/libcurl.so 0x42264c20, skipping init
D/UEI.SmartControl(16555): --- Loading Lib: libcurl.so
D/dalvikvm(16555): Trying to load lib /data/data/com.sec.yosemite.tab/app_quicksetsdk/libjson.so 0x42264c20
D/dalvikvm(16555): Added shared lib /data/data/com.sec.yosemite.tab/app_quicksetsdk/libjson.so 0x42264c20
D/dalvikvm(16555): No JNI_OnLoad found in /data/data/com.sec.yosemite.tab/app_quicksetsdk/libjson.so 0x42264c20, skipping init
D/UEI.SmartControl(16555): --- Loading Lib: libjson.so
D/dalvikvm(16555): Trying to load lib /data/data/com.sec.yosemite.tab/app_quicksetsdk/librctransport.so 0x42264c20
D/dalvikvm(16555): Added shared lib /data/data/com.sec.yosemite.tab/app_quicksetsdk/librctransport.so 0x42264c20
D/dalvikvm(16555): No JNI_OnLoad found in /data/data/com.sec.yosemite.tab/app_quicksetsdk/librctransport.so 0x42264c20, skipping init
D/UEI.SmartControl(16555): --- Loading Lib: librctransport.so
D/dalvikvm(16555): Trying to load lib /data/data/com.sec.yosemite.tab/app_quicksetsdk/libqs.so 0x42264c20
D/dalvikvm(16555): Added shared lib /data/data/com.sec.yosemite.tab/app_quicksetsdk/libqs.so 0x42264c20
D/dalvikvm(16555): No JNI_OnLoad found in /data/data/com.sec.yosemite.tab/app_quicksetsdk/libqs.so 0x42264c20, skipping init
D/UEI.SmartControl(16555): --- Loading Lib: libqs.so
D/dalvikvm(16555): Trying to load lib /data/data/com.sec.yosemite.tab/app_quicksetsdk/libndk_jni.so 0x42264c20
D/dalvikvm(16555): Added shared lib /data/data/com.sec.yosemite.tab/app_quicksetsdk/libndk_jni.so 0x42264c20
D/quickset(16555): QS libjni JNI_OnLoad
D/UEI.SmartControl(16555): --- Loading Lib: libndk_jni.so
I/UEI.SmartControl(16555): --- Selecting new region: 1
D/UEI.SmartControl(16555): setting different mac info...
D/UEI.SmartControl(16555): ------ SDK_INT: 19
D/UEI.SmartControl(16555): ------ RELEASE: 4.4.2
D/UEI.SmartControl(16555): QS SDK Services created
I/UEI.SmartControl(16555): QS start get config
D/dalvikvm(16555): GC_CONCURRENT freed 793K, 16% free 9299K/11040K, paused 2ms+1ms, total 11ms
D/dalvikvm(16555): WAIT_FOR_CONCURRENT_GC blocked 3ms
I/display ( 2289): [DYNAMIC_RECOMP] HWC_2_GLES by low FPS(6)
D/AmoledAdjustTimer( 2822): prevTemp = 229, currTemp = 229, prevStep = 4, currStep = 4
D/dalvikvm(16555): GC_FOR_ALLOC freed 3949K, 43% free 7278K/12740K, paused 9ms, total 9ms
I/dalvikvm-heap(16555): Grow heap (frag case) to 15.848MB for 8204998-byte allocation
D/dalvikvm(16555): GC_FOR_ALLOC freed <1K, 27% free 15291K/20756K, paused 9ms, total 9ms
D/dalvikvm(16555): GC_CONCURRENT freed 624K, 27% free 15355K/20756K, paused 2ms+1ms, total 12ms
D/SSRMv2:SIOP( 2822): SIOP:: AP = 260, Delta = 10
D/UEI.SmartControl(16555): Top Brands Info: NA - US.
I/UEI.SmartControl(16555): QS start statue = true Error code = 0
I/UEI.SmartControl(16555): QS version: v2.6.4.4_RC1
I/UEI.SmartControl(16555): QS DB version: Samsung_MSC_2014_SW_Blaster_databasev3.17_nevosmart
D/UEI.SmartControl(16555): Top Brands Info: NA - US.
I/UEI.SmartControl(16555): Loading Consumer IR Manager service...
D/UEI.SmartControl(16555): Zip IR Blaster set datacomm
I/UEI.SmartControl(16555): Device manager: loading config....
D/UEI.SmartControl(16555): Services init done
D/UEI.SmartControl(16555): QS Service init finished
I/ActivityManager( 2822): Killing 7118:com.hancom.office.hcell.viewer.hcell_viewer_apk/u0a61 (adj 15): empty #44
W/ContextImpl(16555): Calling a method in the system process without a qualified user: android.app.ContextImpl.sendBroadcast:1510 android.content.ContextWrapper.sendBroadcast:382 com.sec.msc.android.yosemite.infrastructure.common.broadcasting.tv.TvBroadcastPitcher.notifyConnectAvailable:188 com.sec.msc.android.yosemite.service.remotetv.NetworkStatusReceiverForTv.onReceive:48 android.app.LoadedApk$ReceiverDispatcher$Args.run:772
W/ContextImpl(16555): Calling a method in the system process without a qualified user: android.app.ContextImpl.sendBroadcast:1510 android.content.ContextWrapper.sendBroadcast:382 com.sec.msc.android.yosemite.infrastructure.common.broadcasting.tv.TvBroadcastPitcher.notifyConnectAvailable:188 com.sec.msc.android.yosemite.service.remotetv.NetworkStatusReceiverForTv.onReceive:48 android.app.LoadedApk$ReceiverDispatcher$Args.run:772
I/MultiWindowTrayInfo( 8169): getAppCnt
I/MultiWindowTrayInfo( 8169): getAppCnt
I/MultiWindowTrayInfo( 8169): getAppCnt
I/MultiWindowTrayInfo( 8169): getAppCnt
I/MultiWindowTrayInfo( 8169): getAppCnt
I/MultiWindowTrayInfo( 8169): getAppCnt
I/MultiWindowTrayInfo( 8169): makeInstancebadgeForGridView
I/MultiWindowTrayInfo( 8169): getAppCnt
D/UEI.SmartControl(16555): ----- QS SDK is ready!!!
I/UEI.SmartControl(16555): Last result code = 6(Invalid Session ID)
I/UEI.SmartControl(16555): Last result code = 0(Success)
I/MultiWindowTrayInfo( 8169): makeInstancebadgeForGridView
I/MultiWindowTrayInfo( 8169): makeInstancebadgeForGridView
I/MultiWindowTrayInfo( 8169): makeInstancebadgeForGridView
I/MultiWindowTrayInfo( 8169): makeInstancebadgeForGridView
I/MultiWindowTrayInfo( 8169): makeInstancebadgeForGridView
I/MultiWindowTrayInfo( 8169): makeInstancebadgeForGridView
I/MultiWindowTrayInfo( 8169): makeInstancebadgeForGridView
I/MultiWindowTrayInfo( 8169): makeInstancebadgeForGridView
I/MultiWindowTrayInfo( 8169): makeInstancebadgeForGridView
I/MultiWindowTrayInfo( 8169): makeInstancebadgeForGridView
I/MultiWindowTrayInfo( 8169): makeInstancebadgeForGridView
I/MultiWindowTrayInfo( 8169): makeInstancebadgeForGridView
I/MultiWindowTrayInfo( 8169): makeInstancebadgeForGridView
I/MultiWindowTrayInfo( 8169): makeInstancebadgeForGridView
I/UEI.SmartControl(16555): Projector brand count = 68
I/MultiWindowTrayInfo( 8169): makeInstancebadgeForGridView
I/MultiWindowTrayInfo( 8169): makeInstancebadgeForGridView
I/UEI.SmartControl(16555): #### Device type: TV
I/UEI.SmartControl(16555): #### Device type: STB
I/UEI.SmartControl(16555): #### Device type: DVD
I/UEI.SmartControl(16555): #### Device type: Media Player
I/UEI.SmartControl(16555): #### Device type: Audio
I/UEI.SmartControl(16555): #### Device type: Projector
I/UEI.SmartControl(16555): #### Device type: HTS
I/UEI.SmartControl(16555): Last result code = 0(Success)
I/UEI.SmartControl(16555): Last result code = 0(Success)
I/UEI.SmartControl(16555): QS saving settings...
D/STATUSBAR-NetworkController( 3041): onSignalStrengthsChanged signalStrength=SignalStrength: 18 -1 -1 -1 -1 -1 -1 99 2147483647 2147483647 2147483647 -1 2147483647 gsm|lte 0x4 level=4
D/STATUSBAR-NetworkController( 3041): Nothing, mRoamingIconId = 0
D/SensorService( 2822): 0.0 0.3 10.0
E/Watchdog( 2822): !@Sync 14257
D/BatteryService( 2822): level:25, scale:100, status:3, health:2, present:true, voltage: 3702, temperature: 227, technology: Li-ion, AC powered:false, USB powered:false, Wireless powered:false, icon:17303560, invalid charger:0, online:1, current avg:-687, charge type:0, power sharing:false
D/BatteryService( 2822): Sending ACTION_BATTERY_CHANGED.
D/KeyguardUpdateMonitor( 3041): received broadcast android.intent.action.BATTERY_CHANGED
D/KeyguardUpdateMonitor( 3041): handleBatteryUpdate
D/Brightness( 3804): mIntentReceiver.onReceive: action=android.intent.action.BATTERY_CHANGED, intent=Intent { act=android.intent.action.BATTERY_CHANGED flg=0x60000010 (has extras) }
D/MainActivityBaseUi.java( 3804): in brightness disabled on critical battery low
D/STATUSBAR-PhoneStatusBar( 3041): mBrightnessEnablebySettings = true mBrightnessEnablebyBattery = true mBrightnessEnablebyDisableFlag = true mPmsBrightnessEnablebySettings = true
D/STATUSBAR-IconMerger( 3041): checkOverflow(1200), More:false, Req:false Child:3
D/BatteryMeterView( 3041): ACTION_BATTERY_CHANGED : level:25 status:3 health:2
I/wpa_supplicant( 8301): Scan requested (ret=0) - scan timeout 30 seconds
D/InputReader( 2822): Input event: value=1
I/InputReader( 2822): Touch event's action is 0x0 (deviceType=0) [pCnt=1, s=0.15466 ] when=428415121098000
I/InputDispatcher( 2822): Delivering touch to: action: 0x0, toolType: 1
D/InputReader( 2822): Input event: value=0
I/InputReader( 2822): Touch event's action is 0x1 (deviceType=0) [pCnt=1, s=] when=428415209099000
I/InputDispatcher( 2822): Delivering touch to: action: 0x1, toolType: 1
V/PhoneStatusBar( 3041): mNotificationData.size() = 3
V/PhoneStatusBar( 3041): NOTIFICATION_PACKAGE_NAME = com.android.vendingNOTIFICATION_ID = 874755343
V/PhoneStatusBar( 3041): NOTIFICATION_PACKAGE_NAME = com.android.systemuiNOTIFICATION_ID = 273
V/PhoneStatusBar( 3041): NOTIFICATION_PACKAGE_NAME = androidNOTIFICATION_ID = 17303553
D/ContextualEventManager( 3041): received broadcast com.android.sms.action.CLEAR_ALL
I/SELinux (16580): Function: selinux_android_load_priority [0], There is no sepolicy file.
I/SELinux (16580):
I/SELinux (16580): Function: selinux_android_load_priority , spota verifySig and checkHash pass. priority version is VE=SEPF_SM-T705_4.4.2_0040
I/SELinux (16580):
I/SELinux (16580):
I/SELinux (16580): selinux_android_seapp_context_reload: seapp_contexts file is loaded from /data/security/spota/seapp_contexts
E/SELinux (16580): [DEBUG] seapp_context_lookup: seinfoCategory = release
E/dalvikvm(16580): >>>>> Normal User
E/dalvikvm(16580): >>>>> com.android.mms [ userId:0 | appId:10047 ]
E/SELinux (16580): [DEBUG] seapp_context_lookup: seinfoCategory = release
D/dalvikvm(16580): GC_CONCURRENT freed 2996K, 36% free 7048K/10984K, paused 2ms+2ms, total 17ms
D/dalvikvm(16580): WAIT_FOR_CONCURRENT_GC blocked 11ms
I/PersonaManager(16580): getPersonaService() name persona_policy
I/display ( 2289): [DYNAMIC_RECOMP] GLES_2_HWC by high FPS(43)
D/TP/MmsSmsProvider( 3228): match 13:Elapsed time : 1.164 ms
D/TP/MmsSmsProvider( 3228): match 12:Elapsed time : 0.668 ms
D/TP/MmsSmsProvider( 3228): deleteConversation threadId: 9223372036854775807
D/TP/MmsSmsProvider( 3228): delete URI_CONVERSATIONS_MESSAGES affectedRows=0
D/TP/MmsSmsProvider( 3228): delete threadId: 9223372036854775807
D/TP/MmsSmsProvider( 3228): need read changed broadcast:false
D/TP/MmsSmsProvider( 3228): match 7:Elapsed time : 1.151 ms
I/ActivityManager( 2822): Killing 7130:com.hancom.office.hshow.viewer.hshow_viewer_apk/u0a62 (adj 15): empty #44
V/PanelView( 3041): animationTick called with dtms=0; nothing to do (h=2560.0 v=-4000.0)
V/RecentsWindow( 3041): hide mShowing = false
D/SensorService( 2822): -0.0 0.3 10.0 E/SmartFaceService - 3rd party pause( 2822): onReceive, ACTION_STATUS_BAR_COLLAPSED: false
D/SSRMv2:TSP:AirViewOnOff( 2822): SettingsAirViewInfo:: 000000000
D/KeyguardUpdateMonitor( 3041): sendKeyguardVisibilityChanged(true)
D/KeyguardUpdateMonitor( 3041): handleKeyguardVisibilityChanged(1)
I/Process (16555): Sending signal. PID: 16555 SIG: 9
V/Vibrator( 2822): Called cancel() API - PUID: 1000, PackageName: android
W/Vibrator( 2822): Vibrator.cancel()
D/STATUSBAR-PhoneStatusBar( 3041): makeExpandedInvisible
D/STATUSBAR-PhoneStatusBar( 3041): Mini Controller text scroll : OFF
D/STATUSBAR-QuickSettingPanel( 3041): setSingleLine:true
D/STATUSBAR-QuickSettingPanel( 3041): updateButtonInfo mButtonWidth : 266 mColumnNumber:6 orien: 1
D/VibratorService( 2822): ImmVibe vibratorOff()
D/LightsService( 2822): [api] [SvcLED] turnOff:: id = 4 (uid: 10016 pid: 3041)
D/LightsService( 2822): [SvcLED] setSvcLedStateLocked:: SvcLEDState : 0x0 -> 0x0 | SvcLED(id=4) set Off
D/LightsService( 2822): [SvcLED] Lux failed to be updated in 700ms. -> handleForcedSvcLEDTasK
D/LightsService( 2822): [SvcLED] setSvcLedLightLocked :: Current SvcLED(id=4) maintains its priority right
W/ContextImpl( 2822): Calling a method in the system process without a qualified user: android.app.ContextImpl.sendBroadcast:1510 com.android.server.StatusBarManagerService.sendNotification:990 com.android.server.StatusBarManagerService.removeNotification:715 com.android.server.NotificationManagerService.cancelNotificationLocked:2461 com.android.server.NotificationManagerService.cancelAll:2758
D/NotificationService( 2822): cancelNotificationLocked
D/NotificationService( 2822): hasClearableItems
D/NotificationService( 2822): Num of hasClearableItems : 1
D/NotificationService( 2822): cancelNotificationLocked
D/NotificationService( 2822): hasClearableItems
D/NotificationService( 2822): has clearable items no
D/NotificationService( 2822): cancelNotificationLocked: cancel alarm
D/NotificationService( 2822): cancelNotificationLocked: cancel alarm
D/NotificationService( 2822): onClearAll: cancel alarm
D/STATUSBAR-StatusBarManagerService( 2822): sendNotification(3) - 17303553
W/ContextImpl( 2822): Calling a method in the system process without a qualified user: android.app.ContextImpl.sendBroadcast:1510 com.android.server.StatusBarManagerService.sendNotification:990 com.android.server.StatusBarManagerService.removeNotification:715 com.android.server.NotificationManagerService.cancelNotificationLocked:2461 com.android.server.NotificationManagerService.cancelAll:2758
D/STATUSBAR-StatusBarManagerService( 2822): sendNotification(3) - 874755343
D/LightsService( 2822): [api] [SvcLED] turnOff:: id = 4 (uid: 10016 pid: 3041)
D/LightsService( 2822): [SvcLED] setSvcLedStateLocked:: SvcLEDState : 0x0 -> 0x0 | SvcLED(id=4) set Off
D/LightsService( 2822): [SvcLED] Lux failed to be updated in 700ms. -> handleForcedSvcLEDTasK
D/LightsService( 2822): [SvcLED] setSvcLedLightLocked :: Current SvcLED(id=4) maintains its priority right
I/SpenGestureManager( 2822): setFocusWindow21065
D/KeyguardUpdateMonitor( 3041): sendKeyguardVisibilityChanged(true)
I/ActivityManager( 2822): Process com.sec.yosemite.tab (pid 16555) (adj 0) has died.
D/STATUSBAR-StatusBarManagerService( 2822): manageDisableList what=0x0 pkg=WindowManager.LayoutParams
D/KeyguardUpdateMonitor( 3041): sendKeyguardVisibilityChanged(true)
D/PointerIcon( 2822): setMouseIconStyle1 pointerType: 1001iconType:101 flag:0
D/PointerIcon( 2822): setMouseCustomIcon IconType is same.101
D/PointerIcon( 2822): setHoveringSpenIconStyle1 pointerType: 10001iconType:1 flag:0
D/PointerIcon( 2822): setHoveringSpenCustomIcon IconType is same.1
W/InputMethodManagerService( 2822): Window already focused, ignoring focus gain of: com.android.internal.view.IInputMethodClient$Stub$Proxy@44edbc28 attribute=null, token = android.os.BinderProxy@46f56c28
D/mali_winsys( 3041): new_window_surface returns 0x3000
D/KeyguardUpdateMonitor( 3041): handleKeyguardVisibilityChanged(1)
D/KeyguardUpdateMonitor( 3041): handleKeyguardVisibilityChanged(1)
D/STATUSBAR-IconMerger( 3041): checkOverflow(1200), More:false, Req:false Child:1
I/display ( 2289): [DYNAMIC_RECOMP] HWC_2_GLES by low FPS(0)
D/TP/MmsSmsProvider( 3228): update uri: content://mms-sms/db_synchronization
V/TP/MmsSmsProvider( 3228): syncDBData start
V/TP/MmsSmsProvider( 3228): syncDBData sms end
V/TP/MmsSmsProvider( 3228): syncDBData mms end
D/TP/MmsSmsProvider( 3228): match 0:Elapsed time : 6.695 ms
V/TP/MmsSmsProvider( 3228): syncDBData end
D/TP/MmsSmsProvider( 3228): match 6:Elapsed time : 3.514 ms
I/wpa_supplicant( 8301): nl80211: Received scan results (38 BSSes)
D/Tethering( 2822): interfaceLinkStateChanged wlan0, true
D/Tethering( 2822): interfaceStatusChanged wlan0, true
I/wpa_supplicant( 8301): wlan0: Setting scan request: 64 sec 0 usec
I/wpa_supplicant( 8301): wlan0: CTRL-EVENT-NO-CONNECTION
I/wpa_supplicant( 8301): wlan0: Setting scan request: 64 sec 0 usec
D/WifiP2pService( 2822): InactiveState{ what=147461 }
D/WifiP2pService( 2822): P2pEnabledState{ what=147461 }
D/WifiP2pService( 2822): DefaultState{ what=147461 }
D/DisplayPowerController( 2822): applyLightSensorMeasurementSEC : mIsLockZone = true
D/SensorService( 2822): [AR] 2.6 -6.4 8.3
D/SensorService( 2822): ScreenOrientationSensor::Rotation Old->New [255 -> 2]
V/WindowOrientationListener( 2822): Rotation Sensor : x=2.0
V/WindowOrientationListener( 2822): Proposed rotation changed! proposedRotation=2currentRotation = 0
V/WindowOrientationListener( 2822): ScreenOrientationEventListenerImpl.getProposedRotationLocked, Rotation: 2
V/WindowOrientationListener( 2822): ScreenOrientationEventListenerImpl.getProposedRotationLocked, Rotation: 2
V/WindowManager( 2822): rotationForOrientationLw(orient=-1, last=0); user=0 sensorRotation=2 mLidState=-1 mDockMode=0 mHdmiPlugged=false mAccelerometerDefault=false gripRotationLock=false
D/SamsungWindowManager( 2822): setRotationLw() : rotation=2
D/SSRMv2:TSP:AirViewOnOff( 2822): SettingsAirViewInfo:: 000000000
D/CustomFrequencyManagerService( 2822): acquireDVFSLockLocked : type : DVFS_MIN_LIMIT frequency : 1900000 uid : 1000 pid : 2822 pkgName : ROTATION_BOOSTER@27
D/InputDispatcher( 2822): setInputDispatchMode: enabled=1, frozen=1
I/SurfaceFlinger( 2289): id=4957 createSurf (1600x2560),2 flag=404, TcreenshotS
I/SurfaceFlinger( 2289): Orientation 0=>2
D/KeyguardUpdateMonitor( 3041): sendKeyguardVisibilityChanged(true)
D/KeyguardUpdateMonitor( 3041): handleKeyguardVisibilityChanged(1)
I/InputReader( 2822): Reconfiguring input devices. changes=0x00000004
I/InputReader( 2822): Device reconfigured: id=4, name='sec_touchscreen', size 1600x2560, orientation 2, mode 1, display id 0
D/KeyguardUpdateMonitor( 3041): sendKeyguardVisibilityChanged(true)
D/KeyguardUpdateMonitor( 3041): handleKeyguardVisibilityChanged(1)
D/SensorService( 2822): [AR] 4.1 2.9 8.6
D/SensorService( 2822): ScreenOrientationSensor::Rotation Old->New [2 -> 1]
V/WindowOrientationListener( 2822): Rotation Sensor : x=1.0
V/WindowOrientationListener( 2822): Proposed rotation changed! proposedRotation=1currentRotation = 2
D/KeyguardUpdateMonitor( 3041): sendKeyguardVisibilityChanged(true)
D/KeyguardUpdateMonitor( 3041): handleKeyguardVisibilityChanged(1)
I/SurfaceFlinger( 2289): id=4958 createSurf (3200x2560),-1 flag=20004, ClackSurfac
I/SurfaceFlinger( 2289): id=4959 createSurf (1600x5120),-1 flag=20004, ClackSurfac
I/SurfaceFlinger( 2289): id=4960 createSurf (3200x2560),-1 flag=20004, ClackSurfac
I/SurfaceFlinger( 2289): id=4961 createSurf (1600x5120),-1 flag=20004, ClackSurfac
D/InputDispatcher( 2822): setInputDispatchMode: enabled=1, frozen=0
I/WindowManager( 2822): Screen frozen for +56ms due to Window{42257560 u0 com.twitter.android/com.twitter.android.RootTweetActivity}
D/KeyguardUpdateMonitor( 3041): sendKeyguardVisibilityChanged(true)
D/KeyguardUpdateMonitor( 3041): handleKeyguardVisibilityChanged(1)
I/display ( 2289): [DYNAMIC_RECOMP] GLES_2_HWC by BW check
D/SensorService( 2822): 2.8 2.4 10.5
D/SensorService( 2822): [AR] 2.8 2.4 10.5
D/SensorService( 2822): ScreenOrientationSensor::Rotation Old->New [1 -> 255]
D/SensorService( 2822): [AR] 7.0 2.0 8.2
D/SensorService( 2822): ScreenOrientationSensor::Rotation Old->New [255 -> 1]
V/WindowOrientationListener( 2822): Rotation Sensor : x=1.0
V/WindowOrientationListener( 2822): Proposed rotation changed! proposedRotation=1currentRotation = 2
D/KeyguardUpdateMonitor( 3041): sendKeyguardVisibilityChanged(true)
D/KeyguardUpdateMonitor( 3041): handleKeyguardVisibilityChanged(1)
D/hwcutils( 2289): MppFactory::MppFactory()
D/ ( 2289): virtual LibMpp* MppFactory::CreateMpp(int, int, int, int)(6)
D/libexynosgscaler( 2289): LibMpp::LibMpp()
D/hwcutils( 2289): MppFactory::MppFactory()
D/ ( 2289): virtual LibMpp* MppFactory::CreateMpp(int, int, int, int)(6)
D/libexynosgscaler( 2289): LibMpp::LibMpp()
I/SurfaceFlinger( 2289): id=4957 Removed TcreenshotS (27/31)
I/SurfaceFlinger( 2289): id=4957 Removed TcreenshotS (-2/31)
I/SurfaceFlinger( 2289): id=4958 Removed ClackSurfac (27/30)
I/SurfaceFlinger( 2289): id=4958 Removed ClackSurfac (-2/30)
I/SurfaceFlinger( 2289): id=4959 Removed ClackSurfac (27/29)
I/SurfaceFlinger( 2289): id=4959 Removed ClackSurfac (-2/29)
I/SurfaceFlinger( 2289): id=4960 Removed ClackSurfac (27/28)
I/SurfaceFlinger( 2289): id=4960 Removed ClackSurfac (-2/28)
I/SurfaceFlinger( 2289): id=4961 Removed ClackSurfac (27/27)
I/SurfaceFlinger( 2289): id=4961 Removed ClackSurfac (-2/27)
D/KeyguardUpdateMonitor( 3041): sendKeyguardVisibilityChanged(true)
D/KeyguardUpdateMonitor( 3041): handleKeyguardVisibilityChanged(1)
V/WindowOrientationListener( 2822): ScreenOrientationEventListenerImpl.getProposedRotationLocked, Rotation: 1
V/WindowOrientationListener( 2822): ScreenOrientationEventListenerImpl.getProposedRotationLocked, Rotation: 1
V/WindowManager( 2822): rotationForOrientationLw(orient=-1, last=2); user=0 sensorRotation=1 mLidState=-1 mDockMode=0 mHdmiPlugged=false mAccelerometerDefault=false gripRotationLock=false
D/SamsungWindowManager( 2822): setRotationLw() : rotation=1
D/InputDispatcher( 2822): setInputDispatchMode: enabled=1, frozen=1
D/SSRMv2:TSP:AirViewOnOff( 2822): SettingsAirViewInfo:: 000000000
D/CustomFrequencyManagerService( 2822): releaseDVFSLockLocked : Getting Lock type frm List : DVFS_MIN_LIMIT frequency : 1900000 uid : 1000 pid : 2822 tag : ROTATION_BOOSTER@27
D/CustomFrequencyManagerService( 2822): acquireDVFSLockLocked : type : DVFS_MIN_LIMIT frequency : 1900000 uid : 1000 pid : 2822 pkgName : ROTATION_BOOSTER@27
I/SurfaceFlinger( 2289): id=4962 createSurf (1600x2560),2 flag=404, TcreenshotS
I/SurfaceFlinger( 2289): Orientation 2=>1
D/libexynosgscaler( 2289): virtual CGscaler::~CGscaler()
D/libexynosgscaler( 2289): virtual LibMpp::~LibMpp()
D/ ( 2289): virtual MppFactory::~MppFactory()
D/libexynosgscaler( 2289): virtual CGscaler::~CGscaler()
D/libexynosgscaler( 2289): virtual LibMpp::~LibMpp()
D/ ( 2289): virtual MppFactory::~MppFactory()
I/InputReader( 2822): Reconfiguring input devices. changes=0x00000004
I/InputReader( 2822): Device reconfigured: id=4, name='sec_touchscreen', size 1600x2560, orientation 1, mode 1, display id 0
I/InputReader( 2822): Reconfiguring input devices. changes=0x00000004
I/ActivityManager( 2822): Config changes=480 {0 1.0 ?mcc?mnc en_GB ldltr sw800dp w1280dp h775dp 320dpi xlrg land finger -keyb/v/h -nav/h s.228}
I/SamsungIME( 3456): [Before] hardKeyboardHidden(2) keyboardType(1)
I/SamsungIME( 3456): mHwKeyboardShown [isHWKeyboardOpen()] = false --> false
E/SamsungIME( 3456): isHWKeyboardConnected() = false --> false
I/SamsungIME( 3456): [hasToCallSuper] true
D/KeyguardUpdateMonitor( 3041): sendKeyguardVisibilityChanged(true)
D/PhoneStatusBar( 3041): mSettingsPanelGravity = 8388661
D/KeyguardUpdateMonitor( 3041): handleKeyguardVisibilityChanged(1)
D/PhoneStatusBarView( 3041): marqueeStatusBar:12-2, mClearCover:0
D/STATUSBAR-IconMerger( 3041): checkOverflow(1200), More:false, Req:false Child:1
D/briefing( 5277): [Briefing]>>> MWRP:100 [0:0] onConfigurationChanged >>>>
D/CenterBarWindow( 8169): onConfigurationChanged point = Point(1280, 800)
D/AudioHardwareTinyALSA( 2293): AudioHardware::getParameters(keys="call_forwarding")
D/AudioHardwareTinyALSA( 2293): AudioHardwareALSA::getParameters() call_forwarding=
I/str_params( 2293): key: 'call_forwarding' value: ''
D/PhoneApp( 3228): updateProximitySensorMode: lock already released.
V/WindowOrientationListener( 2822): ScreenOrientationEventListenerImpl.getProposedRotationLocked, Rotation: 1
V/WindowOrientationListener( 2822): ScreenOrientationEventListenerImpl.getProposedRotationLocked, Rotation: 1
D/KeyguardUpdateMonitor( 3041): sendKeyguardVisibilityChanged(true)
V/WindowManager( 2822): rotationForOrientationLw(orient=-1, last=1); user=0 sensorRotation=1 mLidState=-1 mDockMode=0 mHdmiPlugged=false mAccelerometerDefault=false gripRotationLock=false
E/Tethering( 2822): No numeric data
I/AudioService( 2822): getStreamVolume 2 index 10
D/ExtSeekBar( 2822): setProgress = 0
D/ExtSeekBar( 2822): setProgress = 0, fromUser = false, isEnableChangeColor() = false
D/ExtSeekBar( 2822): updateDrawable this.mThumb = android.graphics.drawable.StateListDrawable@4335c3e8, msetDrawable = android.graphics.drawable.LayerDrawable@4312bf20, mOffsetThumb = 36
D/ExtSeekBar( 2822): updateDrawable getProgress() = 0, getMax() = 15GeneralUtil.isTablet() = true
D/ProgressBar( 2822): setProgressDrawable drawableHeight = 14
I/AudioService( 2822): getStreamVolume 3 index 60
D/ExtSeekBar( 2822): setProgress = 6
D/ExtSeekBar( 2822): setProgress = 6, fromUser = false, isEnableChangeColor() = false
D/ExtSeekBar( 2822): updateDrawable this.mThumb = android.graphics.drawable.StateListDrawable@43165918, msetDrawable = android.graphics.drawable.LayerDrawable@44024b40, mOffsetThumb = 36
D/ExtSeekBar( 2822): updateDrawable getProgress() = 6, getMax() = 15GeneralUtil.isTablet() = true
D/ProgressBar( 2822): setProgressDrawable drawableHeight = 14
I/AudioService( 2822): getStreamVolume 5 index 70
D/ExtSeekBar( 2822): setProgress = 0
D/ExtSeekBar( 2822): setProgress = 0, fromUser = false, isEnableChangeColor() = false
D/ExtSeekBar( 2822): updateDrawable this.mThumb = android.graphics.drawable.StateListDrawable@4251f9f8, msetDrawable = android.graphics.drawable.LayerDrawable@42d45f28, mOffsetThumb = 36
D/ExtSeekBar( 2822): updateDrawable getProgress() = 0, getMax() = 15GeneralUtil.isTablet() = true
D/ProgressBar( 2822): setProgressDrawable drawableHeight = 14
E/SmartFaceService( 2822): onReceive: android.intent.action.CONFIGURATION_CHANGED
E/SmartFaceService( 2822): mFolderCoverOpened: (true, true) -> true
I/AudioService( 2822): getStreamVolume 1 index 110
D/ExtSeekBar( 2822): setProgress = 0
D/ExtSeekBar( 2822): setProgress = 0, fromUser = false, isEnableChangeColor() = false
D/ExtSeekBar( 2822): updateDrawable this.mThumb = android.graphics.drawable.StateListDrawable@4323bf58, msetDrawable = android.graphics.drawable.LayerDrawable@430e3d88, mOffsetThumb = 36
D/ExtSeekBar( 2822): updateDrawable getProgress() = 0, getMax() = 15GeneralUtil.isTablet() = true
D/ProgressBar( 2822): setProgressDrawable drawableHeight = 14
D/STATUSBAR-QuickSettingPanel( 3041): setSingleLine:true
D/STATUSBAR-QuickSettingPanel( 3041): updateButtonInfo mButtonWidth : 266 mColumnNumber:6 orien: 2
D/STATUSBAR-QuickSettingPanel( 3041): onConfigurationChanged - dynamicallyReduceTextSize
D/STATUSBAR-QuickSettingButton( 3041): dynamicallyReduceTextSize: 266
D/STATUSBAR-QuickSettingButton( 3041): dynamicallyReduceTextSize: 266
D/STATUSBAR-QuickSettingButton( 3041): dynamicallyReduceTextSize: 266
D/STATUSBAR-QuickSettingButton( 3041): dynamicallyReduceTextSize: 266
D/STATUSBAR-QuickSettingButton( 3041): dynamicallyReduceTextSize: 266
D/STATUSBAR-QuickSettingButton( 3041): dynamicallyReduceTextSize: 266
D/STATUSBAR-QuickSettingButton( 3041): dynamicallyReduceTextSize: 266
D/STATUSBAR-QuickSettingButton( 3041): dynamicallyReduceTextSize: 266
D/STATUSBAR-QuickSettingButton( 3041): dynamicallyReduceTextSize: 266
D/STATUSBAR-QuickSettingButton( 3041): dynamicallyReduceTextSize: 266
D/KeyguardUpdateMonitor( 3041): handleKeyguardVisibilityChanged(1)
D/KeyguardUpdateMonitor( 3041): sendKeyguardVisibilityChanged(true)
D/STATUSBAR-QuickSettingButton( 3041): dynamicallyReduceTextSize: 266
D/STATUSBAR-QuickSettingButton( 3041): dynamicallyReduceTextSize: 266
D/STATUSBAR-QuickSettingButton( 3041): dynamicallyReduceTextSize: 266
D/STATUSBAR-QuickSettingButton( 3041): dynamicallyReduceTextSize: 266
D/STATUSBAR-QuickSettingButton( 3041): dynamicallyReduceTextSize: 266
D/STATUSBAR-QuickSettingButton( 3041): dynamicallyReduceTextSize: 266
D/STATUSBAR-QuickSettingButton( 3041): dynamicallyReduceTextSize: 266
D/STATUSBAR-QuickSettingButton( 3041): dynamicallyReduceTextSize: 266
D/STATUSBAR-QuickSettingButton( 3041): dynamicallyReduceTextSize: 266
D/STATUSBAR-QuickSettingButton( 3041): dynamicallyReduceTextSize: 266
D/STATUSBAR-QuickSettingButton( 3041): dynamicallyReduceTextSize: 266
D/STATUSBAR-QuickSettingButton( 3041): dynamicallyReduceTextSize: 266
D/STATUSBAR-NetworkController( 3041): onReceive() - ACTION_CONFIGURATION_CHANGED
D/accuweather( 4542): [AccuTab_Magagine]>>> WCS:171 [0:0] action : androidintentactionCONFIGURATION_CHANGED
D/KeyguardUpdateMonitor( 3041): sendKeyguardVisibilityChanged(true)
D/STATUSBAR-NetworkController( 3041): Nothing, mRoamingIconId = 0
D/KeyguardUpdateMonitor( 3041): sendKeyguardVisibilityChanged(true)
D/KeyguardUpdateMonitor( 3041): sendKeyguardVisibilityChanged(true)
D/mali_winsys( 3041): new_window_surface returns 0x3000
D/KeyguardUpdateMonitor( 3041): sendKeyguardVisibilityChanged(true)
I/MultiUserPreferences( 8169): openUserData
D/STATUSBAR-IconMerger( 3041): checkOverflow(2160), More:false, Req:false Child:1
I/MultiUserPreferences( 8169): validate
I/MultiUserPreferences( 8169): writeElement
I/MultiUserPreferences( 8169): commit
D/KeyguardUpdateMonitor( 3041): handleKeyguardVisibilityChanged(1)
D/KeyguardUpdateMonitor( 3041): handleKeyguardVisibilityChanged(1)
D/KeyguardUpdateMonitor( 3041): handleKeyguardVisibilityChanged(1)
D/KeyguardUpdateMonitor( 3041): handleKeyguardVisibilityChanged(1)
D/KeyguardUpdateMonitor( 3041): sendKeyguardVisibilityChanged(true)
D/accuweather( 4542): [AccuTab_Magagine]>>> WC:29 [0:0] action : actionCONFIGURATION_CHANGED
D/accuweather( 4542): [AccuTab_Magagine]>>> UIMK:218 [0:0] action:actionCONFIGURATION_CHANGED E/com.sec.android.app.sbrowser.placeholder.controller.PlaceHolderContentViewRenderViewAdapter( 3804): APPLOGS: configHasChanged w=2560 h=1380
D/KeyguardUpdateMonitor( 3041): sendKeyguardVisibilityChanged(true) E/com.sec.android.app.sbrowser.placeholder.controller.PlaceHolderContentViewRenderViewAdapter( 3804): APPLOGS: configHasChanged updating dimensions for XLarge UI w =2560 h =1380 widthCache =1280.0 heightCache =690.0
D/SbrContentView( 3804): onConfigurationChanged
D/KeyguardUpdateMonitor( 3041): handleKeyguardVisibilityChanged(1)
D/KeyguardUpdateMonitor( 3041): handleKeyguardVisibilityChanged(1)
D/KeyguardUpdateMonitor( 3041): handleKeyguardVisibilityChanged(1)
D/mali_winsys(14109): new_window_surface returns 0x3000
D/KeyguardUpdateMonitor( 3041): sendKeyguardVisibilityChanged(true)
D/KeyguardUpdateMonitor( 3041): handleKeyguardVisibilityChanged(1)
I/MultiWindowTrayInfo( 8169): getAppCnt
I/MultiWindowTrayInfo( 8169): makeInstancebadgeForGridView
I/MultiWindowTrayInfo( 8169): getAppCnt
I/MultiWindowTrayInfo( 8169): makeInstancebadgeForGridView
D/KeyguardUpdateMonitor( 3041): sendKeyguardVisibilityChanged(true)
D/KeyguardUpdateMonitor( 3041): handleKeyguardVisibilityChanged(1)
D/KeyguardUpdateMonitor( 3041): sendKeyguardVisibilityChanged(true)
D/KeyguardUpdateMonitor( 3041): handleKeyguardVisibilityChanged(1)
D/mali_winsys( 8169): new_window_surface returns 0x3000
D/KeyguardUpdateMonitor( 3041): sendKeyguardVisibilityChanged(true)
D/KeyguardUpdateMonitor( 3041): handleKeyguardVisibilityChanged(1)
D/KeyguardUpdateMonitor( 3041): sendKeyguardVisibilityChanged(true)
D/KeyguardUpdateMonitor( 3041): handleKeyguardVisibilityChanged(1)
I/MultiWindowTrayInfo( 8169): getAppCnt
I/MultiWindowTrayInfo( 8169): makeInstancebadgeForGridView
I/MultiWindowTrayInfo( 8169): getAppCnt
I/MultiWindowTrayInfo( 8169): makeInstancebadgeForGridView
D/KeyguardUpdateMonitor( 3041): sendKeyguardVisibilityChanged(true)
D/KeyguardUpdateMonitor( 3041): handleKeyguardVisibilityChanged(1)
I/SurfaceFlinger( 2289): id=4963 createSurf (3200x2560),-1 flag=20004, ClackSurfac
I/WindowManager( 2822): Screen frozen for +480ms due to Window{46f56ed0 u0 org.sigrok.pulseview/org.sigrok.pulseview.PulseViewActivity}
I/SurfaceFlinger( 2289): id=4964 createSurf (1600x5120),-1 flag=20004, ClackSurfac
I/SurfaceFlinger( 2289): id=4965 createSurf (3200x2560),-1 flag=20004, ClackSurfac
I/SurfaceFlinger( 2289): id=4966 createSurf (1600x5120),-1 flag=20004, ClackSurfac
D/InputDispatcher( 2822): setInputDispatchMode: enabled=1, frozen=0
D/KeyguardUpdateMonitor( 3041): sendKeyguardVisibilityChanged(true)
D/KeyguardUpdateMonitor( 3041): handleKeyguardVisibilityChanged(1)
D/KeyguardUpdateMonitor( 3041): sendKeyguardVisibilityChanged(true)
D/KeyguardUpdateMonitor( 3041): handleKeyguardVisibilityChanged(1)
D/hwcutils( 2289): MppFactory::MppFactory()
D/ ( 2289): virtual LibMpp* MppFactory::CreateMpp(int, int, int, int)(6)
D/libexynosgscaler( 2289): LibMpp::LibMpp()
D/SensorService( 2822): [AR] 7.2 -0.1 2.5
D/SensorService( 2822): ScreenOrientationSensor::Rotation Old->New [1 -> 255]
D/hwcutils( 2289): MppFactory::MppFactory()
D/ ( 2289): virtual LibMpp* MppFactory::CreateMpp(int, int, int, int)(6)
D/libexynosgscaler( 2289): LibMpp::LibMpp()
D/SensorService( 2822): [AR] 6.4 0.1 4.6
D/SensorService( 2822): ScreenOrientationSensor::Rotation Old->New [255 -> 1]
V/WindowOrientationListener( 2822): Rotation Sensor : x=1.0
I/SurfaceFlinger( 2289): id=4962 Removed TcreenshotS (27/31)
I/SurfaceFlinger( 2289): id=4962 Removed TcreenshotS (-2/31)
I/SurfaceFlinger( 2289): id=4963 Removed ClackSurfac (27/30)
I/SurfaceFlinger( 2289): id=4963 Removed ClackSurfac (-2/30)
I/SurfaceFlinger( 2289): id=4964 Removed ClackSurfac (27/29)
I/SurfaceFlinger( 2289): id=4964 Removed ClackSurfac (-2/29)
I/SurfaceFlinger( 2289): id=4965 Removed ClackSurfac (27/28)
I/SurfaceFlinger( 2289): id=4966 Removed ClackSurfac (27/27)
I/SurfaceFlinger( 2289): id=4965 Removed ClackSurfac (-2/27)
I/SurfaceFlinger( 2289): id=4966 Removed ClackSurfac (-2/27)
D/KeyguardUpdateMonitor( 3041): sendKeyguardVisibilityChanged(true)
D/KeyguardUpdateMonitor( 3041): handleKeyguardVisibilityChanged(1)
V/WindowOrientationListener( 2822): ScreenOrientationEventListenerImpl.getProposedRotationLocked, Rotation: 1
V/WindowOrientationListener( 2822): ScreenOrientationEventListenerImpl.getProposedRotationLocked, Rotation: 1
V/WindowManager( 2822): rotationForOrientationLw(orient=-1, last=1); user=0 sensorRotation=1 mLidState=-1 mDockMode=0 mHdmiPlugged=false mAccelerometerDefault=false gripRotationLock=false
D/SensorService( 2822): [AR] 5.8 0.1 4.5
D/SensorService( 2822): ScreenOrientationSensor::Rotation Old->New [1 -> 255]
I/display ( 2289): [DYNAMIC_RECOMP] HWC_2_GLES by low FPS(0)
D/libexynosgscaler( 2289): virtual CGscaler::~CGscaler()
D/libexynosgscaler( 2289): virtual LibMpp::~LibMpp()
D/ ( 2289): virtual MppFactory::~MppFactory()
D/libexynosgscaler( 2289): virtual CGscaler::~CGscaler()
D/libexynosgscaler( 2289): virtual LibMpp::~LibMpp()
D/ ( 2289): virtual MppFactory::~MppFactory()
D/DisplayPowerController( 2822): applyLightSensorMeasurementSEC : mIsLockZone = false
D/AmoledAdjustTimer( 2822): prevTemp = 229, currTemp = 227, prevStep = 4, currStep = 4
D/SSRMv2:SIOP( 2822): SIOP:: AP = 280, Delta = 20
D/CustomFrequencyManagerService( 2822): releaseDVFSLockLocked : Getting Lock type frm List : DVFS_MIN_LIMIT frequency : 1900000 uid : 1000 pid : 2822 tag : ROTATION_BOOSTER@27
D/SensorService( 2822): 0.0 0.2 9.8
D/dalvikvm( 2822): GC_EXPLICIT freed 6783K, 26% free 66380K/88648K, paused 24ms+12ms, total 301ms
D/BtGatt.btif( 4958): btif_gattc_upstreams_evt: Event 4096
D/BtGatt.GattService( 4958): onScanResult() - address=C4:B3:20:5B:4B:0F, rssi=-97
D/BluetoothAdapter( 4929): onScanResult() - Device=C4:B3:20:5B:4B:0F RSSI=-97
W/QuickConnect[1.1][2] ( 4929): BleHelper.getSConnectDataFromBLE - can not resolve length info
D/SensorService( 2822): 0.1 0.2 10.0
D/InputReader( 2822): Input event: value=1
I/InputReader( 2822): Touch event's action is 0x0 (deviceType=0) [pCnt=1, s=0.15467 ] when=428427324937000
I/InputDispatcher( 2822): Delivering touch to: action: 0x4, toolType: 1
I/InputDispatcher( 2822): Delivering touch to: action: 0x4, toolType: 1
I/InputDispatcher( 2822): Delivering touch to: action: 0x0, toolType: 1
D/STATUSBAR-NetworkController( 3041): onSignalStrengthsChanged signalStrength=SignalStrength: 17 -1 -1 -1 -1 -1 -1 99 2147483647 2147483647 2147483647 -1 2147483647 gsm|lte 0x4 level=4
D/STATUSBAR-NetworkController( 3041): Nothing, mRoamingIconId = 0
I/display ( 2289): [DYNAMIC_RECOMP] GLES_2_HWC by high FPS(8)
D/hwcutils( 2289): MppFactory::MppFactory()
D/ ( 2289): virtual LibMpp* MppFactory::CreateMpp(int, int, int, int)(6)
D/libexynosgscaler( 2289): LibMpp::LibMpp()
D/InputReader( 2822): Input event: value=0
I/InputReader( 2822): Touch event's action is 0x1 (deviceType=0) [pCnt=1, s=] when=428427935601000
I/InputDispatcher( 2822): Delivering touch to: action: 0x1, toolType: 1
D/SensorService( 2822): 0.1 0.2 10.0
I/display ( 2289): [DYNAMIC_RECOMP] HWC_2_GLES by low FPS(5)
D/libexynosgscaler( 2289): virtual CGscaler::~CGscaler()
D/libexynosgscaler( 2289): virtual LibMpp::~LibMpp()
D/ ( 2289): virtual MppFactory::~MppFactory()
D/InputReader( 2822): Input event: value=1
I/InputReader( 2822): Touch event's action is 0x0 (deviceType=0) [pCnt=1, s=0.15468 ] when=428429290612000
I/InputDispatcher( 2822): Delivering touch to: action: 0x4, toolType: 1
I/InputDispatcher( 2822): Delivering touch to: action: 0x4, toolType: 1
I/InputDispatcher( 2822): Delivering touch to: action: 0x0, toolType: 1
D/InputReader( 2822): Input event: value=0
I/InputReader( 2822): Touch event's action is 0x1 (deviceType=0) [pCnt=1, s=] when=428429381135000
I/InputDispatcher( 2822): Delivering touch to: action: 0x1, toolType: 1
W/Qt (14109): kernel/qplatformwindow.cpp:380 (virtual bool QPlatformWindow::setKeyboardGrabEnabled(bool)): This plugin does not support grabbing the keyboard
D/STATUSBAR-NetworkController( 3041): onSignalStrengthsChanged signalStrength=SignalStrength: 16 -1 -1 -1 -1 -1 -1 99 2147483647 2147483647 2147483647 -1 2147483647 gsm|lte 0x4 level=4
D/STATUSBAR-NetworkController( 3041): Nothing, mRoamingIconId = 0
D/InputReader( 2822): Input event: value=1
I/InputReader( 2822): Touch event's action is 0x0 (deviceType=0) [pCnt=1, s=0.15469 ] when=428431030568000
I/InputDispatcher( 2822): Delivering touch to: action: 0x4, toolType: 1
I/InputDispatcher( 2822): Delivering touch to: action: 0x4, toolType: 1
I/InputDispatcher( 2822): Delivering touch to: action: 0x0, toolType: 1
D/InputReader( 2822): Input event: value=0
I/InputReader( 2822): Touch event's action is 0x1 (deviceType=0) [pCnt=1, s=] when=428431107737000
I/InputDispatcher( 2822): Delivering touch to: action: 0x1, toolType: 1
D/SensorService( 2822): 0.1 0.1 10.1
D/InputReader( 2822): Input event: value=1
I/InputReader( 2822): Touch event's action is 0x0 (deviceType=0) [pCnt=1, s=0.15470 ] when=428431155069000
I/InputDispatcher( 2822): Delivering touch to: action: 0x4, toolType: 1
I/InputDispatcher( 2822): Delivering touch to: action: 0x4, toolType: 1
I/InputDispatcher( 2822): Delivering touch to: action: 0x0, toolType: 1
W/Qt (14109): kernel/qplatformwindow.cpp:380 (virtual bool QPlatformWindow::setKeyboardGrabEnabled(bool)): This plugin does not support grabbing the keyboard
D/AmoledAdjustTimer( 2822): prevTemp = 227, currTemp = 227, prevStep = 4, currStep = 4
D/SSRMv2:SIOP( 2822): SIOP:: AP = 270, Delta = -10
I/display ( 2289): [DYNAMIC_RECOMP] GLES_2_HWC by high FPS(59)
D/hwcutils( 2289): MppFactory::MppFactory()
D/ ( 2289): virtual LibMpp* MppFactory::CreateMpp(int, int, int, int)(6)
D/libexynosgscaler( 2289): LibMpp::LibMpp()
D/PowerManagerService( 2822): [api] userActivityFromNative : 20 (event: 2 flags: 0) eventTime = 428432063
D/STATUSBAR-NetworkController( 3041): onSignalStrengthsChanged signalStrength=SignalStrength: 14 -1 -1 -1 -1 -1 -1 99 2147483647 2147483647 2147483647 -1 2147483647 gsm|lte 0x4 level=4
D/STATUSBAR-NetworkController( 3041): Nothing, mRoamingIconId = 0
I/display ( 2289): [DYNAMIC_RECOMP] HWC_2_GLES by low FPS(0)
D/libexynosgscaler( 2289): virtual CGscaler::~CGscaler()
D/libexynosgscaler( 2289): virtual LibMpp::~LibMpp()
D/ ( 2289): virtual MppFactory::~MppFactory()
I/display ( 2289): [DYNAMIC_RECOMP] GLES_2_HWC by high FPS(43)
D/hwcutils( 2289): MppFactory::MppFactory()
D/ ( 2289): virtual LibMpp* MppFactory::CreateMpp(int, int, int, int)(6)
D/libexynosgscaler( 2289): LibMpp::LibMpp()
I/display ( 2289): [DYNAMIC_RECOMP] HWC_2_GLES by low FPS(7)
D/libexynosgscaler( 2289): virtual CGscaler::~CGscaler()
D/libexynosgscaler( 2289): virtual LibMpp::~LibMpp()
D/ ( 2289): virtual MppFactory::~MppFactory()
D/InputReader( 2822): Input event: value=0
I/InputReader( 2822): Touch event's action is 0x1 (deviceType=0) [pCnt=1, s=] when=428434038393000
I/InputDispatcher( 2822): Delivering touch to: action: 0x1, toolType: 1
D/SensorService( 2822): 0.1 0.1 10.0
D/InputReader( 2822): Input event: value=1
I/InputReader( 2822): Touch event's action is 0x0 (deviceType=0) [pCnt=1, s=0.15471 ] when=428434517894000
I/InputDispatcher( 2822): Delivering touch to: action: 0x4, toolType: 1
I/InputDispatcher( 2822): Delivering touch to: action: 0x4, toolType: 1
I/InputDispatcher( 2822): Delivering touch to: action: 0x0, toolType: 1
D/InputReader( 2822): Input event: value=0
I/InputReader( 2822): Touch event's action is 0x1 (deviceType=0) [pCnt=1, s=] when=428434597232000
I/InputDispatcher( 2822): Delivering touch to: action: 0x1, toolType: 1
F/Qt (14109): global/qglobal.cpp:2127 (void qt_assert(const char*, const char*, int)): ASSERT: "d" in file thread/qmutex_linux.cpp, line 225
F/libc (14109): Fatal signal 6 (SIGABRT) at 0x0000371d (code=-6), thread 16610 (igrok.pulseview)
I/SELinux ( 2288): Function: selinux_android_load_priority [0], There is no sepolicy file.
I/SELinux ( 2288):
I/SELinux ( 2288): Function: selinux_android_load_priority , spota verifySig and checkHash pass. priority version is VE=SEPF_SM-T705_4.4.2_0040
I/SELinux ( 2288):
I/SELinux ( 2288):
I/SELinux ( 2288): get_selabel_handle: file_contexts is loaded from /data/security/spota/file_contexts
I/DEBUG ( 2288): *** *** *** *** *** *** *** *** *** *** *** *** *** *** *** ***
I/DEBUG ( 2288): Build fingerprint: 'samsung/klimtltexx/klimtlte:4.4.2/KOT49H/T705XXU1ANF8:user/release-keys'
I/DEBUG ( 2288): Revision: '10'
I/DEBUG ( 2288): pid: 14109, tid: 16610, name: igrok.pulseview >>> org.sigrok.pulseview <<<
I/DEBUG ( 2288): signal 6 (SIGABRT), code -6 (SI_TKILL), fault addr --------
I/DEBUG ( 2288): r0 00000000 r1 000040e2 r2 00000006 r3 00000000
I/DEBUG ( 2288): r4 00000006 r5 00000016 r6 000040e2 r7 0000010c
I/DEBUG ( 2288): r8 00000000 r9 7dc6b008 sl 7a87a850 fp 7b6fe8f4
I/DEBUG ( 2288): ip 7a87a8d4 sp 7b6fe880 lr 400490e1 pc 400582d0 cpsr 00030010
I/DEBUG ( 2288): d0 3220656e696c202c d1 2f64616572687420
I/DEBUG ( 2288): d2 6c5f786574756d71 d3 7070632e78756e69
I/DEBUG ( 2288): d4 00200065006c0069 d5 0065007200680074
I/DEBUG ( 2288): d6 0071002f00640061 d7 006500740075006d
I/DEBUG ( 2288): d8 0000000000000000 d9 0000000000000000
I/DEBUG ( 2288): d10 0000000000000000 d11 0000000000000000
I/DEBUG ( 2288): d12 0000000000000000 d13 0000000000000000
I/DEBUG ( 2288): d14 0000000000000000 d15 0000000000000000
I/DEBUG ( 2288): d16 3f4a0bbf65bfdac0 d17 3fb8722191a02e90
I/DEBUG ( 2288): d18 3f8106d057544f67 d19 be5ae1967b14b18b
I/DEBUG ( 2288): d20 bfd3a13d5da53962 d21 3f83f30ab042639b
I/DEBUG ( 2288): d22 3ffe1e2360e02faf d23 bfa46c950102f3ff
I/DEBUG ( 2288): d24 bfe5845940ef5807 d25 3f4a2c0866c25109
I/DEBUG ( 2288): d26 3fc41b2f769cf1a0 d27 3fb3b8c5b12e9282
I/DEBUG ( 2288): d28 c001bba3bb659056 d29 3f8addd464144a00
I/DEBUG ( 2288): d30 3f910a450deb9f89 d31 3fa1a9931eb697ff
I/DEBUG ( 2288): scr 60000010
I/DEBUG ( 2288):
I/DEBUG ( 2288): backtrace:
I/DEBUG ( 2288): #00 pc 000222d0 /system/lib/libc.so (tgkill+12)
I/DEBUG ( 2288): #01 pc 000130dd /system/lib/libc.so (pthread_kill+48)
I/DEBUG ( 2288): #02 pc 000132f1 /system/lib/libc.so (raise+10)
I/DEBUG ( 2288): #03 pc 00012027 /system/lib/libc.so
I/DEBUG ( 2288): #04 pc 00021b84 /system/lib/libc.so (abort+4)
I/DEBUG ( 2288): #05 pc 000893a4 /data/app-lib/org.sigrok.pulseview-1/libQt5Core.so (qt_message_fatal(QtMsgType, QMessageLogContext const&, QString const&)+24)
I/DEBUG ( 2288): #06 pc 00086390 /data/app-lib/org.sigrok.pulseview-1/libQt5Core.so (QMessageLogger::fatal(char const*, ...) const+92)
I/DEBUG ( 2288):
I/DEBUG ( 2288): stack:
I/DEBUG ( 2288): 7b6fe840 00000000
I/DEBUG ( 2288): 7b6fe844 78b137f4 /data/app-lib/org.sigrok.pulseview-1/libQt5Core.so (QArrayData::deallocate(QArrayData*, unsigned int, unsigned int)+204)
I/DEBUG ( 2288): 7b6fe848 40045ed5 /system/lib/libc.so (dlmalloc)
I/DEBUG ( 2288): 7b6fe84c 00000004
I/DEBUG ( 2288): 7b6fe850 00000002
I/DEBUG ( 2288): 7b6fe854 84249b40
I/DEBUG ( 2288): 7b6fe858 7b6fe86c [stack:16610]
I/DEBUG ( 2288): 7b6fe85c 78ae716c /data/app-lib/org.sigrok.pulseview-1/libQt5Core.so (QTypedArrayData::deallocate(QArrayData*)+32)
I/DEBUG ( 2288): 7b6fe860 84249bc8
I/DEBUG ( 2288): 7b6fe864 84249b40
I/DEBUG ( 2288): 7b6fe868 7b6fe87c [stack:16610]
I/DEBUG ( 2288): 7b6fe86c 78ae5a04 /data/app-lib/org.sigrok.pulseview-1/libQt5Core.so (QString::~QString()+68)
I/DEBUG ( 2288): 7b6fe870 00000000
I/DEBUG ( 2288): 7b6fe874 7b6fe890 [stack:16610]
I/DEBUG ( 2288): 7b6fe878 400801d8 /system/lib/libc.so
I/DEBUG ( 2288): 7b6fe87c 72b8bd90
I/DEBUG ( 2288): #00 7b6fe880 00000006
I/DEBUG ( 2288): 7b6fe884 00000016
I/DEBUG ( 2288): 7b6fe888 000040e2
I/DEBUG ( 2288): 7b6fe88c 7a87a8d4 [stack:14123]
I/DEBUG ( 2288): 7b6fe890 7a87a8d4 [stack:14123]
I/DEBUG ( 2288): 7b6fe894 400490e1 /system/lib/libc.so (pthread_kill+52)
I/DEBUG ( 2288): #01 7b6fe898 00000006
I/DEBUG ( 2288): 7b6fe89c 00000000
I/DEBUG ( 2288): 7b6fe8a0 00000000
I/DEBUG ( 2288): 7b6fe8a4 400492f5 /system/lib/libc.so (raise+14)
I/DEBUG ( 2288): #02 7b6fe8a8 7b6fe8b4 [stack:16610]
I/DEBUG ( 2288): 7b6fe8ac 4004802b /system/lib/libc.so
I/DEBUG ( 2288):
I/DEBUG ( 2288): memory near r1:
I/DEBUG ( 2288): 000040c0 ffffffff ffffffff ffffffff ffffffff
I/DEBUG ( 2288): 000040d0 ffffffff ffffffff ffffffff ffffffff
I/DEBUG ( 2288): 000040e0 ffffffff ffffffff ffffffff ffffffff
I/DEBUG ( 2288): 000040f0 ffffffff ffffffff ffffffff ffffffff
I/DEBUG ( 2288): 00004100 ffffffff ffffffff ffffffff ffffffff
I/DEBUG ( 2288): 00004110 ffffffff ffffffff ffffffff ffffffff
I/DEBUG ( 2288): 00004120 ffffffff ffffffff ffffffff ffffffff
I/DEBUG ( 2288): 00004130 ffffffff ffffffff ffffffff ffffffff
I/DEBUG ( 2288): 00004140 ffffffff ffffffff ffffffff ffffffff
I/DEBUG ( 2288): 00004150 ffffffff ffffffff ffffffff ffffffff
I/DEBUG ( 2288): 00004160 ffffffff ffffffff ffffffff ffffffff
I/DEBUG ( 2288): 00004170 ffffffff ffffffff ffffffff ffffffff
I/DEBUG ( 2288): 00004180 ffffffff ffffffff ffffffff ffffffff
I/DEBUG ( 2288): 00004190 ffffffff ffffffff ffffffff ffffffff
I/DEBUG ( 2288): 000041a0 ffffffff ffffffff ffffffff ffffffff
I/DEBUG ( 2288): 000041b0 ffffffff ffffffff ffffffff ffffffff
I/DEBUG ( 2288):
I/DEBUG ( 2288): memory near r6:
I/DEBUG ( 2288): 000040c0 ffffffff ffffffff ffffffff ffffffff
I/DEBUG ( 2288): 000040d0 ffffffff ffffffff ffffffff ffffffff
I/DEBUG ( 2288): 000040e0 ffffffff ffffffff ffffffff ffffffff
I/DEBUG ( 2288): 000040f0 ffffffff ffffffff ffffffff ffffffff
I/DEBUG ( 2288): 00004100 ffffffff ffffffff ffffffff ffffffff
I/DEBUG ( 2288): 00004110 ffffffff ffffffff ffffffff ffffffff
I/DEBUG ( 2288): 00004120 ffffffff ffffffff ffffffff ffffffff
I/DEBUG ( 2288): 00004130 ffffffff ffffffff ffffffff ffffffff
I/DEBUG ( 2288): 00004140 ffffffff ffffffff ffffffff ffffffff
I/DEBUG ( 2288): 00004150 ffffffff ffffffff ffffffff ffffffff
I/DEBUG ( 2288): 00004160 ffffffff ffffffff ffffffff ffffffff
I/DEBUG ( 2288): 00004170 ffffffff ffffffff ffffffff ffffffff
I/DEBUG ( 2288): 00004180 ffffffff ffffffff ffffffff ffffffff
I/DEBUG ( 2288): 00004190 ffffffff ffffffff ffffffff ffffffff
D/STATUSBAR-NetworkController( 3041): onSignalStrengthsChanged signalStrength=SignalStrength: 13 -1 -1 -1 -1 -1 -1 99 2147483647 2147483647 2147483647 -1 2147483647 gsm|lte 0x4 level=4
D/STATUSBAR-NetworkController( 3041): Nothing, mRoamingIconId = 0
I/DEBUG ( 2288): 000041a0 ffffffff ffffffff ffffffff ffffffff
I/DEBUG ( 2288): 000041b0 ffffffff ffffffff ffffffff ffffffff
I/DEBUG ( 2288):
